| Back to Multiple platform build/check report for BioC 3.16: simplified long |
|
This page was generated on 2023-04-12 11:05:08 -0400 (Wed, 12 Apr 2023).
| Hostname | OS | Arch (*) | R version | Installed pkgs |
|---|---|---|---|---|
| nebbiolo2 | Linux (Ubuntu 20.04.5 LTS) | x86_64 | 4.2.3 (2023-03-15) -- "Shortstop Beagle" | 4502 |
| palomino4 | Windows Server 2022 Datacenter | x64 | 4.2.3 (2023-03-15 ucrt) -- "Shortstop Beagle" | 4282 |
| lconway | macOS 12.5.1 Monterey | x86_64 | 4.2.3 (2023-03-15) -- "Shortstop Beagle" | 4310 |
| Click on any hostname to see more info about the system (e.g. compilers) (*) as reported by 'uname -p', except on Windows and Mac OS X | ||||
|
To the developers/maintainers of the lumi package: - Please allow up to 24 hours (and sometimes 48 hours) for your latest push to git@git.bioconductor.org:packages/lumi.git to reflect on this report. See How and When does the builder pull? When will my changes propagate? for more information. - Make sure to use the following settings in order to reproduce any error or warning you see on this page. |
| Package 1065/2183 | Hostname | OS / Arch | INSTALL | BUILD | CHECK | BUILD BIN | ||||||||
| lumi 2.50.0 (landing page) Lei Huang
| nebbiolo2 | Linux (Ubuntu 20.04.5 LTS) / x86_64 | OK | OK | WARNINGS | |||||||||
| palomino4 | Windows Server 2022 Datacenter / x64 | OK | OK | WARNINGS | OK | |||||||||
| lconway | macOS 12.5.1 Monterey / x86_64 | OK | OK | WARNINGS | OK | |||||||||
| Package: lumi |
| Version: 2.50.0 |
| Command: /home/biocbuild/bbs-3.16-bioc/R/bin/R CMD check --install=check:lumi.install-out.txt --library=/home/biocbuild/bbs-3.16-bioc/R/site-library --timings lumi_2.50.0.tar.gz |
| StartedAt: 2023-04-10 21:38:30 -0400 (Mon, 10 Apr 2023) |
| EndedAt: 2023-04-10 21:45:39 -0400 (Mon, 10 Apr 2023) |
| EllapsedTime: 428.5 seconds |
| RetCode: 0 |
| Status: WARNINGS |
| CheckDir: lumi.Rcheck |
| Warnings: 3 |
##############################################################################
##############################################################################
###
### Running command:
###
### /home/biocbuild/bbs-3.16-bioc/R/bin/R CMD check --install=check:lumi.install-out.txt --library=/home/biocbuild/bbs-3.16-bioc/R/site-library --timings lumi_2.50.0.tar.gz
###
##############################################################################
##############################################################################
* using log directory ‘/home/biocbuild/bbs-3.16-bioc/meat/lumi.Rcheck’
* using R version 4.2.3 (2023-03-15)
* using platform: x86_64-pc-linux-gnu (64-bit)
* using session charset: UTF-8
* checking for file ‘lumi/DESCRIPTION’ ... OK
* checking extension type ... Package
* this is package ‘lumi’ version ‘2.50.0’
* checking package namespace information ... OK
* checking package dependencies ... OK
* checking if this is a source package ... OK
* checking if there is a namespace ... OK
* checking for hidden files and directories ... OK
* checking for portable file names ... OK
* checking for sufficient/correct file permissions ... OK
* checking whether package ‘lumi’ can be installed ... OK
* checking installed package size ... OK
* checking package directory ... OK
* checking DESCRIPTION meta-information ... OK
* checking top-level files ... OK
* checking for left-over files ... OK
* checking index information ... OK
* checking package subdirectories ... OK
* checking R files for non-ASCII characters ... OK
* checking R files for syntax errors ... OK
* checking whether the package can be loaded ... OK
* checking whether the package can be loaded with stated dependencies ... OK
* checking whether the package can be unloaded cleanly ... OK
* checking whether the namespace can be loaded with stated dependencies ... OK
* checking whether the namespace can be unloaded cleanly ... OK
* checking loading without being on the library search path ... OK
* checking dependencies in R code ... WARNING
'::' or ':::' imports not declared from:
‘IRanges’ ‘bigmemoryExtras’
* checking S3 generic/method consistency ... OK
* checking replacement functions ... OK
* checking foreign function calls ... OK
* checking R code for possible problems ... OK
* checking Rd files ... OK
* checking Rd metadata ... OK
* checking Rd cross-references ... WARNING
Unknown package ‘bigmemoryExtras’ in Rd xrefs
Missing link or links in documentation object 'lumiN.Rd':
‘[vsn]{vsn}’
See section 'Cross-references' in the 'Writing R Extensions' manual.
* checking for missing documentation entries ... OK
* checking for code/documentation mismatches ... OK
* checking Rd \usage sections ... OK
* checking Rd contents ... OK
* checking for unstated dependencies in examples ... OK
* checking contents of ‘data’ directory ... OK
* checking data for non-ASCII characters ... OK
* checking data for ASCII and uncompressed saves ... OK
* checking files in ‘vignettes’ ... WARNING
Files in the 'vignettes' directory but no files in 'inst/doc':
‘IlluminaAnnotation.R’, ‘IlluminaAnnotation.pdf’, ‘lumi.R’,
‘lumi.pdf’, ‘lumi_VST_evaluation.R’, ‘lumi_VST_evaluation.pdf’,
‘methylationAnalysis.R’, ‘methylationAnalysis.pdf’
Package has no Sweave vignette sources and no VignetteBuilder field.
* checking examples ... OK
Examples with CPU (user + system) or elapsed time > 5s
user system elapsed
lumiMethyStatus 39.261 0.780 40.043
MAplot-methods 5.583 0.167 5.751
* checking PDF version of manual ... OK
* DONE
Status: 3 WARNINGs
See
‘/home/biocbuild/bbs-3.16-bioc/meat/lumi.Rcheck/00check.log’
for details.
lumi.Rcheck/00install.out
############################################################################## ############################################################################## ### ### Running command: ### ### /home/biocbuild/bbs-3.16-bioc/R/bin/R CMD INSTALL lumi ### ############################################################################## ############################################################################## * installing to library ‘/home/biocbuild/bbs-3.16-bioc/R/site-library’ * installing *source* package ‘lumi’ ... ** using staged installation ** R ** data ** inst ** byte-compile and prepare package for lazy loading No methods found in package ‘RSQLite’ for request: ‘dbListFields’ when loading ‘lumi’ ** help *** installing help indices ** building package indices ** installing vignettes ** testing if installed package can be loaded from temporary location No methods found in package ‘RSQLite’ for request: ‘dbListFields’ when loading ‘lumi’ ** testing if installed package can be loaded from final location No methods found in package ‘RSQLite’ for request: ‘dbListFields’ when loading ‘lumi’ ** testing if installed package keeps a record of temporary installation path * DONE (lumi)
lumi.Rcheck/lumi-Ex.timings
| name | user | system | elapsed | |
| LumiBatch-class | 0.978 | 0.120 | 1.098 | |
| MAplot-methods | 5.583 | 0.167 | 5.751 | |
| addAnnotationInfo | 0.05 | 0.00 | 0.05 | |
| addControlData2lumi | 0.001 | 0.001 | 0.001 | |
| addNuID2lumi | 0 | 0 | 0 | |
| adjColorBias.quantile | 0.626 | 0.019 | 0.647 | |
| adjColorBias.ssn | 1.396 | 0.132 | 1.528 | |
| bgAdjust | 0.072 | 0.000 | 0.071 | |
| bgAdjustMethylation | 0.118 | 0.016 | 0.133 | |
| boxplot-MethyLumiM-methods | 0.451 | 0.000 | 0.450 | |
| boxplot-methods | 0.084 | 0.000 | 0.084 | |
| boxplotColorBias | 0.100 | 0.004 | 0.105 | |
| density-methods | 0.082 | 0.000 | 0.082 | |
| detectOutlier | 0.094 | 0.000 | 0.094 | |
| detectionCall | 0.134 | 0.000 | 0.133 | |
| estimateBeta | 0.151 | 0.012 | 0.163 | |
| estimateIntensity | 0.164 | 0.012 | 0.177 | |
| estimateLumiCV | 0.088 | 0.004 | 0.091 | |
| estimateM | 0.390 | 0.012 | 0.402 | |
| estimateMethylationBG | 0.107 | 0.000 | 0.106 | |
| example.lumi | 0.067 | 0.000 | 0.066 | |
| example.lumiMethy | 0.048 | 0.000 | 0.048 | |
| example.methyTitration | 0.167 | 0.000 | 0.168 | |
| gammaFitEM | 2.028 | 0.004 | 2.033 | |
| getChipInfo | 3.511 | 0.133 | 3.651 | |
| getControlData | 0.001 | 0.000 | 0.001 | |
| getControlProbe | 0 | 0 | 0 | |
| getControlType | 0 | 0 | 0 | |
| getNuIDMappingInfo | 0.708 | 0.024 | 0.732 | |
| hist-methods | 0.111 | 0.008 | 0.119 | |
| id2seq | 0.001 | 0.000 | 0.001 | |
| inverseVST | 0.424 | 0.012 | 0.436 | |
| is.nuID | 0.001 | 0.000 | 0.000 | |
| lumiB | 0.094 | 0.000 | 0.094 | |
| lumiExpresso | 0.294 | 0.016 | 0.309 | |
| lumiMethyB | 0.059 | 0.000 | 0.059 | |
| lumiMethyC | 0.894 | 0.004 | 0.897 | |
| lumiMethyN | 0.093 | 0.000 | 0.093 | |
| lumiMethyStatus | 39.261 | 0.780 | 40.043 | |
| lumiN | 0.414 | 0.004 | 0.418 | |
| lumiQ | 0.248 | 0.004 | 0.251 | |
| lumiR | 0 | 0 | 0 | |
| lumiR.batch | 0 | 0 | 0 | |
| lumiT | 0.327 | 0.016 | 0.342 | |
| methylationCall | 2.168 | 0.004 | 2.173 | |
| normalizeMethylation.quantile | 0.162 | 0.000 | 0.163 | |
| normalizeMethylation.ssn | 0.120 | 0.000 | 0.121 | |
| nuID2EntrezID | 0.766 | 0.004 | 0.770 | |
| nuID2IlluminaID | 3.153 | 0.016 | 3.169 | |
| nuID2RefSeqID | 1.066 | 0.024 | 1.091 | |
| nuID2probeID | 3.113 | 0.000 | 3.114 | |
| nuID2targetID | 3.180 | 0.016 | 3.196 | |
| pairs-methods | 0.726 | 0.016 | 0.743 | |
| plot-methods | 1.802 | 0.012 | 1.814 | |
| plotCDF | 0.132 | 0.012 | 0.145 | |
| plotColorBias1D | 0.279 | 0.020 | 0.299 | |
| plotColorBias2D | 0.153 | 0.000 | 0.154 | |
| plotControlData | 0.001 | 0.000 | 0.000 | |
| plotDensity | 0.107 | 0.004 | 0.111 | |
| plotGammaFit | 2.970 | 0.008 | 2.977 | |
| plotHousekeepingGene | 0.001 | 0.000 | 0.001 | |
| plotSampleRelation | 1.750 | 0.144 | 1.894 | |
| plotStringencyGene | 0.001 | 0.000 | 0.001 | |
| plotVST | 0.281 | 0.012 | 0.295 | |
| probeID2nuID | 2.992 | 0.011 | 3.004 | |
| produceGEOPlatformFile | 0 | 0 | 0 | |
| produceGEOSubmissionFile | 0 | 0 | 0 | |
| produceMethylationGEOSubmissionFile | 0 | 0 | 0 | |
| seq2id | 0.000 | 0.000 | 0.001 | |
| targetID2nuID | 2.975 | 0.004 | 2.979 | |
| vst | 0.208 | 0.012 | 0.219 | |