| Back to Multiple platform build/check report for BioC 3.16: simplified long |
|
This page was generated on 2023-04-12 11:05:37 -0400 (Wed, 12 Apr 2023).
| Hostname | OS | Arch (*) | R version | Installed pkgs |
|---|---|---|---|---|
| nebbiolo2 | Linux (Ubuntu 20.04.5 LTS) | x86_64 | 4.2.3 (2023-03-15) -- "Shortstop Beagle" | 4502 |
| palomino4 | Windows Server 2022 Datacenter | x64 | 4.2.3 (2023-03-15 ucrt) -- "Shortstop Beagle" | 4282 |
| lconway | macOS 12.5.1 Monterey | x86_64 | 4.2.3 (2023-03-15) -- "Shortstop Beagle" | 4310 |
| Click on any hostname to see more info about the system (e.g. compilers) (*) as reported by 'uname -p', except on Windows and Mac OS X | ||||
|
To the developers/maintainers of the isobar package: - Please allow up to 24 hours (and sometimes 48 hours) for your latest push to git@git.bioconductor.org:packages/isobar.git to reflect on this report. See How and When does the builder pull? When will my changes propagate? for more information. - Make sure to use the following settings in order to reproduce any error or warning you see on this page. |
| Package 1003/2183 | Hostname | OS / Arch | INSTALL | BUILD | CHECK | BUILD BIN | ||||||||
| isobar 1.44.0 (landing page) Florian P Breitwieser
| nebbiolo2 | Linux (Ubuntu 20.04.5 LTS) / x86_64 | OK | OK | WARNINGS | |||||||||
| palomino4 | Windows Server 2022 Datacenter / x64 | OK | OK | WARNINGS | OK | |||||||||
| lconway | macOS 12.5.1 Monterey / x86_64 | OK | OK | WARNINGS | OK | |||||||||
| Package: isobar |
| Version: 1.44.0 |
| Command: F:\biocbuild\bbs-3.16-bioc\R\bin\R.exe CMD check --no-multiarch --install=check:isobar.install-out.txt --library=F:\biocbuild\bbs-3.16-bioc\R\library --no-vignettes --timings isobar_1.44.0.tar.gz |
| StartedAt: 2023-04-11 02:38:08 -0400 (Tue, 11 Apr 2023) |
| EndedAt: 2023-04-11 02:41:34 -0400 (Tue, 11 Apr 2023) |
| EllapsedTime: 206.7 seconds |
| RetCode: 0 |
| Status: WARNINGS |
| CheckDir: isobar.Rcheck |
| Warnings: 3 |
##############################################################################
##############################################################################
###
### Running command:
###
### F:\biocbuild\bbs-3.16-bioc\R\bin\R.exe CMD check --no-multiarch --install=check:isobar.install-out.txt --library=F:\biocbuild\bbs-3.16-bioc\R\library --no-vignettes --timings isobar_1.44.0.tar.gz
###
##############################################################################
##############################################################################
* using log directory 'F:/biocbuild/bbs-3.16-bioc/meat/isobar.Rcheck'
* using R version 4.2.3 (2023-03-15 ucrt)
* using platform: x86_64-w64-mingw32 (64-bit)
* using session charset: UTF-8
* using option '--no-vignettes'
* checking for file 'isobar/DESCRIPTION' ... OK
* this is package 'isobar' version '1.44.0'
* checking package namespace information ... OK
* checking package dependencies ... OK
* checking if this is a source package ... OK
* checking if there is a namespace ... OK
* checking for hidden files and directories ... OK
* checking for portable file names ... OK
* checking whether package 'isobar' can be installed ... WARNING
Found the following significant warnings:
Note: possible error in 'png(sprintf("pairwise_correlation_%s.png", ': unused argument (title = "Pairwise Correlation plot")
See 'F:/biocbuild/bbs-3.16-bioc/meat/isobar.Rcheck/00install.out' for details.
Information on the location(s) of code generating the 'Note's can be
obtained by re-running with environment variable R_KEEP_PKG_SOURCE set
to 'yes'.
* checking installed package size ... OK
* checking package directory ... OK
* checking 'build' directory ... OK
* checking DESCRIPTION meta-information ... OK
* checking top-level files ... OK
* checking for left-over files ... OK
* checking index information ... OK
* checking package subdirectories ... OK
* checking R files for non-ASCII characters ... OK
* checking R files for syntax errors ... OK
* checking whether the package can be loaded ... OK
* checking whether the package can be loaded with stated dependencies ... OK
* checking whether the package can be unloaded cleanly ... OK
* checking whether the namespace can be loaded with stated dependencies ... OK
* checking whether the namespace can be unloaded cleanly ... OK
* checking dependencies in R code ... NOTE
There are ::: calls to the package's namespace in its code. A package
almost never needs to use ::: for its own objects:
'.as.matrix' '.as.vect' '.convertPeptideModif'
'.proteinGroupAsConciseDataFrame' '.read.idfile' '.sum.bool'
* checking S3 generic/method consistency ... WARNING
sequence:
function(nvec, ...)
sequence.coverage:
function(protein.group, protein.g, specificity, simplify, ...)
See section 'Generic functions and methods' in the 'Writing R
Extensions' manual.
Found the following apparent S3 methods exported but not registered:
as.data.frame.IBSpectra as.data.frame.ProteinGroup plot.NoiseModel
sequence.coverage summary.ProteinGroup
See section 'Registering S3 methods' in the 'Writing R Extensions'
manual.
* checking replacement functions ... OK
* checking foreign function calls ... OK
* checking R code for possible problems ... NOTE
.calcProbXGreaterThanY.orig: no visible global function definition for
'd'
.plot.pairs: possible error in
png(sprintf("pairwise_correlation_%s.png", name), title = "Pairwise
Correlation plot", width = 1000, height = 1000, pointsize = 14):
unused argument (title = "Pairwise Correlation plot")
.read.peaklist: no visible binding for global variable 'type'
.round.distr: no visible global function definition for 'param'
.write.summarized.table: no visible binding for global variable 'name'
distrprint: no visible global function definition for 'param'
distrprint : <anonymous>: no visible global function definition for
'param'
shared.ratios.sign: no visible binding for global variable 'ratio'
shared.ratios.sign: no visible binding for global variable 'g'
spectra.count2: no visible binding for global variable 'peptide'
twodistr.plot: no visible global function definition for 'd'
ProteinGroup,data.frame-missing: no visible binding for global variable
'peptide'
coerce,IBSpectra-MSnSet: no visible global function definition for 'mz'
coerce,IBSpectra-MSnSet: no visible binding for global variable 'o'
coerce,MSnSet-IBSpectra: no visible global function definition for
'qual'
df,Tlsd: no visible global function definition for 'param'
estimateRatio,IBSpectra-ANY-missing-missing-character-missing: no
visible binding for global variable 'i'
estimateRatio,IBSpectra-ANY-missing-missing-missing-character: no
visible binding for global variable 'i'
estimateRatioNumeric,numeric-numeric-NoiseModel: no visible binding for
global variable 'center.var'
location,Tlsd: no visible global function definition for 'param'
plotRatio,IBSpectra-character-character-character: no visible binding
for global variable 'pch'
plotRatio,IBSpectra-character-character-character: no visible binding
for global variable 'noise.model.col'
plotRatio,IBSpectra-character-character-character: no visible binding
for global variable 'pch.p'
scale,Tlsd: no visible global function definition for 'param'
Undefined global functions or variables:
center.var d g i mz name noise.model.col o param pch pch.p peptide
qual ratio type
* checking Rd files ... OK
* checking Rd metadata ... OK
* checking Rd cross-references ... WARNING
Missing link or links in documentation object 'IBSpectra-class.Rd':
'[MSnbase]{MSnbase}'
See section 'Cross-references' in the 'Writing R Extensions' manual.
* checking for missing documentation entries ... OK
* checking for code/documentation mismatches ... OK
* checking Rd \usage sections ... NOTE
S3 methods shown with full name in documentation object 'peptide.count':
'sequence.coverage'
The \usage entries for S3 methods should use the \method markup and not
their full name.
See chapter 'Writing R documentation files' in the 'Writing R
Extensions' manual.
* checking Rd contents ... OK
* checking for unstated dependencies in examples ... OK
* checking contents of 'data' directory ... OK
* checking data for non-ASCII characters ... OK
* checking data for ASCII and uncompressed saves ... OK
* checking sizes of PDF files under 'inst/doc' ... OK
* checking files in 'vignettes' ... OK
* checking examples ... OK
Examples with CPU (user + system) or elapsed time > 5s
user system elapsed
NoiseModel-class 17.84 0.49 18.33
* checking for unstated dependencies in vignettes ... OK
* checking package vignettes in 'inst/doc' ... OK
* checking running R code from vignettes ... SKIPPED
* checking re-building of vignette outputs ... SKIPPED
* checking PDF version of manual ... OK
* DONE
Status: 3 WARNINGs, 3 NOTEs
See
'F:/biocbuild/bbs-3.16-bioc/meat/isobar.Rcheck/00check.log'
for details.
isobar.Rcheck/00install.out
##############################################################################
##############################################################################
###
### Running command:
###
### F:\biocbuild\bbs-3.16-bioc\R\bin\R.exe CMD INSTALL isobar
###
##############################################################################
##############################################################################
* installing to library 'F:/biocbuild/bbs-3.16-bioc/R/library'
* installing *source* package 'isobar' ...
** using staged installation
** R
** data
** inst
** byte-compile and prepare package for lazy loading
in method for 'coerce' with signature '"MSnSet","IBSpectra"': no definition for class "MSnSet"
in method for 'coerce' with signature '"IBSpectra","MSnSet"': no definition for class "MSnSet"
Note: possible error in 'png(sprintf("pairwise_correlation_%s.png", ': unused argument (title = "Pairwise Correlation plot")
** help
*** installing help indices
** building package indices
** installing vignettes
** testing if installed package can be loaded from temporary location
** testing if installed package can be loaded from final location
** testing if installed package keeps a record of temporary installation path
* DONE (isobar)
isobar.Rcheck/isobar-Ex.timings
| name | user | system | elapsed | |
| IBSpectra-class | 0.3 | 0.0 | 0.3 | |
| NoiseModel-class | 17.84 | 0.49 | 18.33 | |
| ProteinGroup-class | 0.22 | 0.01 | 0.24 | |
| TlsParameter-class | 0 | 0 | 0 | |
| Tlsd-class | 0 | 0 | 0 | |
| calculate-pvalues | 0.02 | 0.00 | 0.01 | |
| calculate.dNSAF | 2.53 | 0.00 | 2.53 | |
| calculate.emPAI | 0.23 | 0.02 | 0.27 | |
| distr-methods | 0.04 | 0.01 | 0.08 | |
| fit-distr | 3.37 | 0.05 | 3.42 | |
| getPtmInfo | 0 | 0 | 0 | |
| groupMemberPeptides | 0.36 | 0.00 | 0.38 | |
| isobar-analysis | 0.31 | 0.03 | 0.34 | |
| isobar-data | 0.27 | 0.00 | 0.26 | |
| isobar-import | 1.61 | 0.00 | 1.61 | |
| isobar-log | 0.79 | 0.05 | 0.85 | |
| isobar-plots | 1.14 | 0.09 | 1.24 | |
| isobar-preprocessing | 1.16 | 0.03 | 1.19 | |
| number.ranges | 0 | 0 | 0 | |
| observedKnownSites | 0.23 | 0.03 | 0.26 | |
| peptide.count | 2.38 | 0.27 | 2.64 | |
| proteinInfo-methods | 0.15 | 0.00 | 0.16 | |
| proteinNameAndDescription | 0.19 | 0.00 | 0.19 | |
| ratio-summ | 0.22 | 0.03 | 0.25 | |
| sanitize | 0 | 0 | 0 | |
| spectra.count2 | 0.23 | 0.00 | 0.23 | |
| subsetIBSpectra | 1.43 | 0.03 | 1.45 | |
| utils | 0 | 0 | 0 | |