| Back to Multiple platform build/check report for BioC 3.16: simplified long |
|
This page was generated on 2023-04-12 11:05:36 -0400 (Wed, 12 Apr 2023).
| Hostname | OS | Arch (*) | R version | Installed pkgs |
|---|---|---|---|---|
| nebbiolo2 | Linux (Ubuntu 20.04.5 LTS) | x86_64 | 4.2.3 (2023-03-15) -- "Shortstop Beagle" | 4502 |
| palomino4 | Windows Server 2022 Datacenter | x64 | 4.2.3 (2023-03-15 ucrt) -- "Shortstop Beagle" | 4282 |
| lconway | macOS 12.5.1 Monterey | x86_64 | 4.2.3 (2023-03-15) -- "Shortstop Beagle" | 4310 |
| Click on any hostname to see more info about the system (e.g. compilers) (*) as reported by 'uname -p', except on Windows and Mac OS X | ||||
|
To the developers/maintainers of the hapFabia package: - Please allow up to 24 hours (and sometimes 48 hours) for your latest push to git@git.bioconductor.org:packages/hapFabia.git to reflect on this report. See How and When does the builder pull? When will my changes propagate? for more information. - Make sure to use the following settings in order to reproduce any error or warning you see on this page. |
| Package 888/2183 | Hostname | OS / Arch | INSTALL | BUILD | CHECK | BUILD BIN | ||||||||
| hapFabia 1.40.0 (landing page) Andreas Mitterecker
| nebbiolo2 | Linux (Ubuntu 20.04.5 LTS) / x86_64 | OK | OK | WARNINGS | |||||||||
| palomino4 | Windows Server 2022 Datacenter / x64 | OK | OK | WARNINGS | OK | |||||||||
| lconway | macOS 12.5.1 Monterey / x86_64 | OK | OK | OK | OK | |||||||||
| Package: hapFabia |
| Version: 1.40.0 |
| Command: F:\biocbuild\bbs-3.16-bioc\R\bin\R.exe CMD check --no-multiarch --install=check:hapFabia.install-out.txt --library=F:\biocbuild\bbs-3.16-bioc\R\library --no-vignettes --timings hapFabia_1.40.0.tar.gz |
| StartedAt: 2023-04-11 02:14:52 -0400 (Tue, 11 Apr 2023) |
| EndedAt: 2023-04-11 02:16:11 -0400 (Tue, 11 Apr 2023) |
| EllapsedTime: 79.3 seconds |
| RetCode: 0 |
| Status: WARNINGS |
| CheckDir: hapFabia.Rcheck |
| Warnings: 1 |
##############################################################################
##############################################################################
###
### Running command:
###
### F:\biocbuild\bbs-3.16-bioc\R\bin\R.exe CMD check --no-multiarch --install=check:hapFabia.install-out.txt --library=F:\biocbuild\bbs-3.16-bioc\R\library --no-vignettes --timings hapFabia_1.40.0.tar.gz
###
##############################################################################
##############################################################################
* using log directory 'F:/biocbuild/bbs-3.16-bioc/meat/hapFabia.Rcheck'
* using R version 4.2.3 (2023-03-15 ucrt)
* using platform: x86_64-w64-mingw32 (64-bit)
* using session charset: UTF-8
* using option '--no-vignettes'
* checking for file 'hapFabia/DESCRIPTION' ... OK
* this is package 'hapFabia' version '1.40.0'
* checking package namespace information ... OK
* checking package dependencies ... OK
* checking if this is a source package ... OK
* checking if there is a namespace ... OK
* checking for hidden files and directories ... OK
* checking for portable file names ... OK
* checking whether package 'hapFabia' can be installed ... WARNING
Found the following significant warnings:
vcftoFABIAB.c:394:5: warning: 'strncat' output may be truncated copying 19 bytes from a string of length 1999 [-Wstringop-truncation]
vcftoFABIAB.c:382:5: warning: 'strncat' output may be truncated copying 190 bytes from a string of length 19999 [-Wstringop-truncation]
vcftoFABIAB.c:372:5: warning: 'strncat' output may be truncated copying 19 bytes from a string of length 1999 [-Wstringop-truncation]
vcftoFABIAB.c:362:5: warning: 'strncat' output may be truncated copying 19 bytes from a string of length 1999 [-Wstringop-truncation]
vcftoFABIAB.c:352:5: warning: 'strncat' output may be truncated copying 190 bytes from a string of length 1999999 [-Wstringop-truncation]
vcftoFABIAB.c:342:5: warning: 'strncat' output may be truncated copying 190 bytes from a string of length 1999999 [-Wstringop-truncation]
vcftoFABIAB.c:332:5: warning: 'strncat' output may be truncated copying 49 bytes from a string of length 4999 [-Wstringop-truncation]
See 'F:/biocbuild/bbs-3.16-bioc/meat/hapFabia.Rcheck/00install.out' for details.
* checking installed package size ... OK
* checking package directory ... OK
* checking 'build' directory ... OK
* checking DESCRIPTION meta-information ... OK
* checking top-level files ... OK
* checking for left-over files ... OK
* checking index information ... OK
* checking package subdirectories ... OK
* checking R files for non-ASCII characters ... OK
* checking R files for syntax errors ... OK
* checking whether the package can be loaded ... OK
* checking whether the package can be loaded with stated dependencies ... OK
* checking whether the package can be unloaded cleanly ... OK
* checking whether the namespace can be loaded with stated dependencies ... OK
* checking whether the namespace can be unloaded cleanly ... OK
* checking dependencies in R code ... OK
* checking S3 generic/method consistency ... OK
* checking replacement functions ... OK
* checking foreign function calls ... OK
* checking R code for possible problems ... NOTE
File 'hapFabia/R/zzz.R':
.onLoad calls:
packageStartupMessage("+--------------------------+ # # ## ##### \n", "|#.....#...#.......#.#....#| # # # # # # \n", "|#.....#...#.......#.#....#| ###### # # # # \n", "|#.....#...#...............| # # ###### ##### \n", "|#.....#...#.......#.#....#| # # # # # \n", "|#.....#...#...............| # # # # # \n", "|#.....#...#.......#.#....#| ####### \n", "|..................#.#....#| # ## ##### # ## \n", "|#.....#...#.......#.#....#| # # # # # # # # \n", "|..................#.#....#| ##### # # ##### # # # \n", "|#.....#...#.......#.#....#| # ###### # # # ###### \n", "|#.....#...#.......#.#....#| # # # # # # # # \n", "+--------------------------+ # # # ##### # # # \n")
packageStartupMessage("Citation: S. Hochreiter,", "\n", "HapFABIA: Identification of very short segments of identity by descent characterized by rare variants in large sequencing data,", "\n", "Nucleic Acids Research, 2013, doi: 10.1093/nar/gkt1013.", "\n", "BibTex: enter 'toBibtex(citation(\"hapFabia\"))'", "\n\n", "Homepage: http://www.bioinf.jku.at/software/hapFabia/index.html", "\n\n", "hapFabia Package Version ", version, "\n")
See section 'Good practice' in '?.onAttach'.
* checking Rd files ... OK
* checking Rd metadata ... OK
* checking Rd cross-references ... OK
* checking for missing documentation entries ... OK
* checking for code/documentation mismatches ... OK
* checking Rd \usage sections ... OK
* checking Rd contents ... OK
* checking for unstated dependencies in examples ... OK
* checking contents of 'data' directory ... OK
* checking data for non-ASCII characters ... OK
* checking data for ASCII and uncompressed saves ... OK
* checking line endings in shell scripts ... OK
* checking line endings in C/C++/Fortran sources/headers ... OK
* checking line endings in Makefiles ... OK
* checking compilation flags in Makevars ... OK
* checking for GNU extensions in Makefiles ... OK
* checking for portable use of $(BLAS_LIBS) and $(LAPACK_LIBS) ... OK
* checking use of PKG_*FLAGS in Makefiles ... OK
* checking compiled code ... NOTE
Note: information on .o files for x64 is not available
File 'F:/biocbuild/bbs-3.16-bioc/R/library/hapFabia/libs/x64/hapFabia.dll':
Found 'abort', possibly from 'abort' (C), 'runtime' (Fortran)
Compiled code should not call entry points which might terminate R nor
write to stdout/stderr instead of to the console, nor use Fortran I/O
nor system RNGs. The detected symbols are linked into the code but
might come from libraries and not actually be called.
See 'Writing portable packages' in the 'Writing R Extensions' manual.
* checking sizes of PDF files under 'inst/doc' ... OK
* checking files in 'vignettes' ... OK
* checking examples ... OK
Examples with CPU (user + system) or elapsed time > 5s
user system elapsed
iterateIntervals 4.57 0.94 5.64
* checking for unstated dependencies in vignettes ... OK
* checking package vignettes in 'inst/doc' ... OK
* checking running R code from vignettes ... SKIPPED
* checking re-building of vignette outputs ... SKIPPED
* checking PDF version of manual ... OK
* DONE
Status: 1 WARNING, 2 NOTEs
See
'F:/biocbuild/bbs-3.16-bioc/meat/hapFabia.Rcheck/00check.log'
for details.
hapFabia.Rcheck/00install.out
##############################################################################
##############################################################################
###
### Running command:
###
### F:\biocbuild\bbs-3.16-bioc\R\bin\R.exe CMD INSTALL hapFabia
###
##############################################################################
##############################################################################
* installing to library 'F:/biocbuild/bbs-3.16-bioc/R/library'
* installing *source* package 'hapFabia' ...
** using staged installation
** libs
gcc -I"F:/biocbuild/bbs-3.16-bioc/R/include" -DNDEBUG -I"C:/rtools42/x86_64-w64-mingw32.static.posix/include" -O2 -Wall -std=gnu99 -mfpmath=sse -msse2 -mstackrealign -c interfaceR.c -o interfaceR.o
gcc -I"F:/biocbuild/bbs-3.16-bioc/R/include" -DNDEBUG -I"C:/rtools42/x86_64-w64-mingw32.static.posix/include" -O2 -Wall -std=gnu99 -mfpmath=sse -msse2 -mstackrealign -c split_sparse_matrixB.c -o split_sparse_matrixB.o
gcc -I"F:/biocbuild/bbs-3.16-bioc/R/include" -DNDEBUG -I"C:/rtools42/x86_64-w64-mingw32.static.posix/include" -O2 -Wall -std=gnu99 -mfpmath=sse -msse2 -mstackrealign -c vcftoFABIAB.c -o vcftoFABIAB.o
vcftoFABIAB.c: In function 'getdelimS':
vcftoFABIAB.c:50:7: warning: this 'if' clause does not guard... [-Wmisleading-indentation]
50 | if (ch == EOF)
| ^~
vcftoFABIAB.c:54:10: note: ...this statement, but the latter is misleadingly indented as if it were guarded by the 'if'
54 | while (idx > *linebufsz - 2) {
| ^~~~~
vcftoFABIAB.c: In function 'vcftoFABIAB':
vcftoFABIAB.c:394:5: warning: 'strncat' output may be truncated copying 19 bytes from a string of length 1999 [-Wstringop-truncation]
394 | strncat(format[j],Iformat,19);
| ^~~~~~~~~~~~~~~~~~~~~~~~~~~~~
vcftoFABIAB.c:382:5: warning: 'strncat' output may be truncated copying 190 bytes from a string of length 19999 [-Wstringop-truncation]
382 | strncat(info[j],Iinfo,190);
| ^~~~~~~~~~~~~~~~~~~~~~~~~~
vcftoFABIAB.c:372:5: warning: 'strncat' output may be truncated copying 19 bytes from a string of length 1999 [-Wstringop-truncation]
372 | strncat(filter[j],Ifilter,19);
| ^~~~~~~~~~~~~~~~~~~~~~~~~~~~~
vcftoFABIAB.c:362:5: warning: 'strncat' output may be truncated copying 19 bytes from a string of length 1999 [-Wstringop-truncation]
362 | strncat(qual[j],Iqual,19);
| ^~~~~~~~~~~~~~~~~~~~~~~~~
vcftoFABIAB.c:352:5: warning: 'strncat' output may be truncated copying 190 bytes from a string of length 1999999 [-Wstringop-truncation]
352 | strncat(minor[j],Iminor,190);
| ^~~~~~~~~~~~~~~~~~~~~~~~~~~~
vcftoFABIAB.c:342:5: warning: 'strncat' output may be truncated copying 190 bytes from a string of length 1999999 [-Wstringop-truncation]
342 | strncat(major[j],Imajor,190);
| ^~~~~~~~~~~~~~~~~~~~~~~~~~~~
vcftoFABIAB.c:332:5: warning: 'strncat' output may be truncated copying 49 bytes from a string of length 4999 [-Wstringop-truncation]
332 | strncat(snpName[j],IsnpName,49);
| ^~~~~~~~~~~~~~~~~~~~~~~~~~~~~~~
gcc -shared -s -static-libgcc -o hapFabia.dll tmp.def interfaceR.o split_sparse_matrixB.o vcftoFABIAB.o -LC:/rtools42/x86_64-w64-mingw32.static.posix/lib/x64 -LC:/rtools42/x86_64-w64-mingw32.static.posix/lib -LF:/biocbuild/bbs-3.16-bioc/R/bin/x64 -lR
installing to F:/biocbuild/bbs-3.16-bioc/R/library/00LOCK-hapFabia/00new/hapFabia/libs/x64
** R
** data
** inst
** byte-compile and prepare package for lazy loading
** help
*** installing help indices
** building package indices
** installing vignettes
** testing if installed package can be loaded from temporary location
** testing if installed package can be loaded from final location
** testing if installed package keeps a record of temporary installation path
* DONE (hapFabia)
hapFabia.Rcheck/hapFabia-Ex.timings
| name | user | system | elapsed | |
| IBDsegment-class | 0.45 | 0.20 | 0.67 | |
| IBDsegmentList-class | 0 | 0 | 0 | |
| IBDsegmentList2excel | 0.02 | 0.00 | 0.02 | |
| analyzeIBDsegments | 0 | 0 | 0 | |
| compareIBDsegmentLists | 0.03 | 0.00 | 0.03 | |
| extractIBDsegments | 0.04 | 0.00 | 0.04 | |
| findDenseRegions | 0 | 0 | 0 | |
| hapFabia | 2.09 | 0.54 | 2.67 | |
| hapFabiaVersion | 0 | 0 | 0 | |
| identifyDuplicates | 0 | 0 | 0 | |
| iterateIntervals | 4.57 | 0.94 | 5.64 | |
| makePipelineFile | 0.01 | 0.00 | 0.01 | |
| matrixPlot | 0 | 0 | 0 | |
| mergeIBDsegmentLists | 0.01 | 0.00 | 0.01 | |
| plotIBDsegment | 0.41 | 0.16 | 0.74 | |
| setAnnotation | 0.06 | 0.01 | 0.08 | |
| setStatistics | 0.03 | 0.02 | 0.04 | |
| sim | 0 | 0 | 0 | |
| simulateIBDsegments | 0 | 0 | 0 | |
| simulateIBDsegmentsFabia | 0.89 | 0.15 | 1.08 | |
| split_sparse_matrix | 0 | 0 | 0 | |
| toolsFactorizationClass | 1.03 | 0.02 | 1.06 | |
| vcftoFABIA | 0 | 0 | 0 | |