| Back to Multiple platform build/check report for BioC 3.16: simplified long |
|
This page was generated on 2023-04-12 11:05:33 -0400 (Wed, 12 Apr 2023).
| Hostname | OS | Arch (*) | R version | Installed pkgs |
|---|---|---|---|---|
| nebbiolo2 | Linux (Ubuntu 20.04.5 LTS) | x86_64 | 4.2.3 (2023-03-15) -- "Shortstop Beagle" | 4502 |
| palomino4 | Windows Server 2022 Datacenter | x64 | 4.2.3 (2023-03-15 ucrt) -- "Shortstop Beagle" | 4282 |
| lconway | macOS 12.5.1 Monterey | x86_64 | 4.2.3 (2023-03-15) -- "Shortstop Beagle" | 4310 |
| Click on any hostname to see more info about the system (e.g. compilers) (*) as reported by 'uname -p', except on Windows and Mac OS X | ||||
|
To the developers/maintainers of the flowDensity package: - Please allow up to 24 hours (and sometimes 48 hours) for your latest push to git@git.bioconductor.org:packages/flowDensity.git to reflect on this report. See How and When does the builder pull? When will my changes propagate? for more information. - Make sure to use the following settings in order to reproduce any error or warning you see on this page. |
| Package 694/2183 | Hostname | OS / Arch | INSTALL | BUILD | CHECK | BUILD BIN | ||||||||
| flowDensity 1.32.0 (landing page) Mehrnoush Malek
| nebbiolo2 | Linux (Ubuntu 20.04.5 LTS) / x86_64 | OK | OK | WARNINGS | |||||||||
| palomino4 | Windows Server 2022 Datacenter / x64 | OK | OK | WARNINGS | OK | |||||||||
| lconway | macOS 12.5.1 Monterey / x86_64 | OK | OK | WARNINGS | OK | |||||||||
| Package: flowDensity |
| Version: 1.32.0 |
| Command: F:\biocbuild\bbs-3.16-bioc\R\bin\R.exe CMD check --no-multiarch --install=check:flowDensity.install-out.txt --library=F:\biocbuild\bbs-3.16-bioc\R\library --no-vignettes --timings flowDensity_1.32.0.tar.gz |
| StartedAt: 2023-04-11 01:32:52 -0400 (Tue, 11 Apr 2023) |
| EndedAt: 2023-04-11 01:34:38 -0400 (Tue, 11 Apr 2023) |
| EllapsedTime: 105.8 seconds |
| RetCode: 0 |
| Status: WARNINGS |
| CheckDir: flowDensity.Rcheck |
| Warnings: 4 |
##############################################################################
##############################################################################
###
### Running command:
###
### F:\biocbuild\bbs-3.16-bioc\R\bin\R.exe CMD check --no-multiarch --install=check:flowDensity.install-out.txt --library=F:\biocbuild\bbs-3.16-bioc\R\library --no-vignettes --timings flowDensity_1.32.0.tar.gz
###
##############################################################################
##############################################################################
* using log directory 'F:/biocbuild/bbs-3.16-bioc/meat/flowDensity.Rcheck'
* using R version 4.2.3 (2023-03-15 ucrt)
* using platform: x86_64-w64-mingw32 (64-bit)
* using session charset: UTF-8
* using option '--no-vignettes'
* checking for file 'flowDensity/DESCRIPTION' ... OK
* checking extension type ... Package
* this is package 'flowDensity' version '1.32.0'
* checking package namespace information ... OK
* checking package dependencies ... OK
* checking if this is a source package ... OK
* checking if there is a namespace ... OK
* checking for hidden files and directories ... OK
* checking for portable file names ... OK
* checking whether package 'flowDensity' can be installed ... WARNING
Found the following significant warnings:
Warning: replacing previous import 'flowCore::plot' by 'graphics::plot' when loading 'flowDensity'
See 'F:/biocbuild/bbs-3.16-bioc/meat/flowDensity.Rcheck/00install.out' for details.
* checking installed package size ... OK
* checking package directory ... OK
* checking 'build' directory ... OK
* checking DESCRIPTION meta-information ... OK
* checking top-level files ... OK
* checking for left-over files ... OK
* checking index information ... OK
* checking package subdirectories ... OK
* checking R files for non-ASCII characters ... OK
* checking R files for syntax errors ... OK
* checking whether the package can be loaded ... OK
* checking whether the package can be loaded with stated dependencies ... OK
* checking whether the package can be unloaded cleanly ... OK
* checking whether the namespace can be loaded with stated dependencies ... OK
* checking whether the namespace can be unloaded cleanly ... OK
* checking dependencies in R code ... OK
* checking S3 generic/method consistency ... OK
* checking replacement functions ... OK
* checking foreign function calls ... OK
* checking R code for possible problems ... OK
* checking Rd files ... OK
* checking Rd metadata ... WARNING
Rd files with duplicated alias 'flowDensity':
'flowDensity-methods.Rd' 'flowDensity.Rd'
* checking Rd cross-references ... OK
* checking for missing documentation entries ... WARNING
Undocumented S4 methods:
generic 'flowDensity' and siglist
'CellPopulation,ANY,logical,missing'
generic 'flowDensity' and siglist 'GatingHierarchy,ANY,logical,ANY'
generic 'flowDensity' and siglist 'flowFrame,ANY,logical,missing'
All user-level objects in a package (including S4 classes and methods)
should have documentation entries.
See chapter 'Writing R documentation files' in the 'Writing R
Extensions' manual.
* checking for code/documentation mismatches ... OK
* checking Rd \usage sections ... WARNING
Objects in \usage without \alias in documentation object 'flowDensity-methods':
'\S4method{flowDensity}{CellPopulation,ANY,logical,missing}'
'\S4method{flowDensity}{flowFrame,ANY,logical,missing}'
'\S4method{flowDensity}{GatingHierarchy,ANY,logical,ANY}'
Undocumented arguments in documentation object 'plotDens'
'dens.col' 'cex' 'dens.type'
Documented arguments not in \usage in documentation object 'plotDens':
'density.type' 'density.col'
Functions with \usage entries need to have the appropriate \alias
entries, and all their arguments documented.
The \usage entries must correspond to syntactically valid R code.
See chapter 'Writing R documentation files' in the 'Writing R
Extensions' manual.
* checking Rd contents ... OK
* checking for unstated dependencies in examples ... OK
* checking installed files from 'inst/doc' ... OK
* checking files in 'vignettes' ... OK
* checking examples ... OK
* checking for unstated dependencies in vignettes ... OK
* checking package vignettes in 'inst/doc' ... OK
* checking running R code from vignettes ... SKIPPED
* checking re-building of vignette outputs ... SKIPPED
* checking PDF version of manual ... OK
* DONE
Status: 4 WARNINGs
See
'F:/biocbuild/bbs-3.16-bioc/meat/flowDensity.Rcheck/00check.log'
for details.
flowDensity.Rcheck/00install.out
############################################################################## ############################################################################## ### ### Running command: ### ### F:\biocbuild\bbs-3.16-bioc\R\bin\R.exe CMD INSTALL flowDensity ### ############################################################################## ############################################################################## * installing to library 'F:/biocbuild/bbs-3.16-bioc/R/library' * installing *source* package 'flowDensity' ... ** using staged installation ** R ** inst ** byte-compile and prepare package for lazy loading Warning: replacing previous import 'flowCore::plot' by 'graphics::plot' when loading 'flowDensity' ** help *** installing help indices ** building package indices ** installing vignettes ** testing if installed package can be loaded from temporary location Warning: replacing previous import 'flowCore::plot' by 'graphics::plot' when loading 'flowDensity' ** testing if installed package can be loaded from final location Warning: replacing previous import 'flowCore::plot' by 'graphics::plot' when loading 'flowDensity' ** testing if installed package keeps a record of temporary installation path * DONE (flowDensity)
flowDensity.Rcheck/flowDensity-Ex.timings
| name | user | system | elapsed | |
| CellPopulation-class | 0 | 0 | 0 | |
| deGate | 0.13 | 0.00 | 0.16 | |
| flowDensity | 0.07 | 0.00 | 0.06 | |
| getPeaks | 0.01 | 0.00 | 0.02 | |
| getflowFrame | 0.07 | 0.00 | 0.06 | |
| nmRemove | 0.29 | 0.00 | 0.32 | |
| notSubFrame | 0.08 | 0.00 | 0.07 | |
| plotDens | 0.11 | 0.00 | 0.11 | |