| Back to Multiple platform build/check report for BioC 3.16: simplified long |
|
This page was generated on 2023-04-12 11:06:07 -0400 (Wed, 12 Apr 2023).
| Hostname | OS | Arch (*) | R version | Installed pkgs |
|---|---|---|---|---|
| nebbiolo2 | Linux (Ubuntu 20.04.5 LTS) | x86_64 | 4.2.3 (2023-03-15) -- "Shortstop Beagle" | 4502 |
| palomino4 | Windows Server 2022 Datacenter | x64 | 4.2.3 (2023-03-15 ucrt) -- "Shortstop Beagle" | 4282 |
| lconway | macOS 12.5.1 Monterey | x86_64 | 4.2.3 (2023-03-15) -- "Shortstop Beagle" | 4310 |
| Click on any hostname to see more info about the system (e.g. compilers) (*) as reported by 'uname -p', except on Windows and Mac OS X | ||||
|
To the developers/maintainers of the fcoex package: - Please allow up to 24 hours (and sometimes 48 hours) for your latest push to git@git.bioconductor.org:packages/fcoex.git to reflect on this report. See How and When does the builder pull? When will my changes propagate? for more information. - Make sure to use the following settings in order to reproduce any error or warning you see on this page. |
| Package 666/2183 | Hostname | OS / Arch | INSTALL | BUILD | CHECK | BUILD BIN | ||||||||
| fcoex 1.12.0 (landing page) Tiago Lubiana
| nebbiolo2 | Linux (Ubuntu 20.04.5 LTS) / x86_64 | OK | OK | WARNINGS | |||||||||
| palomino4 | Windows Server 2022 Datacenter / x64 | OK | OK | WARNINGS | OK | |||||||||
| lconway | macOS 12.5.1 Monterey / x86_64 | OK | OK | WARNINGS | OK | |||||||||
| Package: fcoex |
| Version: 1.12.0 |
| Command: /Library/Frameworks/R.framework/Resources/bin/R CMD check --install=check:fcoex.install-out.txt --library=/Library/Frameworks/R.framework/Resources/library --no-vignettes --timings fcoex_1.12.0.tar.gz |
| StartedAt: 2023-04-10 20:11:28 -0400 (Mon, 10 Apr 2023) |
| EndedAt: 2023-04-10 20:16:01 -0400 (Mon, 10 Apr 2023) |
| EllapsedTime: 273.0 seconds |
| RetCode: 0 |
| Status: WARNINGS |
| CheckDir: fcoex.Rcheck |
| Warnings: 2 |
##############################################################################
##############################################################################
###
### Running command:
###
### /Library/Frameworks/R.framework/Resources/bin/R CMD check --install=check:fcoex.install-out.txt --library=/Library/Frameworks/R.framework/Resources/library --no-vignettes --timings fcoex_1.12.0.tar.gz
###
##############################################################################
##############################################################################
* using log directory ‘/Users/biocbuild/bbs-3.16-bioc/meat/fcoex.Rcheck’
* using R version 4.2.3 (2023-03-15)
* using platform: x86_64-apple-darwin17.0 (64-bit)
* using session charset: UTF-8
* using option ‘--no-vignettes’
* checking for file ‘fcoex/DESCRIPTION’ ... OK
* this is package ‘fcoex’ version ‘1.12.0’
* package encoding: UTF-8
* checking package namespace information ... OK
* checking package dependencies ... OK
* checking if this is a source package ... OK
* checking if there is a namespace ... OK
* checking for hidden files and directories ... OK
* checking for portable file names ... OK
* checking for sufficient/correct file permissions ... OK
* checking whether package ‘fcoex’ can be installed ... WARNING
Found the following significant warnings:
Warning: replacing previous import ‘Matrix::head’ by ‘utils::head’ when loading ‘fcoex’
See ‘/Users/biocbuild/bbs-3.16-bioc/meat/fcoex.Rcheck/00install.out’ for details.
* checking installed package size ... OK
* checking package directory ... OK
* checking ‘build’ directory ... OK
* checking DESCRIPTION meta-information ... OK
* checking top-level files ... OK
* checking for left-over files ... OK
* checking index information ... OK
* checking package subdirectories ... OK
* checking R files for non-ASCII characters ... OK
* checking R files for syntax errors ... OK
* checking whether the package can be loaded ... OK
* checking whether the package can be loaded with stated dependencies ... OK
* checking whether the package can be unloaded cleanly ... OK
* checking whether the namespace can be loaded with stated dependencies ... OK
* checking whether the namespace can be unloaded cleanly ... OK
* checking dependencies in R code ... OK
* checking S3 generic/method consistency ... OK
* checking replacement functions ... OK
* checking foreign function calls ... OK
* checking R code for possible problems ... NOTE
discretize,fcoex: no visible global function definition for ‘as’
initialize,fcoex: no visible global function definition for ‘as’
mod_ora,fcoex: no visible global function definition for ‘is’
Undefined global functions or variables:
as is
Consider adding
importFrom("methods", "as", "is")
to your NAMESPACE file (and ensure that your DESCRIPTION Imports field
contains 'methods').
* checking Rd files ... OK
* checking Rd metadata ... OK
* checking Rd cross-references ... OK
* checking for missing documentation entries ... OK
* checking for code/documentation mismatches ... OK
* checking Rd \usage sections ... WARNING
Documented arguments not in \usage in documentation object '.plot_one_interaction':
‘...’
Functions with \usage entries need to have the appropriate \alias
entries, and all their arguments documented.
The \usage entries must correspond to syntactically valid R code.
See chapter ‘Writing R documentation files’ in the ‘Writing R
Extensions’ manual.
* checking Rd contents ... OK
* checking for unstated dependencies in examples ... OK
* checking contents of ‘data’ directory ... OK
* checking data for non-ASCII characters ... OK
* checking LazyData ... OK
* checking data for ASCII and uncompressed saves ... OK
* checking files in ‘vignettes’ ... OK
* checking examples ... OK
Examples with CPU (user + system) or elapsed time > 5s
user system elapsed
find_cbf_modules 14.299 0.601 14.960
get_nets 13.605 0.515 14.167
* checking for unstated dependencies in ‘tests’ ... OK
* checking tests ...
Running ‘testthat.R’
OK
* checking for unstated dependencies in vignettes ... OK
* checking package vignettes in ‘inst/doc’ ... OK
* checking running R code from vignettes ... SKIPPED
* checking re-building of vignette outputs ... SKIPPED
* checking PDF version of manual ... OK
* DONE
Status: 2 WARNINGs, 1 NOTE
See
‘/Users/biocbuild/bbs-3.16-bioc/meat/fcoex.Rcheck/00check.log’
for details.
fcoex.Rcheck/00install.out
############################################################################## ############################################################################## ### ### Running command: ### ### /Library/Frameworks/R.framework/Resources/bin/R CMD INSTALL fcoex ### ############################################################################## ############################################################################## * installing to library ‘/Library/Frameworks/R.framework/Versions/4.2/Resources/library’ * installing *source* package ‘fcoex’ ... ** using staged installation ** R ** data *** moving datasets to lazyload DB Warning: replacing previous import ‘Matrix::head’ by ‘utils::head’ when loading ‘fcoex’ in method for ‘mod_ora’ with signature ‘"fcoex"’: no definition for class “fcoex” ** byte-compile and prepare package for lazy loading Warning: replacing previous import ‘Matrix::head’ by ‘utils::head’ when loading ‘fcoex’ in method for ‘mod_ora’ with signature ‘"fcoex"’: no definition for class “fcoex” ** help *** installing help indices ** building package indices ** installing vignettes ** testing if installed package can be loaded from temporary location Warning: replacing previous import ‘Matrix::head’ by ‘utils::head’ when loading ‘fcoex’ ** testing if installed package can be loaded from final location Warning: replacing previous import ‘Matrix::head’ by ‘utils::head’ when loading ‘fcoex’ ** testing if installed package keeps a record of temporary installation path * DONE (fcoex)
fcoex.Rcheck/tests/testthat.Rout
R version 4.2.3 (2023-03-15) -- "Shortstop Beagle"
Copyright (C) 2023 The R Foundation for Statistical Computing
Platform: x86_64-apple-darwin17.0 (64-bit)
R is free software and comes with ABSOLUTELY NO WARRANTY.
You are welcome to redistribute it under certain conditions.
Type 'license()' or 'licence()' for distribution details.
R is a collaborative project with many contributors.
Type 'contributors()' for more information and
'citation()' on how to cite R or R packages in publications.
Type 'demo()' for some demos, 'help()' for on-line help, or
'help.start()' for an HTML browser interface to help.
Type 'q()' to quit R.
> library(testthat)
> library(fcoex)
Warning message:
replacing previous import 'Matrix::head' by 'utils::head' when loading 'fcoex'
>
> test_check("fcoex")
[1] "Number of features features = 40"
[1] "Number of prospective features = 14"
[1] "Number of final features = 7"
[ FAIL 0 | WARN 14 | SKIP 0 | PASS 4 ]
[ FAIL 0 | WARN 14 | SKIP 0 | PASS 4 ]
>
> proc.time()
user system elapsed
10.090 0.578 10.698
fcoex.Rcheck/fcoex-Ex.timings
| name | user | system | elapsed | |
| discretize | 2.830 | 0.127 | 2.968 | |
| fc | 0.227 | 0.046 | 0.274 | |
| find_cbf_modules | 14.299 | 0.601 | 14.960 | |
| get_nets | 13.605 | 0.515 | 14.167 | |
| idents | 0.191 | 0.020 | 0.212 | |
| mini_pbmc3k | 0.339 | 0.010 | 0.349 | |
| mod_colors | 0.170 | 0.017 | 0.187 | |
| mod_gene_num | 0.211 | 0.019 | 0.230 | |
| mod_names | 0.212 | 0.022 | 0.234 | |
| mod_ora | 2.237 | 0.097 | 2.340 | |
| module_genes | 0.921 | 0.047 | 0.970 | |
| new_fcoex | 0.281 | 0.017 | 0.299 | |
| nmodules | 0.231 | 0.035 | 0.268 | |
| ora_data | 0.250 | 0.023 | 0.274 | |
| plot_ora | 2.753 | 0.070 | 2.831 | |
| recluster | 1.075 | 0.038 | 1.116 | |
| save_plots | 0 | 0 | 0 | |
| show-fcoex-method | 0.193 | 0.021 | 0.215 | |
| show_net | 0 | 0 | 0 | |
| show_ora | 0.226 | 0.029 | 0.260 | |