| Back to Multiple platform build/check report for BioC 3.16: simplified long |
|
This page was generated on 2023-04-12 11:05:03 -0400 (Wed, 12 Apr 2023).
| Hostname | OS | Arch (*) | R version | Installed pkgs |
|---|---|---|---|---|
| nebbiolo2 | Linux (Ubuntu 20.04.5 LTS) | x86_64 | 4.2.3 (2023-03-15) -- "Shortstop Beagle" | 4502 |
| palomino4 | Windows Server 2022 Datacenter | x64 | 4.2.3 (2023-03-15 ucrt) -- "Shortstop Beagle" | 4282 |
| lconway | macOS 12.5.1 Monterey | x86_64 | 4.2.3 (2023-03-15) -- "Shortstop Beagle" | 4310 |
| Click on any hostname to see more info about the system (e.g. compilers) (*) as reported by 'uname -p', except on Windows and Mac OS X | ||||
|
To the developers/maintainers of the edge package: - Please allow up to 24 hours (and sometimes 48 hours) for your latest push to git@git.bioconductor.org:packages/edge.git to reflect on this report. See How and When does the builder pull? When will my changes propagate? for more information. - Make sure to use the following settings in order to reproduce any error or warning you see on this page. |
| Package 594/2183 | Hostname | OS / Arch | INSTALL | BUILD | CHECK | BUILD BIN | ||||||||
| edge 2.30.0 (landing page) John D. Storey
| nebbiolo2 | Linux (Ubuntu 20.04.5 LTS) / x86_64 | OK | OK | WARNINGS | |||||||||
| palomino4 | Windows Server 2022 Datacenter / x64 | OK | OK | WARNINGS | OK | |||||||||
| lconway | macOS 12.5.1 Monterey / x86_64 | OK | OK | WARNINGS | OK | |||||||||
| Package: edge |
| Version: 2.30.0 |
| Command: /home/biocbuild/bbs-3.16-bioc/R/bin/R CMD check --install=check:edge.install-out.txt --library=/home/biocbuild/bbs-3.16-bioc/R/site-library --timings edge_2.30.0.tar.gz |
| StartedAt: 2023-04-10 20:28:37 -0400 (Mon, 10 Apr 2023) |
| EndedAt: 2023-04-10 20:32:16 -0400 (Mon, 10 Apr 2023) |
| EllapsedTime: 219.0 seconds |
| RetCode: 0 |
| Status: WARNINGS |
| CheckDir: edge.Rcheck |
| Warnings: 1 |
##############################################################################
##############################################################################
###
### Running command:
###
### /home/biocbuild/bbs-3.16-bioc/R/bin/R CMD check --install=check:edge.install-out.txt --library=/home/biocbuild/bbs-3.16-bioc/R/site-library --timings edge_2.30.0.tar.gz
###
##############################################################################
##############################################################################
* using log directory ‘/home/biocbuild/bbs-3.16-bioc/meat/edge.Rcheck’
* using R version 4.2.3 (2023-03-15)
* using platform: x86_64-pc-linux-gnu (64-bit)
* using session charset: UTF-8
* checking for file ‘edge/DESCRIPTION’ ... OK
* checking extension type ... Package
* this is package ‘edge’ version ‘2.30.0’
* checking package namespace information ... OK
* checking package dependencies ... OK
* checking if this is a source package ... OK
* checking if there is a namespace ... OK
* checking for hidden files and directories ... OK
* checking for portable file names ... OK
* checking for sufficient/correct file permissions ... OK
* checking whether package ‘edge’ can be installed ... OK
* checking installed package size ... OK
* checking package directory ... OK
* checking ‘build’ directory ... OK
* checking DESCRIPTION meta-information ... OK
* checking top-level files ... OK
* checking for left-over files ... OK
* checking index information ... OK
* checking package subdirectories ... OK
* checking R files for non-ASCII characters ... OK
* checking R files for syntax errors ... OK
* checking whether the package can be loaded ... OK
* checking whether the package can be loaded with stated dependencies ... OK
* checking whether the package can be unloaded cleanly ... OK
* checking whether the namespace can be loaded with stated dependencies ... OK
* checking whether the namespace can be unloaded cleanly ... OK
* checking loading without being on the library search path ... OK
* checking dependencies in R code ... OK
* checking S3 generic/method consistency ... OK
* checking replacement functions ... OK
* checking foreign function calls ... OK
* checking R code for possible problems ... NOTE
build_study: no visible global function definition for ‘as.formula’
createSet: no visible global function definition for ‘model.matrix’
deSetCheck: no visible global function definition for ‘model.matrix’
fitFDist: no visible global function definition for ‘median’
fitFDist: no visible global function definition for ‘lm.fit’
fitFDist: no visible global function definition for ‘predict’
fit_wmodels: no visible global function definition for ‘model.matrix’
fit_wmodels: no visible global function definition for ‘lm.wfit’
null: no visible global function definition for ‘model.matrix’
apply_sva,deSet: no visible global function definition for ‘as.formula’
apply_sva,deSet: no visible global function definition for ‘terms’
fit_models,deSet: no visible global function definition for
‘model.matrix’
fullModel<-,deSet: no visible global function definition for
‘model.matrix’
lrt,deSet-deFit: no visible global function definition for ‘pf’
nullModel<-,deSet: no visible global function definition for
‘model.matrix’
Undefined global functions or variables:
as.formula lm.fit lm.wfit median model.matrix pf predict terms
Consider adding
importFrom("stats", "as.formula", "lm.fit", "lm.wfit", "median",
"model.matrix", "pf", "predict", "terms")
to your NAMESPACE file.
* checking Rd files ... OK
* checking Rd metadata ... OK
* checking Rd cross-references ... OK
* checking for missing documentation entries ... OK
* checking for code/documentation mismatches ... OK
* checking Rd \usage sections ... WARNING
Documented arguments not in \usage in documentation object 'show':
‘...’
Functions with \usage entries need to have the appropriate \alias
entries, and all their arguments documented.
The \usage entries must correspond to syntactically valid R code.
See chapter ‘Writing R documentation files’ in the ‘Writing R
Extensions’ manual.
* checking Rd contents ... OK
* checking for unstated dependencies in examples ... OK
* checking contents of ‘data’ directory ... OK
* checking data for non-ASCII characters ... OK
* checking LazyData ... OK
* checking data for ASCII and uncompressed saves ... OK
* checking line endings in C/C++/Fortran sources/headers ... OK
* checking compiled code ... NOTE
Note: information on .o files is not available
* checking files in ‘vignettes’ ... OK
* checking examples ... OK
Examples with CPU (user + system) or elapsed time > 5s
user system elapsed
apply_snm 9.353 0.267 9.621
* checking for unstated dependencies in ‘tests’ ... OK
* checking tests ...
Running ‘testthat.R’
OK
* checking for unstated dependencies in vignettes ... OK
* checking package vignettes in ‘inst/doc’ ... OK
* checking running R code from vignettes ...
‘edge.Rnw’ using ‘UTF-8’... OK
NONE
* checking re-building of vignette outputs ... OK
* checking PDF version of manual ... OK
* DONE
Status: 1 WARNING, 2 NOTEs
See
‘/home/biocbuild/bbs-3.16-bioc/meat/edge.Rcheck/00check.log’
for details.
edge.Rcheck/00install.out
##############################################################################
##############################################################################
###
### Running command:
###
### /home/biocbuild/bbs-3.16-bioc/R/bin/R CMD INSTALL edge
###
##############################################################################
##############################################################################
* installing to library ‘/home/biocbuild/bbs-3.16-bioc/R/site-library’
* installing *source* package ‘edge’ ...
** using staged installation
** libs
gcc -I"/home/biocbuild/bbs-3.16-bioc/R/include" -DNDEBUG -I/usr/local/include -fpic -g -O2 -Wall -c edge-init.c -o edge-init.o
gcc -I"/home/biocbuild/bbs-3.16-bioc/R/include" -DNDEBUG -I/usr/local/include -fpic -g -O2 -Wall -c edgeKLODP.c -o edgeKLODP.o
edgeKLODP.c: In function ‘odpScoreCluster’:
edgeKLODP.c:65:5: warning: ‘middle’ may be used uninitialized in this function [-Wmaybe-uninitialized]
65 | free_vector(middle, 0, *p - 1);
| ^~~~~~~~~~~~~~~~~~~~~~~~~~~~~~
gcc -shared -L/home/biocbuild/bbs-3.16-bioc/R/lib -L/usr/local/lib -o edge.so edge-init.o edgeKLODP.o -L/home/biocbuild/bbs-3.16-bioc/R/lib -lR
installing to /home/biocbuild/bbs-3.16-bioc/R/site-library/00LOCK-edge/00new/edge/libs
** R
** data
*** moving datasets to lazyload DB
** inst
** byte-compile and prepare package for lazy loading
** help
*** installing help indices
** building package indices
** installing vignettes
** testing if installed package can be loaded from temporary location
** checking absolute paths in shared objects and dynamic libraries
** testing if installed package can be loaded from final location
** testing if installed package keeps a record of temporary installation path
* DONE (edge)
edge.Rcheck/tests/testthat.Rout
R version 4.2.3 (2023-03-15) -- "Shortstop Beagle"
Copyright (C) 2023 The R Foundation for Statistical Computing
Platform: x86_64-pc-linux-gnu (64-bit)
R is free software and comes with ABSOLUTELY NO WARRANTY.
You are welcome to redistribute it under certain conditions.
Type 'license()' or 'licence()' for distribution details.
R is a collaborative project with many contributors.
Type 'contributors()' for more information and
'citation()' on how to cite R or R packages in publications.
Type 'demo()' for some demos, 'help()' for on-line help, or
'help.start()' for an HTML browser interface to help.
Type 'q()' to quit R.
> library(testthat)
> library(edge)
Loading required package: Biobase
Loading required package: BiocGenerics
Attaching package: 'BiocGenerics'
The following objects are masked from 'package:stats':
IQR, mad, sd, var, xtabs
The following objects are masked from 'package:base':
Filter, Find, Map, Position, Reduce, anyDuplicated, aperm, append,
as.data.frame, basename, cbind, colnames, dirname, do.call,
duplicated, eval, evalq, get, grep, grepl, intersect, is.unsorted,
lapply, mapply, match, mget, order, paste, pmax, pmax.int, pmin,
pmin.int, rank, rbind, rownames, sapply, setdiff, sort, table,
tapply, union, unique, unsplit, which.max, which.min
Welcome to Bioconductor
Vignettes contain introductory material; view with
'browseVignettes()'. To cite Bioconductor, see
'citation("Biobase")', and for packages 'citation("pkgname")'.
>
> test_check("edge")
[ FAIL 0 | WARN 0 | SKIP 0 | PASS 29 ]
>
> proc.time()
user system elapsed
9.595 0.501 10.076
edge.Rcheck/edge-Ex.timings
| name | user | system | elapsed | |
| apply_qvalue | 0.683 | 0.016 | 0.700 | |
| apply_snm | 9.353 | 0.267 | 9.621 | |
| apply_sva | 1.817 | 0.049 | 1.864 | |
| betaCoef | 0.244 | 0.000 | 0.243 | |
| build_models | 0.253 | 0.007 | 0.261 | |
| build_study | 0.241 | 0.001 | 0.242 | |
| deSet | 0.503 | 0.004 | 0.506 | |
| edge | 0 | 0 | 0 | |
| endotoxin | 0.663 | 0.008 | 0.670 | |
| fitFull | 0.268 | 0.000 | 0.268 | |
| fitNull | 0.276 | 0.000 | 0.276 | |
| fit_models | 0.261 | 0.003 | 0.264 | |
| fullMatrix | 0.266 | 0.000 | 0.266 | |
| fullModel | 0.437 | 0.004 | 0.441 | |
| gibson | 0.607 | 0.004 | 0.610 | |
| individual | 0.265 | 0.004 | 0.268 | |
| kidney | 0.725 | 0.000 | 0.725 | |
| kl_clust | 0.401 | 0.008 | 0.408 | |
| lrt | 1.435 | 0.048 | 1.484 | |
| nullMatrix | 0.254 | 0.000 | 0.253 | |
| nullModel | 0.621 | 0.000 | 0.621 | |
| odp | 1.246 | 0.060 | 1.306 | |
| qvalueObj | 0.741 | 0.016 | 0.757 | |
| resFull | 0.256 | 0.000 | 0.257 | |
| resNull | 0.292 | 0.000 | 0.291 | |
| sType | 0.297 | 0.004 | 0.301 | |
| show | 0.723 | 0.000 | 0.723 | |
| summary | 0.740 | 0.028 | 0.769 | |