| Back to Multiple platform build/check report for BioC 3.16: simplified long |
|
This page was generated on 2023-04-12 11:06:02 -0400 (Wed, 12 Apr 2023).
| Hostname | OS | Arch (*) | R version | Installed pkgs |
|---|---|---|---|---|
| nebbiolo2 | Linux (Ubuntu 20.04.5 LTS) | x86_64 | 4.2.3 (2023-03-15) -- "Shortstop Beagle" | 4502 |
| palomino4 | Windows Server 2022 Datacenter | x64 | 4.2.3 (2023-03-15 ucrt) -- "Shortstop Beagle" | 4282 |
| lconway | macOS 12.5.1 Monterey | x86_64 | 4.2.3 (2023-03-15) -- "Shortstop Beagle" | 4310 |
| Click on any hostname to see more info about the system (e.g. compilers) (*) as reported by 'uname -p', except on Windows and Mac OS X | ||||
|
To the developers/maintainers of the cellscape package: - Please allow up to 24 hours (and sometimes 48 hours) for your latest push to git@git.bioconductor.org:packages/cellscape.git to reflect on this report. See How and When does the builder pull? When will my changes propagate? for more information. - Make sure to use the following settings in order to reproduce any error or warning you see on this page. |
| Package 283/2183 | Hostname | OS / Arch | INSTALL | BUILD | CHECK | BUILD BIN | ||||||||
| cellscape 1.22.0 (landing page) Maia Smith
| nebbiolo2 | Linux (Ubuntu 20.04.5 LTS) / x86_64 | OK | OK | WARNINGS | |||||||||
| palomino4 | Windows Server 2022 Datacenter / x64 | OK | OK | WARNINGS | OK | |||||||||
| lconway | macOS 12.5.1 Monterey / x86_64 | OK | OK | WARNINGS | OK | |||||||||
| Package: cellscape |
| Version: 1.22.0 |
| Command: /Library/Frameworks/R.framework/Resources/bin/R CMD check --install=check:cellscape.install-out.txt --library=/Library/Frameworks/R.framework/Resources/library --no-vignettes --timings cellscape_1.22.0.tar.gz |
| StartedAt: 2023-04-10 19:18:02 -0400 (Mon, 10 Apr 2023) |
| EndedAt: 2023-04-10 19:18:32 -0400 (Mon, 10 Apr 2023) |
| EllapsedTime: 30.4 seconds |
| RetCode: 0 |
| Status: WARNINGS |
| CheckDir: cellscape.Rcheck |
| Warnings: 1 |
##############################################################################
##############################################################################
###
### Running command:
###
### /Library/Frameworks/R.framework/Resources/bin/R CMD check --install=check:cellscape.install-out.txt --library=/Library/Frameworks/R.framework/Resources/library --no-vignettes --timings cellscape_1.22.0.tar.gz
###
##############################################################################
##############################################################################
* using log directory ‘/Users/biocbuild/bbs-3.16-bioc/meat/cellscape.Rcheck’
* using R version 4.2.3 (2023-03-15)
* using platform: x86_64-apple-darwin17.0 (64-bit)
* using session charset: UTF-8
* using option ‘--no-vignettes’
* checking for file ‘cellscape/DESCRIPTION’ ... OK
* this is package ‘cellscape’ version ‘1.22.0’
* checking package namespace information ... OK
* checking package dependencies ... OK
* checking if this is a source package ... OK
* checking if there is a namespace ... OK
* checking for hidden files and directories ... OK
* checking for portable file names ... OK
* checking for sufficient/correct file permissions ... OK
* checking whether package ‘cellscape’ can be installed ... OK
* checking installed package size ... OK
* checking package directory ... OK
* checking ‘build’ directory ... OK
* checking DESCRIPTION meta-information ... OK
* checking top-level files ... OK
* checking for left-over files ... OK
* checking index information ... OK
* checking package subdirectories ... OK
* checking R files for non-ASCII characters ... OK
* checking R files for syntax errors ... OK
* checking whether the package can be loaded ... OK
* checking whether the package can be loaded with stated dependencies ... OK
* checking whether the package can be unloaded cleanly ... OK
* checking whether the namespace can be loaded with stated dependencies ... OK
* checking whether the namespace can be unloaded cleanly ... OK
* checking dependencies in R code ... NOTE
Namespace in Imports field not imported from: ‘plyr’
All declared Imports should be used.
* checking S3 generic/method consistency ... OK
* checking replacement functions ... OK
* checking foreign function calls ... OK
* checking R code for possible problems ... NOTE
cellscape: no visible global function definition for ‘setNames’
cellscape: no visible global function definition for ‘melt’
cellscape: no visible global function definition for ‘na.omit’
cellscape: no visible global function definition for ‘combn’
cellscape: no visible binding for global variable ‘site’
cellscape: no visible binding for global variable ‘genotype’
cellscape: no visible binding for global variable ‘VAF’
cellscape: no visible global function definition for ‘n’
cellscape: no visible binding for global variable ‘n_gt’
cellscape: no visible binding for global variable ‘n’
cellscape: no visible binding for global variable ‘timepoint’
cellscape: no visible binding for global variable ‘single_cell_id’
getCNVHeatmapForEachSC: no visible binding for global variable
‘single_cell_id’
getCNVHeatmapForEachSC: no visible binding for global variable ‘px’
getCNVHeatmapForEachSC: no visible binding for global variable
‘px_width’
getCNVHeatmapForEachSC: no visible binding for global variable ‘chr’
getCNVHeatmapForEachSC: no visible binding for global variable
‘chrom_index’
getCNVHeatmapForEachSC: no visible binding for global variable
‘copy_number’
getCNVHeatmapForEachSC: no visible binding for global variable ‘sc_id’
getCNVHeatmapForEachSC: no visible binding for global variable
‘mode_cnv’
getCNVHeatmapForEachSC: no visible binding for global variable
‘cumsum_values’
getMutOrder: no visible global function definition for ‘dist’
getMutOrder: no visible global function definition for ‘hclust’
getMutOrder: no visible binding for global variable ‘site’
getMutOrder: no visible binding for global variable ‘VAF’
getMutOrder: no visible global function definition for ‘lm’
getMutOrder: no visible binding for global variable ‘na.omit’
getMutOrder: no visible global function definition for ‘coef’
getMutationsData: no visible binding for global variable
‘show_warnings’
getTargetedHeatmapForEachSC: no visible binding for global variable
‘single_cell_id’
getTargetedHeatmapForEachSC: no visible binding for global variable
‘chr’
getTargetedHeatmapForEachSC: no visible binding for global variable
‘coord’
Undefined global functions or variables:
VAF chr chrom_index coef combn coord copy_number cumsum_values dist
genotype hclust lm melt mode_cnv n n_gt na.omit px px_width sc_id
setNames show_warnings single_cell_id site timepoint
Consider adding
importFrom("stats", "coef", "dist", "hclust", "lm", "na.omit",
"setNames")
importFrom("utils", "combn")
to your NAMESPACE file.
* checking Rd files ... OK
* checking Rd metadata ... OK
* checking Rd cross-references ... OK
* checking for missing documentation entries ... OK
* checking for code/documentation mismatches ... OK
* checking Rd \usage sections ... WARNING
Duplicated \argument entries in documentation object 'dfs_tree':
‘chrom_bounds’ ‘ncols’ ‘chrom_bounds’ ‘cnv_data’ ‘chrom_bounds’
‘n_bp_per_pixel’ ‘mut_data’ ‘width’ ‘height’ ‘mutations’ ‘height’
‘width’ ‘clonal_prev’ ‘tree_edges’ ‘alpha’ ‘clonal_prev’ ‘tree_edges’
‘genotype_position’ ‘clone_colours’ ‘perturbations’ ‘mutations’
‘tree_edges’ ‘clonal_prev’ ‘clonal_prev’ ‘tree_edges’ ‘clone_colours’
‘mutations’
Functions with \usage entries need to have the appropriate \alias
entries, and all their arguments documented.
The \usage entries must correspond to syntactically valid R code.
See chapter ‘Writing R documentation files’ in the ‘Writing R
Extensions’ manual.
* checking Rd contents ... OK
* checking for unstated dependencies in examples ... OK
* checking files in ‘vignettes’ ... OK
* checking examples ... OK
* checking for unstated dependencies in vignettes ... OK
* checking package vignettes in ‘inst/doc’ ... OK
* checking running R code from vignettes ... SKIPPED
* checking re-building of vignette outputs ... SKIPPED
* checking PDF version of manual ... OK
* DONE
Status: 1 WARNING, 2 NOTEs
See
‘/Users/biocbuild/bbs-3.16-bioc/meat/cellscape.Rcheck/00check.log’
for details.
cellscape.Rcheck/00install.out
############################################################################## ############################################################################## ### ### Running command: ### ### /Library/Frameworks/R.framework/Resources/bin/R CMD INSTALL cellscape ### ############################################################################## ############################################################################## * installing to library ‘/Library/Frameworks/R.framework/Versions/4.2/Resources/library’ * installing *source* package ‘cellscape’ ... ** using staged installation ** R ** inst ** byte-compile and prepare package for lazy loading ** help *** installing help indices ** building package indices ** installing vignettes ** testing if installed package can be loaded from temporary location ** testing if installed package can be loaded from final location ** testing if installed package keeps a record of temporary installation path * DONE (cellscape)
cellscape.Rcheck/cellscape-Ex.timings
| name | user | system | elapsed | |
| cellscape | 1.297 | 0.278 | 1.598 | |
| helpers | 0.034 | 0.003 | 0.036 | |