| Back to Multiple platform build/check report for BioC 3.16: simplified long |
|
This page was generated on 2023-04-12 11:04:59 -0400 (Wed, 12 Apr 2023).
| Hostname | OS | Arch (*) | R version | Installed pkgs |
|---|---|---|---|---|
| nebbiolo2 | Linux (Ubuntu 20.04.5 LTS) | x86_64 | 4.2.3 (2023-03-15) -- "Shortstop Beagle" | 4502 |
| palomino4 | Windows Server 2022 Datacenter | x64 | 4.2.3 (2023-03-15 ucrt) -- "Shortstop Beagle" | 4282 |
| lconway | macOS 12.5.1 Monterey | x86_64 | 4.2.3 (2023-03-15) -- "Shortstop Beagle" | 4310 |
| Click on any hostname to see more info about the system (e.g. compilers) (*) as reported by 'uname -p', except on Windows and Mac OS X | ||||
|
To the developers/maintainers of the blima package: - Please allow up to 24 hours (and sometimes 48 hours) for your latest push to git@git.bioconductor.org:packages/blima.git to reflect on this report. See How and When does the builder pull? When will my changes propagate? for more information. - Make sure to use the following settings in order to reproduce any error or warning you see on this page. |
| Package 210/2183 | Hostname | OS / Arch | INSTALL | BUILD | CHECK | BUILD BIN | ||||||||
| blima 1.32.0 (landing page) Vojtěch Kulvait
| nebbiolo2 | Linux (Ubuntu 20.04.5 LTS) / x86_64 | OK | OK | WARNINGS | |||||||||
| palomino4 | Windows Server 2022 Datacenter / x64 | OK | OK | WARNINGS | OK | |||||||||
| lconway | macOS 12.5.1 Monterey / x86_64 | OK | OK | WARNINGS | OK | |||||||||
| Package: blima |
| Version: 1.32.0 |
| Command: /home/biocbuild/bbs-3.16-bioc/R/bin/R CMD check --install=check:blima.install-out.txt --library=/home/biocbuild/bbs-3.16-bioc/R/site-library --timings blima_1.32.0.tar.gz |
| StartedAt: 2023-04-10 19:22:13 -0400 (Mon, 10 Apr 2023) |
| EndedAt: 2023-04-10 19:29:03 -0400 (Mon, 10 Apr 2023) |
| EllapsedTime: 410.0 seconds |
| RetCode: 0 |
| Status: WARNINGS |
| CheckDir: blima.Rcheck |
| Warnings: 1 |
##############################################################################
##############################################################################
###
### Running command:
###
### /home/biocbuild/bbs-3.16-bioc/R/bin/R CMD check --install=check:blima.install-out.txt --library=/home/biocbuild/bbs-3.16-bioc/R/site-library --timings blima_1.32.0.tar.gz
###
##############################################################################
##############################################################################
* using log directory ‘/home/biocbuild/bbs-3.16-bioc/meat/blima.Rcheck’
* using R version 4.2.3 (2023-03-15)
* using platform: x86_64-pc-linux-gnu (64-bit)
* using session charset: UTF-8
* checking for file ‘blima/DESCRIPTION’ ... OK
* checking extension type ... Package
* this is package ‘blima’ version ‘1.32.0’
* package encoding: UTF-8
* checking package namespace information ... OK
* checking package dependencies ... OK
* checking if this is a source package ... OK
* checking if there is a namespace ... OK
* checking for hidden files and directories ... OK
* checking for portable file names ... OK
* checking for sufficient/correct file permissions ... OK
* checking whether package ‘blima’ can be installed ... OK
* checking installed package size ... OK
* checking package directory ... OK
* checking ‘build’ directory ... OK
* checking DESCRIPTION meta-information ... OK
* checking top-level files ... OK
* checking for left-over files ... OK
* checking index information ... OK
* checking package subdirectories ... OK
* checking R files for non-ASCII characters ... OK
* checking R files for syntax errors ... OK
* checking whether the package can be loaded ... OK
* checking whether the package can be loaded with stated dependencies ... OK
* checking whether the package can be unloaded cleanly ... OK
* checking whether the namespace can be loaded with stated dependencies ... OK
* checking whether the namespace can be unloaded cleanly ... OK
* checking loading without being on the library search path ... OK
* checking dependencies in R code ... OK
* checking S3 generic/method consistency ... OK
* checking replacement functions ... OK
* checking foreign function calls ... OK
* checking R code for possible problems ... NOTE
nonParametricEstimator: no visible global function definition for ‘var’
performXieCorrection: no visible global function definition for ‘dnorm’
performXieCorrection: no visible global function definition for ‘pnorm’
vstFromLumi: no visible global function definition for ‘lm’
vstFromLumi: no visible global function definition for ‘predict’
Undefined global functions or variables:
dnorm lm pnorm predict var
Consider adding
importFrom("stats", "dnorm", "lm", "pnorm", "predict", "var")
to your NAMESPACE file.
* checking Rd files ... WARNING
checkRd: (5) interpolateSortedVectorRcpp_.Rd:0-21: Must have a \description
* checking Rd metadata ... OK
* checking Rd cross-references ... OK
* checking for missing documentation entries ... OK
* checking for code/documentation mismatches ... OK
* checking Rd \usage sections ... OK
* checking Rd contents ... OK
* checking for unstated dependencies in examples ... OK
* checking line endings in C/C++/Fortran sources/headers ... OK
* checking compiled code ... NOTE
Note: information on .o files is not available
* checking files in ‘vignettes’ ... OK
* checking examples ... OK
* checking for unstated dependencies in vignettes ... OK
* checking package vignettes in ‘inst/doc’ ... OK
* checking running R code from vignettes ...
‘blima.rnw’ using ‘UTF-8’... OK
NONE
* checking re-building of vignette outputs ... OK
* checking PDF version of manual ... OK
* DONE
Status: 1 WARNING, 2 NOTEs
See
‘/home/biocbuild/bbs-3.16-bioc/meat/blima.Rcheck/00check.log’
for details.
blima.Rcheck/00install.out
############################################################################## ############################################################################## ### ### Running command: ### ### /home/biocbuild/bbs-3.16-bioc/R/bin/R CMD INSTALL blima ### ############################################################################## ############################################################################## * installing to library ‘/home/biocbuild/bbs-3.16-bioc/R/site-library’ * installing *source* package ‘blima’ ... ** using staged installation ** libs g++ -std=gnu++14 -I"/home/biocbuild/bbs-3.16-bioc/R/include" -DNDEBUG -I'/home/biocbuild/bbs-3.16-bioc/R/site-library/Rcpp/include' -I/usr/local/include -fpic -g -O2 -Wall -c RcppExports.cpp -o RcppExports.o g++ -std=gnu++14 -I"/home/biocbuild/bbs-3.16-bioc/R/include" -DNDEBUG -I'/home/biocbuild/bbs-3.16-bioc/R/site-library/Rcpp/include' -I/usr/local/include -fpic -g -O2 -Wall -c interpolateSortedVector.cpp -o interpolateSortedVector.o g++ -std=gnu++14 -shared -L/home/biocbuild/bbs-3.16-bioc/R/lib -L/usr/local/lib -o blima.so RcppExports.o interpolateSortedVector.o -L/home/biocbuild/bbs-3.16-bioc/R/lib -lR installing to /home/biocbuild/bbs-3.16-bioc/R/site-library/00LOCK-blima/00new/blima/libs ** R ** inst ** byte-compile and prepare package for lazy loading ** help *** installing help indices ** building package indices ** installing vignettes ** testing if installed package can be loaded from temporary location ** checking absolute paths in shared objects and dynamic libraries ** testing if installed package can be loaded from final location ** testing if installed package keeps a record of temporary installation path * DONE (blima)
blima.Rcheck/blima-Ex.timings
| name | user | system | elapsed | |
| bacgroundCorrect | 0.012 | 0.000 | 0.012 | |
| backgroundChannelSubtract | 0.009 | 0.000 | 0.008 | |
| chipArrayStatistics | 0.010 | 0.000 | 0.009 | |
| createSummarizedMatrix | 0.371 | 0.032 | 0.406 | |
| doProbeTTests | 0.106 | 0.008 | 0.115 | |
| doTTests | 0.142 | 0.000 | 0.142 | |
| log2TransformPositive | 0.097 | 0.004 | 0.100 | |
| nonPositiveCorrect | 0.008 | 0.000 | 0.007 | |
| plotBackgroundImageAfterCorrection | 0.007 | 0.000 | 0.007 | |
| plotBackgroundImageBeforeCorrection | 0.006 | 0.000 | 0.006 | |
| quantileNormalize | 0.008 | 0.000 | 0.008 | |
| selectedChannelTransform | 0.008 | 0.000 | 0.008 | |
| varianceBeadStabilise | 0.008 | 0.000 | 0.008 | |
| writeBackgroundImages | 0.008 | 0.000 | 0.008 | |
| xieBacgroundCorrect | 0.009 | 0.000 | 0.009 | |