| Back to Multiple platform build/check report for BioC 3.16: simplified long |
|
This page was generated on 2023-04-12 11:05:25 -0400 (Wed, 12 Apr 2023).
| Hostname | OS | Arch (*) | R version | Installed pkgs |
|---|---|---|---|---|
| nebbiolo2 | Linux (Ubuntu 20.04.5 LTS) | x86_64 | 4.2.3 (2023-03-15) -- "Shortstop Beagle" | 4502 |
| palomino4 | Windows Server 2022 Datacenter | x64 | 4.2.3 (2023-03-15 ucrt) -- "Shortstop Beagle" | 4282 |
| lconway | macOS 12.5.1 Monterey | x86_64 | 4.2.3 (2023-03-15) -- "Shortstop Beagle" | 4310 |
| Click on any hostname to see more info about the system (e.g. compilers) (*) as reported by 'uname -p', except on Windows and Mac OS X | ||||
|
To the developers/maintainers of the bigPint package: - Please allow up to 24 hours (and sometimes 48 hours) for your latest push to git@git.bioconductor.org:packages/bigPint.git to reflect on this report. See How and When does the builder pull? When will my changes propagate? for more information. - Make sure to use the following settings in order to reproduce any error or warning you see on this page. |
| Package 151/2183 | Hostname | OS / Arch | INSTALL | BUILD | CHECK | BUILD BIN | ||||||||
| bigPint 1.14.0 (landing page) Lindsay Rutter
| nebbiolo2 | Linux (Ubuntu 20.04.5 LTS) / x86_64 | OK | OK | WARNINGS | |||||||||
| palomino4 | Windows Server 2022 Datacenter / x64 | OK | OK | WARNINGS | OK | |||||||||
| lconway | macOS 12.5.1 Monterey / x86_64 | OK | OK | WARNINGS | OK | |||||||||
| Package: bigPint |
| Version: 1.14.0 |
| Command: F:\biocbuild\bbs-3.16-bioc\R\bin\R.exe CMD check --no-multiarch --install=check:bigPint.install-out.txt --library=F:\biocbuild\bbs-3.16-bioc\R\library --no-vignettes --timings bigPint_1.14.0.tar.gz |
| StartedAt: 2023-04-10 23:12:20 -0400 (Mon, 10 Apr 2023) |
| EndedAt: 2023-04-10 23:16:45 -0400 (Mon, 10 Apr 2023) |
| EllapsedTime: 264.8 seconds |
| RetCode: 0 |
| Status: WARNINGS |
| CheckDir: bigPint.Rcheck |
| Warnings: 1 |
##############################################################################
##############################################################################
###
### Running command:
###
### F:\biocbuild\bbs-3.16-bioc\R\bin\R.exe CMD check --no-multiarch --install=check:bigPint.install-out.txt --library=F:\biocbuild\bbs-3.16-bioc\R\library --no-vignettes --timings bigPint_1.14.0.tar.gz
###
##############################################################################
##############################################################################
* using log directory 'F:/biocbuild/bbs-3.16-bioc/meat/bigPint.Rcheck'
* using R version 4.2.3 (2023-03-15 ucrt)
* using platform: x86_64-w64-mingw32 (64-bit)
* using session charset: UTF-8
* using option '--no-vignettes'
* checking for file 'bigPint/DESCRIPTION' ... OK
* this is package 'bigPint' version '1.14.0'
* package encoding: UTF-8
* checking package namespace information ... OK
* checking package dependencies ... OK
* checking if this is a source package ... OK
* checking if there is a namespace ... OK
* checking for hidden files and directories ... OK
* checking for portable file names ... OK
* checking whether package 'bigPint' can be installed ... OK
* checking installed package size ... NOTE
installed size is 22.4Mb
sub-directories of 1Mb or more:
data 11.0Mb
help 3.2Mb
shiny-dashboards 5.0Mb
shiny-examples 3.1Mb
* checking package directory ... OK
* checking 'build' directory ... OK
* checking DESCRIPTION meta-information ... OK
* checking top-level files ... OK
* checking for left-over files ... OK
* checking index information ... OK
* checking package subdirectories ... OK
* checking R files for non-ASCII characters ... OK
* checking R files for syntax errors ... OK
* checking whether the package can be loaded ... OK
* checking whether the package can be loaded with stated dependencies ... OK
* checking whether the package can be unloaded cleanly ... OK
* checking whether the namespace can be loaded with stated dependencies ... OK
* checking whether the namespace can be unloaded cleanly ... OK
* checking dependencies in R code ... OK
* checking S3 generic/method consistency ... OK
* checking replacement functions ... OK
* checking foreign function calls ... OK
* checking R code for possible problems ... OK
* checking Rd files ... OK
* checking Rd metadata ... OK
* checking Rd cross-references ... OK
* checking for missing documentation entries ... OK
* checking for code/documentation mismatches ... OK
* checking Rd \usage sections ... OK
* checking Rd contents ... OK
* checking for unstated dependencies in examples ... OK
* checking contents of 'data' directory ... OK
* checking data for non-ASCII characters ... OK
* checking LazyData ... WARNING
LazyData DB of 11.0 MB without LazyDataCompression set
See ยง1.1.6 of 'Writing R Extensions'
* checking data for ASCII and uncompressed saves ... OK
* checking files in 'vignettes' ... OK
* checking examples ... OK
Examples with CPU (user + system) or elapsed time > 5s
user system elapsed
plotSM 54.53 1.71 56.50
plotClusters 13.87 0.60 14.47
plotLitre 4.78 1.67 6.50
* checking for unstated dependencies in 'tests' ... OK
* checking tests ...
Running 'runTests.R'
OK
* checking for unstated dependencies in vignettes ... OK
* checking package vignettes in 'inst/doc' ... OK
* checking running R code from vignettes ... SKIPPED
* checking re-building of vignette outputs ... SKIPPED
* checking PDF version of manual ... OK
* DONE
Status: 1 WARNING, 1 NOTE
See
'F:/biocbuild/bbs-3.16-bioc/meat/bigPint.Rcheck/00check.log'
for details.
bigPint.Rcheck/00install.out
############################################################################## ############################################################################## ### ### Running command: ### ### F:\biocbuild\bbs-3.16-bioc\R\bin\R.exe CMD INSTALL bigPint ### ############################################################################## ############################################################################## * installing to library 'F:/biocbuild/bbs-3.16-bioc/R/library' * installing *source* package 'bigPint' ... ** using staged installation ** R ** data *** moving datasets to lazyload DB ** inst ** byte-compile and prepare package for lazy loading ** help *** installing help indices *** copying figures ** building package indices ** installing vignettes ** testing if installed package can be loaded from temporary location ** testing if installed package can be loaded from final location ** testing if installed package keeps a record of temporary installation path * DONE (bigPint)
bigPint.Rcheck/tests/runTests.Rout
R version 4.2.3 (2023-03-15 ucrt) -- "Shortstop Beagle"
Copyright (C) 2023 The R Foundation for Statistical Computing
Platform: x86_64-w64-mingw32/x64 (64-bit)
R is free software and comes with ABSOLUTELY NO WARRANTY.
You are welcome to redistribute it under certain conditions.
Type 'license()' or 'licence()' for distribution details.
R is a collaborative project with many contributors.
Type 'contributors()' for more information and
'citation()' on how to cite R or R packages in publications.
Type 'demo()' for some demos, 'help()' for on-line help, or
'help.start()' for an HTML browser interface to help.
Type 'q()' to quit R.
> BiocGenerics:::testPackage("bigPint")
RUNIT TEST PROTOCOL -- Mon Apr 10 23:16:34 2023
***********************************************
Number of test functions: 5
Number of errors: 0
Number of failures: 0
1 Test Suite :
bigPint RUnit Tests - 5 test functions, 0 errors, 0 failures
Number of test functions: 5
Number of errors: 0
Number of failures: 0
Warning messages:
1: In xtfrm.data.frame(x) : cannot xtfrm data frames
2: In xtfrm.data.frame(x) : cannot xtfrm data frames
3: In xtfrm.data.frame(x) : cannot xtfrm data frames
4: In xtfrm.data.frame(x) : cannot xtfrm data frames
5: In xtfrm.data.frame(x) : cannot xtfrm data frames
6: In xtfrm.data.frame(x) : cannot xtfrm data frames
7: In xtfrm.data.frame(x) : cannot xtfrm data frames
8: In xtfrm.data.frame(x) : cannot xtfrm data frames
>
> proc.time()
user system elapsed
6.87 0.51 7.37
bigPint.Rcheck/bigPint-Ex.timings
| name | user | system | elapsed | |
| convertSEPair | 0.14 | 0.00 | 0.14 | |
| convertSESubsetGenes | 0.36 | 0.00 | 0.36 | |
| plotClusters | 13.87 | 0.60 | 14.47 | |
| plotLitre | 4.78 | 1.67 | 6.50 | |
| plotLitreApp | 0.06 | 0.02 | 0.08 | |
| plotPCP | 1.60 | 0.15 | 3.00 | |
| plotPCPApp | 0.84 | 0.03 | 0.87 | |
| plotSM | 54.53 | 1.71 | 56.50 | |
| plotSMApp | 0 | 0 | 0 | |
| plotVolcano | 1.39 | 0.03 | 1.42 | |
| plotVolcanoApp | 0.11 | 0.01 | 0.12 | |