| Back to Multiple platform build/check report for BioC 3.16: simplified long |
|
This page was generated on 2023-04-12 11:04:57 -0400 (Wed, 12 Apr 2023).
| Hostname | OS | Arch (*) | R version | Installed pkgs |
|---|---|---|---|---|
| nebbiolo2 | Linux (Ubuntu 20.04.5 LTS) | x86_64 | 4.2.3 (2023-03-15) -- "Shortstop Beagle" | 4502 |
| palomino4 | Windows Server 2022 Datacenter | x64 | 4.2.3 (2023-03-15 ucrt) -- "Shortstop Beagle" | 4282 |
| lconway | macOS 12.5.1 Monterey | x86_64 | 4.2.3 (2023-03-15) -- "Shortstop Beagle" | 4310 |
| Click on any hostname to see more info about the system (e.g. compilers) (*) as reported by 'uname -p', except on Windows and Mac OS X | ||||
|
To the developers/maintainers of the animalcules package: - Please allow up to 24 hours (and sometimes 48 hours) for your latest push to git@git.bioconductor.org:packages/animalcules.git to reflect on this report. See How and When does the builder pull? When will my changes propagate? for more information. - Make sure to use the following settings in order to reproduce any error or warning you see on this page. |
| Package 52/2183 | Hostname | OS / Arch | INSTALL | BUILD | CHECK | BUILD BIN | ||||||||
| animalcules 1.14.0 (landing page) Yue Zhao
| nebbiolo2 | Linux (Ubuntu 20.04.5 LTS) / x86_64 | OK | OK | WARNINGS | |||||||||
| palomino4 | Windows Server 2022 Datacenter / x64 | OK | OK | WARNINGS | OK | |||||||||
| lconway | macOS 12.5.1 Monterey / x86_64 | OK | OK | WARNINGS | OK | |||||||||
| Package: animalcules |
| Version: 1.14.0 |
| Command: /home/biocbuild/bbs-3.16-bioc/R/bin/R CMD check --install=check:animalcules.install-out.txt --library=/home/biocbuild/bbs-3.16-bioc/R/site-library --timings animalcules_1.14.0.tar.gz |
| StartedAt: 2023-04-10 18:57:26 -0400 (Mon, 10 Apr 2023) |
| EndedAt: 2023-04-10 19:02:42 -0400 (Mon, 10 Apr 2023) |
| EllapsedTime: 316.0 seconds |
| RetCode: 0 |
| Status: WARNINGS |
| CheckDir: animalcules.Rcheck |
| Warnings: 1 |
##############################################################################
##############################################################################
###
### Running command:
###
### /home/biocbuild/bbs-3.16-bioc/R/bin/R CMD check --install=check:animalcules.install-out.txt --library=/home/biocbuild/bbs-3.16-bioc/R/site-library --timings animalcules_1.14.0.tar.gz
###
##############################################################################
##############################################################################
* using log directory ‘/home/biocbuild/bbs-3.16-bioc/meat/animalcules.Rcheck’
* using R version 4.2.3 (2023-03-15)
* using platform: x86_64-pc-linux-gnu (64-bit)
* using session charset: UTF-8
* checking for file ‘animalcules/DESCRIPTION’ ... OK
* this is package ‘animalcules’ version ‘1.14.0’
* package encoding: UTF-8
* checking package namespace information ... OK
* checking package dependencies ... OK
* checking if this is a source package ... OK
* checking if there is a namespace ... OK
* checking for hidden files and directories ... OK
* checking for portable file names ... OK
* checking for sufficient/correct file permissions ... OK
* checking whether package ‘animalcules’ can be installed ... WARNING
Found the following significant warnings:
Warning: replacing previous import ‘SummarizedExperiment::colnames’ by ‘biomformat::colnames’ when loading ‘animalcules’
Warning: replacing previous import ‘SummarizedExperiment::rownames’ by ‘biomformat::rownames’ when loading ‘animalcules’
Warning: replacing previous import ‘ape::where’ by ‘dplyr::where’ when loading ‘animalcules’
See ‘/home/biocbuild/bbs-3.16-bioc/meat/animalcules.Rcheck/00install.out’ for details.
* checking installed package size ... OK
* checking package directory ... OK
* checking ‘build’ directory ... OK
* checking DESCRIPTION meta-information ... OK
* checking top-level files ... OK
* checking for left-over files ... OK
* checking index information ... OK
* checking package subdirectories ... OK
* checking R files for non-ASCII characters ... OK
* checking R files for syntax errors ... OK
* checking whether the package can be loaded ... OK
* checking whether the package can be loaded with stated dependencies ... OK
* checking whether the package can be unloaded cleanly ... OK
* checking whether the namespace can be loaded with stated dependencies ... OK
* checking whether the namespace can be unloaded cleanly ... OK
* checking loading without being on the library search path ... OK
* checking dependencies in R code ... OK
* checking S3 generic/method consistency ... OK
* checking replacement functions ... OK
* checking foreign function calls ... OK
* checking R code for possible problems ... NOTE
alpha_div_boxplot: no visible binding for global variable ‘richness’
differential_abundance: no visible binding for global variable ‘padj’
differential_abundance: no visible binding for global variable ‘pValue’
differential_abundance: no visible binding for global variable
‘log2FoldChange’
diversities_help: no visible binding for global variable ‘x’
find_biomarker: no visible binding for global variable ‘rowname’
find_biomarker: no visible binding for global variable ‘importance’
find_biomarker: no visible binding for global variable ‘.’
find_biomarker: no visible binding for global variable ‘Overall’
find_biomarker: no visible binding for global variable ‘y’
find_biomarker: no visible binding for global variable ‘m’
find_biomarker: no visible binding for global variable ‘d’
relabu_barplot: no visible binding for global variable ‘.’
relabu_boxplot: no visible binding for global variable ‘.’
relabu_heatmap: no visible binding for global variable ‘.’
upsample_counts: no visible binding for global variable ‘.’
Undefined global functions or variables:
. Overall d importance log2FoldChange m pValue padj richness rowname
x y
* checking Rd files ... OK
* checking Rd metadata ... OK
* checking Rd cross-references ... OK
* checking for missing documentation entries ... OK
* checking for code/documentation mismatches ... OK
* checking Rd \usage sections ... OK
* checking Rd contents ... OK
* checking for unstated dependencies in examples ... OK
* checking files in ‘vignettes’ ... OK
* checking examples ... OK
Examples with CPU (user + system) or elapsed time > 5s
user system elapsed
differential_abundance 4.883 0.332 5.215
* checking for unstated dependencies in ‘tests’ ... OK
* checking tests ...
Running ‘testthat.R’
OK
* checking for unstated dependencies in vignettes ... OK
* checking package vignettes in ‘inst/doc’ ... OK
* checking running R code from vignettes ...
‘animalcules.Rmd’ using ‘UTF-8’... OK
NONE
* checking re-building of vignette outputs ... OK
* checking PDF version of manual ... OK
* DONE
Status: 1 WARNING, 1 NOTE
See
‘/home/biocbuild/bbs-3.16-bioc/meat/animalcules.Rcheck/00check.log’
for details.
animalcules.Rcheck/00install.out
############################################################################## ############################################################################## ### ### Running command: ### ### /home/biocbuild/bbs-3.16-bioc/R/bin/R CMD INSTALL animalcules ### ############################################################################## ############################################################################## * installing to library ‘/home/biocbuild/bbs-3.16-bioc/R/site-library’ * installing *source* package ‘animalcules’ ... ** using staged installation ** R ** inst ** byte-compile and prepare package for lazy loading Warning: replacing previous import ‘SummarizedExperiment::colnames’ by ‘biomformat::colnames’ when loading ‘animalcules’ Warning: replacing previous import ‘SummarizedExperiment::rownames’ by ‘biomformat::rownames’ when loading ‘animalcules’ Warning: replacing previous import ‘ape::where’ by ‘dplyr::where’ when loading ‘animalcules’ ** help *** installing help indices ** building package indices ** installing vignettes ** testing if installed package can be loaded from temporary location Warning: replacing previous import ‘SummarizedExperiment::colnames’ by ‘biomformat::colnames’ when loading ‘animalcules’ Warning: replacing previous import ‘SummarizedExperiment::rownames’ by ‘biomformat::rownames’ when loading ‘animalcules’ Warning: replacing previous import ‘ape::where’ by ‘dplyr::where’ when loading ‘animalcules’ ** testing if installed package can be loaded from final location Warning: replacing previous import ‘SummarizedExperiment::colnames’ by ‘biomformat::colnames’ when loading ‘animalcules’ Warning: replacing previous import ‘SummarizedExperiment::rownames’ by ‘biomformat::rownames’ when loading ‘animalcules’ Warning: replacing previous import ‘ape::where’ by ‘dplyr::where’ when loading ‘animalcules’ ** testing if installed package keeps a record of temporary installation path * DONE (animalcules)
animalcules.Rcheck/tests/testthat.Rout
R version 4.2.3 (2023-03-15) -- "Shortstop Beagle"
Copyright (C) 2023 The R Foundation for Statistical Computing
Platform: x86_64-pc-linux-gnu (64-bit)
R is free software and comes with ABSOLUTELY NO WARRANTY.
You are welcome to redistribute it under certain conditions.
Type 'license()' or 'licence()' for distribution details.
R is a collaborative project with many contributors.
Type 'contributors()' for more information and
'citation()' on how to cite R or R packages in publications.
Type 'demo()' for some demos, 'help()' for on-line help, or
'help.start()' for an HTML browser interface to help.
Type 'q()' to quit R.
> library(testthat)
> library(animalcules)
Warning messages:
1: replacing previous import 'SummarizedExperiment::colnames' by 'biomformat::colnames' when loading 'animalcules'
2: replacing previous import 'SummarizedExperiment::rownames' by 'biomformat::rownames' when loading 'animalcules'
3: replacing previous import 'ape::where' by 'dplyr::where' when loading 'animalcules'
>
> test_check("animalcules")
[ FAIL 0 | WARN 7 | SKIP 0 | PASS 38 ]
[ FAIL 0 | WARN 7 | SKIP 0 | PASS 38 ]
>
> proc.time()
user system elapsed
26.065 0.943 27.692
animalcules.Rcheck/animalcules-Ex.timings
| name | user | system | elapsed | |
| alpha_div_boxplot | 0.488 | 0.092 | 0.580 | |
| alpha_div_test | 0.003 | 0.000 | 0.004 | |
| counts_to_logcpm | 0.001 | 0.000 | 0.001 | |
| counts_to_relabu | 0.002 | 0.000 | 0.002 | |
| df_char_to_factor | 0.000 | 0.000 | 0.001 | |
| differential_abundance | 4.883 | 0.332 | 5.215 | |
| dimred_pca | 0.157 | 0.008 | 0.165 | |
| dimred_pcoa | 0.104 | 0.016 | 0.119 | |
| dimred_tsne | 4.226 | 0.104 | 4.331 | |
| dimred_umap | 0.336 | 0.032 | 0.368 | |
| diversities | 0 | 0 | 0 | |
| diversities_help | 0.000 | 0.000 | 0.001 | |
| diversity_beta_boxplot | 0.160 | 0.016 | 0.175 | |
| diversity_beta_heatmap | 0.182 | 0.012 | 0.194 | |
| diversity_beta_test | 0.092 | 0.004 | 0.095 | |
| do_alpha_div_test | 0.067 | 0.000 | 0.066 | |
| filter_categorize | 0.262 | 0.020 | 0.281 | |
| filter_summary_bar_density | 0.272 | 0.012 | 0.284 | |
| filter_summary_pie_box | 0.178 | 0.008 | 0.187 | |
| find_biomarker | 3.519 | 0.140 | 3.660 | |
| find_taxon_mat | 0.164 | 0.016 | 0.868 | |
| find_taxonomy | 0.028 | 0.004 | 0.632 | |
| find_taxonomy_300 | 0.034 | 0.000 | 0.664 | |
| gini_simpson | 0.000 | 0.000 | 0.001 | |
| grep_tid | 0 | 0 | 0 | |
| inverse_simpson | 0 | 0 | 0 | |
| is_categorical | 0.000 | 0.000 | 0.001 | |
| is_integer0 | 0.001 | 0.000 | 0.000 | |
| is_integer1 | 0 | 0 | 0 | |
| mae_pick_organisms | 0.128 | 0.012 | 0.141 | |
| mae_pick_samples | 0.062 | 0.000 | 0.062 | |
| pct2str | 0.001 | 0.000 | 0.000 | |
| percent | 0 | 0 | 0 | |
| relabu_barplot | 0.969 | 0.088 | 1.057 | |
| relabu_boxplot | 0.094 | 0.012 | 0.105 | |
| relabu_heatmap | 0.110 | 0.008 | 0.118 | |
| run_animalcules | 0 | 0 | 0 | |
| shannon | 0 | 0 | 0 | |
| simpson_index | 0 | 0 | 0 | |
| upsample_counts | 0.012 | 0.000 | 0.012 | |