| Back to Multiple platform build/check report for BioC 3.16: simplified long |
|
This page was generated on 2023-04-12 11:05:58 -0400 (Wed, 12 Apr 2023).
| Hostname | OS | Arch (*) | R version | Installed pkgs |
|---|---|---|---|---|
| nebbiolo2 | Linux (Ubuntu 20.04.5 LTS) | x86_64 | 4.2.3 (2023-03-15) -- "Shortstop Beagle" | 4502 |
| palomino4 | Windows Server 2022 Datacenter | x64 | 4.2.3 (2023-03-15 ucrt) -- "Shortstop Beagle" | 4282 |
| lconway | macOS 12.5.1 Monterey | x86_64 | 4.2.3 (2023-03-15) -- "Shortstop Beagle" | 4310 |
| Click on any hostname to see more info about the system (e.g. compilers) (*) as reported by 'uname -p', except on Windows and Mac OS X | ||||
|
To the developers/maintainers of the affy package: - Please allow up to 24 hours (and sometimes 48 hours) for your latest push to git@git.bioconductor.org:packages/affy.git to reflect on this report. See How and When does the builder pull? When will my changes propagate? for more information. - Make sure to use the following settings in order to reproduce any error or warning you see on this page. |
| Package 22/2183 | Hostname | OS / Arch | INSTALL | BUILD | CHECK | BUILD BIN | ||||||||
| affy 1.76.0 (landing page) Rafael A. Irizarry
| nebbiolo2 | Linux (Ubuntu 20.04.5 LTS) / x86_64 | OK | OK | WARNINGS | |||||||||
| palomino4 | Windows Server 2022 Datacenter / x64 | OK | OK | WARNINGS | OK | |||||||||
| lconway | macOS 12.5.1 Monterey / x86_64 | OK | OK | WARNINGS | OK | |||||||||
| Package: affy |
| Version: 1.76.0 |
| Command: /Library/Frameworks/R.framework/Resources/bin/R CMD check --install=check:affy.install-out.txt --library=/Library/Frameworks/R.framework/Resources/library --no-vignettes --timings affy_1.76.0.tar.gz |
| StartedAt: 2023-04-10 18:44:06 -0400 (Mon, 10 Apr 2023) |
| EndedAt: 2023-04-10 18:46:12 -0400 (Mon, 10 Apr 2023) |
| EllapsedTime: 125.9 seconds |
| RetCode: 0 |
| Status: WARNINGS |
| CheckDir: affy.Rcheck |
| Warnings: 1 |
##############################################################################
##############################################################################
###
### Running command:
###
### /Library/Frameworks/R.framework/Resources/bin/R CMD check --install=check:affy.install-out.txt --library=/Library/Frameworks/R.framework/Resources/library --no-vignettes --timings affy_1.76.0.tar.gz
###
##############################################################################
##############################################################################
* using log directory ‘/Users/biocbuild/bbs-3.16-bioc/meat/affy.Rcheck’
* using R version 4.2.3 (2023-03-15)
* using platform: x86_64-apple-darwin17.0 (64-bit)
* using session charset: UTF-8
* using option ‘--no-vignettes’
* checking for file ‘affy/DESCRIPTION’ ... OK
* this is package ‘affy’ version ‘1.76.0’
* checking package namespace information ... OK
* checking package dependencies ... OK
* checking if this is a source package ... OK
* checking if there is a namespace ... OK
* checking for hidden files and directories ... OK
* checking for portable file names ... OK
* checking for sufficient/correct file permissions ... OK
* checking whether package ‘affy’ can be installed ... OK
* checking installed package size ... OK
* checking package directory ... OK
* checking ‘build’ directory ... OK
* checking DESCRIPTION meta-information ... OK
* checking top-level files ... OK
* checking for left-over files ... OK
* checking index information ... OK
* checking package subdirectories ... OK
* checking R files for non-ASCII characters ... OK
* checking R files for syntax errors ... OK
* checking whether the package can be loaded ... OK
* checking whether the package can be loaded with stated dependencies ... OK
* checking whether the package can be unloaded cleanly ... OK
* checking whether the namespace can be loaded with stated dependencies ... OK
* checking whether the namespace can be unloaded cleanly ... OK
* checking dependencies in R code ... NOTE
Unexported objects imported by ':::' calls:
‘stats:::C_loess_raw’ ‘stats:::C_lowesp’ ‘stats:::C_lowesw’
See the note in ?`:::` about the use of this operator.
* checking S3 generic/method consistency ... OK
* checking replacement functions ... OK
* checking foreign function calls ... WARNING
Foreign function calls to a base package:
.C(stats:::C_loess_raw, ...)
.Fortran(stats:::C_lowesp, ...)
.Fortran(stats:::C_lowesw, ...)
Packages should not make .C/.Call/.External/.Fortran calls to a base
package. They are not part of the API, for use only by R itself and
subject to change without notice.
* checking R code for possible problems ... OK
* checking Rd files ... OK
* checking Rd metadata ... OK
* checking Rd cross-references ... OK
* checking for missing documentation entries ... OK
* checking for code/documentation mismatches ... OK
* checking Rd \usage sections ... OK
* checking Rd contents ... OK
* checking for unstated dependencies in examples ... OK
* checking contents of ‘data’ directory ... OK
* checking data for non-ASCII characters ... OK
* checking data for ASCII and uncompressed saves ... OK
* checking line endings in shell scripts ... OK
* checking line endings in C/C++/Fortran sources/headers ... OK
* checking line endings in Makefiles ... OK
* checking compilation flags in Makevars ... OK
* checking for GNU extensions in Makefiles ... OK
* checking for portable use of $(BLAS_LIBS) and $(LAPACK_LIBS) ... OK
* checking use of PKG_*FLAGS in Makefiles ... OK
* checking compiled code ... NOTE
Note: information on .o files is not available
* checking sizes of PDF files under ‘inst/doc’ ... OK
* checking files in ‘vignettes’ ... OK
* checking examples ... OK
Examples with CPU (user + system) or elapsed time > 5s
user system elapsed
mas5 15.503 0.157 15.684
MAplot 11.048 0.625 11.729
expresso 7.307 0.114 7.443
ProgressBarText-class 0.851 0.033 19.124
* checking for unstated dependencies in vignettes ... OK
* checking package vignettes in ‘inst/doc’ ... OK
* checking running R code from vignettes ... SKIPPED
* checking re-building of vignette outputs ... SKIPPED
* checking PDF version of manual ... OK
* DONE
Status: 1 WARNING, 2 NOTEs
See
‘/Users/biocbuild/bbs-3.16-bioc/meat/affy.Rcheck/00check.log’
for details.
affy.Rcheck/00install.out
############################################################################## ############################################################################## ### ### Running command: ### ### /Library/Frameworks/R.framework/Resources/bin/R CMD INSTALL affy ### ############################################################################## ############################################################################## * installing to library ‘/Library/Frameworks/R.framework/Versions/4.2/Resources/library’ * installing *source* package ‘affy’ ... ** using staged installation creating cache ./config.cache checking how to run the C preprocessor... cc -E checking for main in -lz... yes checking for zlib.h... yes checking if zlib version >= 1.1.3... yes updating cache ./config.cache creating ./config.status creating src/Makevars ** libs clang -mmacosx-version-min=10.13 -I"/Library/Frameworks/R.framework/Resources/include" -DNDEBUG -DHAVE_ZLIB=1 -I'/Library/Frameworks/R.framework/Versions/4.2/Resources/library/preprocessCore/include' -I/usr/local/include -fPIC -Wall -g -O2 -c chipbackground.c -o chipbackground.o clang -mmacosx-version-min=10.13 -I"/Library/Frameworks/R.framework/Resources/include" -DNDEBUG -DHAVE_ZLIB=1 -I'/Library/Frameworks/R.framework/Versions/4.2/Resources/library/preprocessCore/include' -I/usr/local/include -fPIC -Wall -g -O2 -c getall_locations.c -o getall_locations.o clang -mmacosx-version-min=10.13 -I"/Library/Frameworks/R.framework/Resources/include" -DNDEBUG -DHAVE_ZLIB=1 -I'/Library/Frameworks/R.framework/Versions/4.2/Resources/library/preprocessCore/include' -I/usr/local/include -fPIC -Wall -g -O2 -c mas5calls.c -o mas5calls.o clang -mmacosx-version-min=10.13 -I"/Library/Frameworks/R.framework/Resources/include" -DNDEBUG -DHAVE_ZLIB=1 -I'/Library/Frameworks/R.framework/Versions/4.2/Resources/library/preprocessCore/include' -I/usr/local/include -fPIC -Wall -g -O2 -c rma2.c -o rma2.o clang -mmacosx-version-min=10.13 -I"/Library/Frameworks/R.framework/Resources/include" -DNDEBUG -DHAVE_ZLIB=1 -I'/Library/Frameworks/R.framework/Versions/4.2/Resources/library/preprocessCore/include' -I/usr/local/include -fPIC -Wall -g -O2 -c rma_common.c -o rma_common.o clang -mmacosx-version-min=10.13 -dynamiclib -Wl,-headerpad_max_install_names -undefined dynamic_lookup -single_module -multiply_defined suppress -L/Library/Frameworks/R.framework/Resources/lib -L/usr/local/lib -o affy.so chipbackground.o getall_locations.o mas5calls.o rma2.o rma_common.o -lz -F/Library/Frameworks/R.framework/.. -framework R -Wl,-framework -Wl,CoreFoundation installing to /Library/Frameworks/R.framework/Versions/4.2/Resources/library/00LOCK-affy/00new/affy/libs ** R ** data ** demo ** inst ** byte-compile and prepare package for lazy loading ** help *** installing help indices ** building package indices ** installing vignettes ** testing if installed package can be loaded from temporary location ** checking absolute paths in shared objects and dynamic libraries ** testing if installed package can be loaded from final location ** testing if installed package keeps a record of temporary installation path * DONE (affy)
affy.Rcheck/affy-Ex.timings
| name | user | system | elapsed | |
| AffyBatch-class | 4.071 | 0.179 | 4.260 | |
| AffyRNAdeg | 1.608 | 0.071 | 1.684 | |
| MAplot | 11.048 | 0.625 | 11.729 | |
| ProbeSet-class | 0.318 | 0.011 | 0.332 | |
| ProgressBarText-class | 0.851 | 0.033 | 19.124 | |
| affy-options | 0.000 | 0.001 | 0.001 | |
| barplot.ProbeSet | 0.582 | 0.021 | 0.607 | |
| bgc | 2.116 | 0.236 | 2.371 | |
| cleancdfname | 0.003 | 0.001 | 0.004 | |
| expresso | 7.307 | 0.114 | 7.443 | |
| expressoWidget | 0.000 | 0.001 | 0.000 | |
| fit.li.wong | 3.651 | 0.062 | 3.725 | |
| generateExprSet-methods | 0.314 | 0.007 | 0.324 | |
| generateExprVal-methods | 0.271 | 0.013 | 0.286 | |
| generateExprVal.method.avgdiff | 0.136 | 0.011 | 0.149 | |
| list.celfiles | 0.000 | 0.001 | 0.000 | |
| maffy.subset | 0.017 | 0.001 | 0.018 | |
| mas5 | 15.503 | 0.157 | 15.684 | |
| mas5calls | 1.041 | 0.041 | 1.084 | |
| mva.pairs | 0.075 | 0.004 | 0.081 | |
| normalize-methods | 0.211 | 0.005 | 0.216 | |
| normalize.loess | 0.016 | 0.001 | 0.018 | |
| plot.ProbeSet | 0.012 | 0.002 | 0.015 | |
| plot.density | 0.399 | 0.070 | 0.472 | |
| plotLocation | 0.977 | 0.124 | 1.111 | |
| pmcorrect | 0.282 | 0.030 | 0.313 | |
| ppsetApply | 0.001 | 0.000 | 0.001 | |
| read.affybatch | 1.111 | 0.046 | 1.165 | |
| rma | 1.212 | 0.041 | 1.257 | |
| setAffyOptions | 0.000 | 0.000 | 0.001 | |
| xy2indices | 1.380 | 0.184 | 1.575 | |