| Back to Multiple platform build/check report for BioC 3.16: simplified long |
|
This page was generated on 2023-04-12 11:05:57 -0400 (Wed, 12 Apr 2023).
| Hostname | OS | Arch (*) | R version | Installed pkgs |
|---|---|---|---|---|
| nebbiolo2 | Linux (Ubuntu 20.04.5 LTS) | x86_64 | 4.2.3 (2023-03-15) -- "Shortstop Beagle" | 4502 |
| palomino4 | Windows Server 2022 Datacenter | x64 | 4.2.3 (2023-03-15 ucrt) -- "Shortstop Beagle" | 4282 |
| lconway | macOS 12.5.1 Monterey | x86_64 | 4.2.3 (2023-03-15) -- "Shortstop Beagle" | 4310 |
| Click on any hostname to see more info about the system (e.g. compilers) (*) as reported by 'uname -p', except on Windows and Mac OS X | ||||
|
To the developers/maintainers of the TypeInfo package: - Please allow up to 24 hours (and sometimes 48 hours) for your latest push to git@git.bioconductor.org:packages/TypeInfo.git to reflect on this report. See How and When does the builder pull? When will my changes propagate? for more information. - Make sure to use the following settings in order to reproduce any error or warning you see on this page. |
| Package 2117/2183 | Hostname | OS / Arch | INSTALL | BUILD | CHECK | BUILD BIN | ||||||||
| TypeInfo 1.64.0 (landing page) Duncan Temple Lang
| nebbiolo2 | Linux (Ubuntu 20.04.5 LTS) / x86_64 | OK | OK | OK | |||||||||
| palomino4 | Windows Server 2022 Datacenter / x64 | OK | ERROR | skipped | skipped | |||||||||
| lconway | macOS 12.5.1 Monterey / x86_64 | OK | OK | OK | OK | |||||||||
| Package: TypeInfo |
| Version: 1.64.0 |
| Command: chmod a+r TypeInfo -R && F:\biocbuild\bbs-3.16-bioc\R\bin\R.exe CMD build --keep-empty-dirs --no-resave-data TypeInfo |
| StartedAt: 2023-04-10 22:13:09 -0400 (Mon, 10 Apr 2023) |
| EndedAt: 2023-04-10 22:13:23 -0400 (Mon, 10 Apr 2023) |
| EllapsedTime: 13.1 seconds |
| RetCode: 1 |
| Status: ERROR |
| PackageFile: None |
| PackageFileSize: NA |
##############################################################################
##############################################################################
###
### Running command:
###
### chmod a+r TypeInfo -R && F:\biocbuild\bbs-3.16-bioc\R\bin\R.exe CMD build --keep-empty-dirs --no-resave-data TypeInfo
###
##############################################################################
##############################################################################
* checking for file 'TypeInfo/DESCRIPTION' ... OK
* preparing 'TypeInfo':
* checking DESCRIPTION meta-information ... OK
* installing the package to build vignettes
* creating vignettes ... ERROR
--- re-building 'TypeInfoNews.Rnw' using Sweave
texify: major issue: So far, you have not checked for updates as a MiKTeX user.
Warning in system(paste(shQuote(texi2dvi), if (quiet) "--quiet" else "", :
running command '"C:\PROGRA~1\MiKTeX\miktex\bin\x64\texify.exe" --quiet --pdf "TypeInfoNews.tex" --max-iterations=20 -I "F:/biocbuild/bbs-3.16-bioc/R/share/texmf/tex/latex" -I "F:/biocbuild/bbs-3.16-bioc/R/share/texmf/bibtex/bst"' had status 1
Error: processing vignette 'TypeInfoNews.Rnw' failed with diagnostics:
running 'texi2dvi' on 'TypeInfoNews.tex' failed
LaTeX errors:
tes/TypeInfoNews.tex:221: Argument of \__intarray_bounds_error:NNnw has an extr
a }.
<inserted text>
\par
l.221
tes/TypeInfoNews.tex:221: Paragraph ended before \__intarray_bounds_error:NNnw
was complete.
<to be read again>
\par
l.221
--- failed re-building 'TypeInfoNews.Rnw'
SUMMARY: processing the following file failed:
'TypeInfoNews.Rnw'
Error: Vignette re-building failed.
Execution halted