| Back to Multiple platform build/check report for BioC 3.16: simplified long |
|
This page was generated on 2023-04-12 11:05:55 -0400 (Wed, 12 Apr 2023).
| Hostname | OS | Arch (*) | R version | Installed pkgs |
|---|---|---|---|---|
| nebbiolo2 | Linux (Ubuntu 20.04.5 LTS) | x86_64 | 4.2.3 (2023-03-15) -- "Shortstop Beagle" | 4502 |
| palomino4 | Windows Server 2022 Datacenter | x64 | 4.2.3 (2023-03-15 ucrt) -- "Shortstop Beagle" | 4282 |
| lconway | macOS 12.5.1 Monterey | x86_64 | 4.2.3 (2023-03-15) -- "Shortstop Beagle" | 4310 |
| Click on any hostname to see more info about the system (e.g. compilers) (*) as reported by 'uname -p', except on Windows and Mac OS X | ||||
|
To the developers/maintainers of the TCGAbiolinks package: - Please allow up to 24 hours (and sometimes 48 hours) for your latest push to git@git.bioconductor.org:packages/TCGAbiolinks.git to reflect on this report. See How and When does the builder pull? When will my changes propagate? for more information. - Make sure to use the following settings in order to reproduce any error or warning you see on this page. |
| Package 2027/2183 | Hostname | OS / Arch | INSTALL | BUILD | CHECK | BUILD BIN | ||||||||
| TCGAbiolinks 2.26.0 (landing page) Tiago Chedraoui Silva
| nebbiolo2 | Linux (Ubuntu 20.04.5 LTS) / x86_64 | OK | OK | TIMEOUT | |||||||||
| palomino4 | Windows Server 2022 Datacenter / x64 | OK | OK | WARNINGS | OK | |||||||||
| lconway | macOS 12.5.1 Monterey / x86_64 | OK | OK | WARNINGS | OK | |||||||||
| Package: TCGAbiolinks |
| Version: 2.26.0 |
| Command: F:\biocbuild\bbs-3.16-bioc\R\bin\R.exe CMD check --no-multiarch --install=check:TCGAbiolinks.install-out.txt --library=F:\biocbuild\bbs-3.16-bioc\R\library --no-vignettes --timings TCGAbiolinks_2.26.0.tar.gz |
| StartedAt: 2023-04-11 06:41:36 -0400 (Tue, 11 Apr 2023) |
| EndedAt: 2023-04-11 07:05:55 -0400 (Tue, 11 Apr 2023) |
| EllapsedTime: 1459.1 seconds |
| RetCode: 0 |
| Status: WARNINGS |
| CheckDir: TCGAbiolinks.Rcheck |
| Warnings: 1 |
##############################################################################
##############################################################################
###
### Running command:
###
### F:\biocbuild\bbs-3.16-bioc\R\bin\R.exe CMD check --no-multiarch --install=check:TCGAbiolinks.install-out.txt --library=F:\biocbuild\bbs-3.16-bioc\R\library --no-vignettes --timings TCGAbiolinks_2.26.0.tar.gz
###
##############################################################################
##############################################################################
* using log directory 'F:/biocbuild/bbs-3.16-bioc/meat/TCGAbiolinks.Rcheck'
* using R version 4.2.3 (2023-03-15 ucrt)
* using platform: x86_64-w64-mingw32 (64-bit)
* using session charset: UTF-8
* using option '--no-vignettes'
* checking for file 'TCGAbiolinks/DESCRIPTION' ... OK
* checking extension type ... Package
* this is package 'TCGAbiolinks' version '2.26.0'
* package encoding: UTF-8
* checking package namespace information ... OK
* checking package dependencies ... OK
* checking if this is a source package ... OK
* checking if there is a namespace ... OK
* checking for hidden files and directories ... OK
* checking for portable file names ... OK
* checking whether package 'TCGAbiolinks' can be installed ... OK
* checking installed package size ... NOTE
installed size is 6.4Mb
sub-directories of 1Mb or more:
R 1.6Mb
data 4.5Mb
* checking package directory ... OK
* checking 'build' directory ... OK
* checking DESCRIPTION meta-information ... OK
* checking top-level files ... OK
* checking for left-over files ... OK
* checking index information ... OK
* checking package subdirectories ... OK
* checking R files for non-ASCII characters ... OK
* checking R files for syntax errors ... OK
* checking whether the package can be loaded ... OK
* checking whether the package can be loaded with stated dependencies ... OK
* checking whether the package can be unloaded cleanly ... OK
* checking whether the namespace can be loaded with stated dependencies ... OK
* checking whether the namespace can be unloaded cleanly ... OK
* checking dependencies in R code ... WARNING
'library' or 'require' call not declared from: 'dplyr'
'library' or 'require' calls in package code:
'dplyr' 'maftools'
Please use :: or requireNamespace() instead.
See section 'Suggested packages' in the 'Writing R Extensions' manual.
* checking S3 generic/method consistency ... OK
* checking replacement functions ... OK
* checking foreign function calls ... OK
* checking R code for possible problems ... NOTE
GDCprepare_clinic: no visible binding for global variable
'bcr_patient_barcode'
GDCprepare_clinic: no visible binding for global variable
'days_to_last_followup'
GDCprepare_clinic: no visible binding for global variable
'vital_status'
GDCquery : <anonymous>: no visible binding for global variable
'submitter_id'
GDCquery : <anonymous>: no visible binding for global variable
'is_ffpe'
GDCquery_clinic : <anonymous>: no visible binding for global variable
'submitter_id'
TCGAanalyze_DEA: no visible binding for global variable 'barcode'
TCGAanalyze_DEA: no visible binding for global variable 'clinical'
TCGAquery_recount2: no visible binding for global variable 'rse_gene'
TCGAtumor_purity: no visible binding for global variable 'Tumor.purity'
TCGAvisualize_oncoprint: no visible binding for global variable 'value'
TCGAvisualize_starburst: no visible binding for global variable
'gene_name'
TCGAvisualize_starburst: no visible binding for global variable
'geFDR2'
TCGAvisualize_starburst: no visible binding for global variable 'logFC'
TCGAvisualize_starburst: no visible binding for global variable
'meFDR2'
TCGAvisualize_starburst: no visible binding for global variable
'threshold.starburst'
TCGAvisualize_starburst: no visible binding for global variable
'starburst.status'
colDataPrepare: no visible binding for global variable
'sample_submitter_id'
colDataPrepare: no visible binding for global variable 'submitter_id'
colDataPrepare: no visible binding for global variable 'sample_type'
readExonQuantification: no visible binding for global variable 'exon'
readExonQuantification: no visible binding for global variable
'coordinates'
readGeneExpressionQuantification : <anonymous>: no visible binding for
'<<-' assignment to 'assay.list'
readGeneExpressionQuantification: no visible binding for global
variable 'assay.list'
readSingleCellAnalysis : <anonymous>: no visible global function
definition for 'Read10X'
Undefined global functions or variables:
Read10X Tumor.purity assay.list barcode bcr_patient_barcode clinical
coordinates days_to_last_followup exon geFDR2 gene_name is_ffpe logFC
meFDR2 rse_gene sample_submitter_id sample_type starburst.status
submitter_id threshold.starburst value vital_status
* checking Rd files ... OK
* checking Rd metadata ... OK
* checking Rd cross-references ... OK
* checking for missing documentation entries ... OK
* checking for code/documentation mismatches ... OK
* checking Rd \usage sections ... OK
* checking Rd contents ... OK
* checking for unstated dependencies in examples ... OK
* checking contents of 'data' directory ... OK
* checking data for non-ASCII characters ... OK
* checking LazyData ... OK
* checking data for ASCII and uncompressed saves ... OK
* checking R/sysdata.rda ... OK
* checking files in 'vignettes' ... OK
* checking examples ... OK
Examples with CPU (user + system) or elapsed time > 5s
user system elapsed
GDCquery_clinic 745.16 18.97 781.14
TCGAanalyze_DEA 10.86 0.31 11.28
getManifest 8.77 0.13 77.59
TCGAanalyze_LevelTab 5.99 0.13 6.11
GDCdownload 2.77 0.26 59.03
GDCprepare_clinic 2.18 0.19 62.85
getResults 0.62 0.00 5.47
matchedMetExp 0.45 0.05 5.10
GDCquery 0.44 0.00 5.12
* checking for unstated dependencies in 'tests' ... OK
* checking tests ...
Running 'testthat.R'
OK
* checking for unstated dependencies in vignettes ... OK
* checking package vignettes in 'inst/doc' ... OK
* checking running R code from vignettes ... SKIPPED
* checking re-building of vignette outputs ... SKIPPED
* checking PDF version of manual ... OK
* DONE
Status: 1 WARNING, 2 NOTEs
See
'F:/biocbuild/bbs-3.16-bioc/meat/TCGAbiolinks.Rcheck/00check.log'
for details.
TCGAbiolinks.Rcheck/00install.out
############################################################################## ############################################################################## ### ### Running command: ### ### F:\biocbuild\bbs-3.16-bioc\R\bin\R.exe CMD INSTALL TCGAbiolinks ### ############################################################################## ############################################################################## * installing to library 'F:/biocbuild/bbs-3.16-bioc/R/library' * installing *source* package 'TCGAbiolinks' ... ** using staged installation ** R ** data *** moving datasets to lazyload DB ** inst ** byte-compile and prepare package for lazy loading ** help *** installing help indices ** building package indices ** installing vignettes ** testing if installed package can be loaded from temporary location ** testing if installed package can be loaded from final location ** testing if installed package keeps a record of temporary installation path * DONE (TCGAbiolinks)
TCGAbiolinks.Rcheck/tests/testthat.Rout
R version 4.2.3 (2023-03-15 ucrt) -- "Shortstop Beagle"
Copyright (C) 2023 The R Foundation for Statistical Computing
Platform: x86_64-w64-mingw32/x64 (64-bit)
R is free software and comes with ABSOLUTELY NO WARRANTY.
You are welcome to redistribute it under certain conditions.
Type 'license()' or 'licence()' for distribution details.
R is a collaborative project with many contributors.
Type 'contributors()' for more information and
'citation()' on how to cite R or R packages in publications.
Type 'demo()' for some demos, 'help()' for on-line help, or
'help.start()' for an HTML browser interface to help.
Type 'q()' to quit R.
> library(testthat)
> library(TCGAbiolinks)
>
> test_check("TCGAbiolinks")
| | 0%
|========================== | 50% ~0 s remaining
|====================================================|100% ~0 s remaining
|====================================================|100% Completed after 0 s
| | 0%
|========================== | 50% ~0 s remaining
|====================================================|100% ~0 s remaining
|====================================================|100% Completed after 0 s
[1] "I need about 1 minute to finish complete Enrichment analysis GO[BP,MF,CC] and Pathways... "
[1] "GO Enrichment Analysis BP completed....done"
[1] "GO Enrichment Analysis MF completed....done"
[1] "GO Enrichment Analysis CC completed....done"
[1] "Pathway Enrichment Analysis completed....done"
[ FAIL 0 | WARN 901 | SKIP 22 | PASS 45 ]
══ Skipped tests ═══════════════════════════════════════════════════════════════
• On Bioconductor (22)
[ FAIL 0 | WARN 901 | SKIP 22 | PASS 45 ]
>
> proc.time()
user system elapsed
158.31 4.65 168.68
TCGAbiolinks.Rcheck/TCGAbiolinks-Ex.timings
| name | user | system | elapsed | |
| GDCdownload | 2.77 | 0.26 | 59.03 | |
| GDCprepare | 0 | 0 | 0 | |
| GDCprepare_clinic | 2.18 | 0.19 | 62.85 | |
| GDCquery | 0.44 | 0.00 | 5.12 | |
| GDCquery_ATAC_seq | 0.33 | 0.03 | 0.80 | |
| GDCquery_clinic | 745.16 | 18.97 | 781.14 | |
| PanCancerAtlas_subtypes | 0.01 | 0.00 | 0.03 | |
| TCGAVisualize_volcano | 0.66 | 0.05 | 0.94 | |
| TCGA_MolecularSubtype | 0.36 | 0.00 | 0.36 | |
| TCGAanalyze_DEA | 10.86 | 0.31 | 11.28 | |
| TCGAanalyze_DEA_Affy | 0 | 0 | 0 | |
| TCGAanalyze_DMC | 1.08 | 0.05 | 1.12 | |
| TCGAanalyze_EA | 0 | 0 | 0 | |
| TCGAanalyze_EAcomplete | 2.53 | 0.27 | 2.80 | |
| TCGAanalyze_Filtering | 3.81 | 0.12 | 3.94 | |
| TCGAanalyze_LevelTab | 5.99 | 0.13 | 6.11 | |
| TCGAanalyze_Normalization | 2.12 | 0.01 | 2.14 | |
| TCGAanalyze_Pathview | 0 | 0 | 0 | |
| TCGAanalyze_Stemness | 2.27 | 0.00 | 2.26 | |
| TCGAanalyze_SurvivalKM | 0.12 | 0.00 | 0.13 | |
| TCGAanalyze_survival | 2.75 | 0.14 | 3.20 | |
| TCGAprepare_Affy | 0 | 0 | 0 | |
| TCGAquery_MatchedCoupledSampleTypes | 0 | 0 | 0 | |
| TCGAquery_SampleTypes | 0 | 0 | 0 | |
| TCGAquery_recount2 | 0 | 0 | 0 | |
| TCGAquery_subtype | 0 | 0 | 0 | |
| TCGAtumor_purity | 0.08 | 0.00 | 0.08 | |
| TCGAvisualize_EAbarplot | 2.43 | 0.07 | 2.50 | |
| TCGAvisualize_Heatmap | 1.99 | 0.07 | 2.21 | |
| TCGAvisualize_PCA | 2.44 | 0.03 | 2.47 | |
| TCGAvisualize_meanMethylation | 3.78 | 0.11 | 3.89 | |
| TCGAvisualize_oncoprint | 0.00 | 0.02 | 0.02 | |
| TCGAvisualize_starburst | 0 | 0 | 0 | |
| UseRaw_afterFilter | 0 | 0 | 0 | |
| colDataPrepare | 0.09 | 0.00 | 0.50 | |
| dmc.non.parametric | 0.11 | 0.03 | 0.14 | |
| dmc.non.parametric.se | 0.25 | 0.00 | 0.25 | |
| gaiaCNVplot | 0.02 | 0.00 | 0.02 | |
| getAdjacencyBiogrid | 0.00 | 0.02 | 0.01 | |
| getDataCategorySummary | 1.06 | 0.04 | 3.66 | |
| getGDCInfo | 0.00 | 0.00 | 0.11 | |
| getGDCprojects | 0.03 | 0.00 | 0.14 | |
| getLinkedOmicsData | 0 | 0 | 0 | |
| getMC3MAF | 0 | 0 | 0 | |
| getManifest | 8.77 | 0.13 | 77.59 | |
| getNbCases | 0 | 0 | 0 | |
| getNbFiles | 0 | 0 | 0 | |
| getProjectSummary | 0.03 | 0.01 | 0.27 | |
| getResults | 0.62 | 0.00 | 5.47 | |
| getSampleFilesSummary | 0.36 | 0.02 | 1.14 | |
| getTSS | 0 | 0 | 0 | |
| gliomaClassifier | 0 | 0 | 0 | |
| isServeOK | 0.00 | 0.00 | 0.12 | |
| matchedMetExp | 0.45 | 0.05 | 5.10 | |