| Back to Multiple platform build/check report for BioC 3.16: simplified long |
|
This page was generated on 2023-04-12 11:05:49 -0400 (Wed, 12 Apr 2023).
| Hostname | OS | Arch (*) | R version | Installed pkgs |
|---|---|---|---|---|
| nebbiolo2 | Linux (Ubuntu 20.04.5 LTS) | x86_64 | 4.2.3 (2023-03-15) -- "Shortstop Beagle" | 4502 |
| palomino4 | Windows Server 2022 Datacenter | x64 | 4.2.3 (2023-03-15 ucrt) -- "Shortstop Beagle" | 4282 |
| lconway | macOS 12.5.1 Monterey | x86_64 | 4.2.3 (2023-03-15) -- "Shortstop Beagle" | 4310 |
| Click on any hostname to see more info about the system (e.g. compilers) (*) as reported by 'uname -p', except on Windows and Mac OS X | ||||
|
To the developers/maintainers of the RiboProfiling package: - Please allow up to 24 hours (and sometimes 48 hours) for your latest push to git@git.bioconductor.org:packages/RiboProfiling.git to reflect on this report. See How and When does the builder pull? When will my changes propagate? for more information. - Make sure to use the following settings in order to reproduce any error or warning you see on this page. |
| Package 1678/2183 | Hostname | OS / Arch | INSTALL | BUILD | CHECK | BUILD BIN | ||||||||
| RiboProfiling 1.28.0 (landing page) A. Popa
| nebbiolo2 | Linux (Ubuntu 20.04.5 LTS) / x86_64 | OK | OK | WARNINGS | |||||||||
| palomino4 | Windows Server 2022 Datacenter / x64 | OK | OK | WARNINGS | OK | |||||||||
| lconway | macOS 12.5.1 Monterey / x86_64 | OK | OK | WARNINGS | OK | |||||||||
| Package: RiboProfiling |
| Version: 1.28.0 |
| Command: F:\biocbuild\bbs-3.16-bioc\R\bin\R.exe CMD check --no-multiarch --install=check:RiboProfiling.install-out.txt --library=F:\biocbuild\bbs-3.16-bioc\R\library --no-vignettes --timings RiboProfiling_1.28.0.tar.gz |
| StartedAt: 2023-04-11 05:14:35 -0400 (Tue, 11 Apr 2023) |
| EndedAt: 2023-04-11 05:23:49 -0400 (Tue, 11 Apr 2023) |
| EllapsedTime: 553.9 seconds |
| RetCode: 0 |
| Status: WARNINGS |
| CheckDir: RiboProfiling.Rcheck |
| Warnings: 1 |
##############################################################################
##############################################################################
###
### Running command:
###
### F:\biocbuild\bbs-3.16-bioc\R\bin\R.exe CMD check --no-multiarch --install=check:RiboProfiling.install-out.txt --library=F:\biocbuild\bbs-3.16-bioc\R\library --no-vignettes --timings RiboProfiling_1.28.0.tar.gz
###
##############################################################################
##############################################################################
* using log directory 'F:/biocbuild/bbs-3.16-bioc/meat/RiboProfiling.Rcheck'
* using R version 4.2.3 (2023-03-15 ucrt)
* using platform: x86_64-w64-mingw32 (64-bit)
* using session charset: UTF-8
* using option '--no-vignettes'
* checking for file 'RiboProfiling/DESCRIPTION' ... OK
* checking extension type ... Package
* this is package 'RiboProfiling' version '1.28.0'
* checking package namespace information ... OK
* checking package dependencies ... OK
* checking if this is a source package ... OK
* checking if there is a namespace ... OK
* checking for hidden files and directories ... OK
* checking for portable file names ... OK
* checking whether package 'RiboProfiling' can be installed ... WARNING
Found the following significant warnings:
Warning: replacing previous import 'BiocGenerics::Position' by 'ggplot2::Position' when loading 'RiboProfiling'
See 'F:/biocbuild/bbs-3.16-bioc/meat/RiboProfiling.Rcheck/00install.out' for details.
* checking installed package size ... OK
* checking package directory ... OK
* checking 'build' directory ... OK
* checking DESCRIPTION meta-information ... OK
* checking top-level files ... OK
* checking for left-over files ... OK
* checking index information ... OK
* checking package subdirectories ... OK
* checking R files for non-ASCII characters ... OK
* checking R files for syntax errors ... OK
* checking whether the package can be loaded ... OK
* checking whether the package can be loaded with stated dependencies ... OK
* checking whether the package can be unloaded cleanly ... OK
* checking whether the namespace can be loaded with stated dependencies ... OK
* checking whether the namespace can be unloaded cleanly ... OK
* checking dependencies in R code ... OK
* checking S3 generic/method consistency ... OK
* checking replacement functions ... OK
* checking foreign function calls ... OK
* checking R code for possible problems ... NOTE
applyShiftFeature: no visible global function definition for 'is'
aroundPromoter: no visible global function definition for 'is'
codonInfo: no visible global function definition for 'is'
countShiftReads: no visible global function definition for 'is'
histMatchLength: no visible global function definition for 'is'
orfRelativePos: no visible global function definition for 'is'
plotSummarizedCov: no visible global function definition for 'is'
readStartCov: no visible global function definition for 'is'
readsToStartOrEnd: no visible global function definition for 'is'
riboSeqFromBAM: no visible global function definition for 'is'
Undefined global functions or variables:
is
Consider adding
importFrom("methods", "is")
to your NAMESPACE file (and ensure that your DESCRIPTION Imports field
contains 'methods').
* checking Rd files ... OK
* checking Rd metadata ... OK
* checking Rd cross-references ... OK
* checking for missing documentation entries ... OK
* checking for code/documentation mismatches ... OK
* checking Rd \usage sections ... OK
* checking Rd contents ... OK
* checking for unstated dependencies in examples ... OK
* checking contents of 'data' directory ... OK
* checking data for non-ASCII characters ... OK
* checking data for ASCII and uncompressed saves ... OK
* checking sizes of PDF files under 'inst/doc' ... OK
* checking files in 'vignettes' ... OK
* checking examples ... OK
Examples with CPU (user + system) or elapsed time > 5s
user system elapsed
countsPlot 45.27 1.28 46.59
riboSeqFromBAM 41.19 0.73 42.01
orfRelativePos 24.51 0.48 25.00
codonInfo 22.84 0.54 23.90
countShiftReads 19.54 0.54 20.12
aroundPromoter 5.88 0.33 6.20
* checking for unstated dependencies in 'tests' ... OK
* checking tests ...
Running 'testthat.R'
OK
* checking for unstated dependencies in vignettes ... OK
* checking package vignettes in 'inst/doc' ... OK
* checking running R code from vignettes ... SKIPPED
* checking re-building of vignette outputs ... SKIPPED
* checking PDF version of manual ... OK
* DONE
Status: 1 WARNING, 1 NOTE
See
'F:/biocbuild/bbs-3.16-bioc/meat/RiboProfiling.Rcheck/00check.log'
for details.
RiboProfiling.Rcheck/00install.out
############################################################################## ############################################################################## ### ### Running command: ### ### F:\biocbuild\bbs-3.16-bioc\R\bin\R.exe CMD INSTALL RiboProfiling ### ############################################################################## ############################################################################## * installing to library 'F:/biocbuild/bbs-3.16-bioc/R/library' * installing *source* package 'RiboProfiling' ... ** using staged installation ** R ** data ** inst ** byte-compile and prepare package for lazy loading Warning: replacing previous import 'BiocGenerics::Position' by 'ggplot2::Position' when loading 'RiboProfiling' ** help *** installing help indices ** building package indices ** installing vignettes ** testing if installed package can be loaded from temporary location Warning: replacing previous import 'BiocGenerics::Position' by 'ggplot2::Position' when loading 'RiboProfiling' ** testing if installed package can be loaded from final location Warning: replacing previous import 'BiocGenerics::Position' by 'ggplot2::Position' when loading 'RiboProfiling' ** testing if installed package keeps a record of temporary installation path * DONE (RiboProfiling)
RiboProfiling.Rcheck/tests/testthat.Rout
R version 4.2.3 (2023-03-15 ucrt) -- "Shortstop Beagle"
Copyright (C) 2023 The R Foundation for Statistical Computing
Platform: x86_64-w64-mingw32/x64 (64-bit)
R is free software and comes with ABSOLUTELY NO WARRANTY.
You are welcome to redistribute it under certain conditions.
Type 'license()' or 'licence()' for distribution details.
R is a collaborative project with many contributors.
Type 'contributors()' for more information and
'citation()' on how to cite R or R packages in publications.
Type 'demo()' for some demos, 'help()' for on-line help, or
'help.start()' for an HTML browser interface to help.
Type 'q()' to quit R.
> library(testthat)
> library(RiboProfiling)
Loading required package: Biostrings
Loading required package: BiocGenerics
Attaching package: 'BiocGenerics'
The following objects are masked from 'package:stats':
IQR, mad, sd, var, xtabs
The following objects are masked from 'package:base':
Filter, Find, Map, Position, Reduce, anyDuplicated, aperm, append,
as.data.frame, basename, cbind, colnames, dirname, do.call,
duplicated, eval, evalq, get, grep, grepl, intersect, is.unsorted,
lapply, mapply, match, mget, order, paste, pmax, pmax.int, pmin,
pmin.int, rank, rbind, rownames, sapply, setdiff, sort, table,
tapply, union, unique, unsplit, which.max, which.min
Loading required package: S4Vectors
Loading required package: stats4
Attaching package: 'S4Vectors'
The following objects are masked from 'package:base':
I, expand.grid, unname
Loading required package: IRanges
Attaching package: 'IRanges'
The following object is masked from 'package:grDevices':
windows
Loading required package: XVector
Loading required package: GenomeInfoDb
Attaching package: 'Biostrings'
The following object is masked from 'package:base':
strsplit
Warning message:
replacing previous import 'BiocGenerics::Position' by 'ggplot2::Position' when loading 'RiboProfiling'
>
> test_check("RiboProfiling")
[ FAIL 0 | WARN 1 | SKIP 0 | PASS 11 ]
[ FAIL 0 | WARN 1 | SKIP 0 | PASS 11 ]
>
> proc.time()
user system elapsed
76.92 3.34 80.42
RiboProfiling.Rcheck/RiboProfiling-Ex.timings
| name | user | system | elapsed | |
| aroundPromoter | 5.88 | 0.33 | 6.20 | |
| codonInfo | 22.84 | 0.54 | 23.90 | |
| codonPCA | 1.38 | 0.11 | 1.64 | |
| countShiftReads | 19.54 | 0.54 | 20.12 | |
| countsPlot | 45.27 | 1.28 | 46.59 | |
| histMatchLength | 0.20 | 0.05 | 0.29 | |
| orfRelativePos | 24.51 | 0.48 | 25.00 | |
| plotSummarizedCov | 4.52 | 0.08 | 4.61 | |
| printPCA | 1.25 | 0.05 | 1.32 | |
| readStartCov | 3.97 | 0.12 | 4.12 | |
| readsToStartOrEnd | 0.06 | 0.02 | 0.08 | |
| riboSeqFromBAM | 41.19 | 0.73 | 42.01 | |