| Back to Multiple platform build/check report for BioC 3.16: simplified long |
|
This page was generated on 2023-04-12 11:05:48 -0400 (Wed, 12 Apr 2023).
| Hostname | OS | Arch (*) | R version | Installed pkgs |
|---|---|---|---|---|
| nebbiolo2 | Linux (Ubuntu 20.04.5 LTS) | x86_64 | 4.2.3 (2023-03-15) -- "Shortstop Beagle" | 4502 |
| palomino4 | Windows Server 2022 Datacenter | x64 | 4.2.3 (2023-03-15 ucrt) -- "Shortstop Beagle" | 4282 |
| lconway | macOS 12.5.1 Monterey | x86_64 | 4.2.3 (2023-03-15) -- "Shortstop Beagle" | 4310 |
| Click on any hostname to see more info about the system (e.g. compilers) (*) as reported by 'uname -p', except on Windows and Mac OS X | ||||
|
To the developers/maintainers of the ReactomeGSA package: - Please allow up to 24 hours (and sometimes 48 hours) for your latest push to git@git.bioconductor.org:packages/ReactomeGSA.git to reflect on this report. See How and When does the builder pull? When will my changes propagate? for more information. - Make sure to use the following settings in order to reproduce any error or warning you see on this page. |
| Package 1627/2183 | Hostname | OS / Arch | INSTALL | BUILD | CHECK | BUILD BIN | ||||||||
| ReactomeGSA 1.12.0 (landing page) Johannes Griss
| nebbiolo2 | Linux (Ubuntu 20.04.5 LTS) / x86_64 | OK | OK | WARNINGS | |||||||||
| palomino4 | Windows Server 2022 Datacenter / x64 | OK | OK | WARNINGS | OK | |||||||||
| lconway | macOS 12.5.1 Monterey / x86_64 | OK | OK | WARNINGS | OK | |||||||||
| Package: ReactomeGSA |
| Version: 1.12.0 |
| Command: F:\biocbuild\bbs-3.16-bioc\R\bin\R.exe CMD check --no-multiarch --install=check:ReactomeGSA.install-out.txt --library=F:\biocbuild\bbs-3.16-bioc\R\library --no-vignettes --timings ReactomeGSA_1.12.0.tar.gz |
| StartedAt: 2023-04-11 05:02:33 -0400 (Tue, 11 Apr 2023) |
| EndedAt: 2023-04-11 05:18:05 -0400 (Tue, 11 Apr 2023) |
| EllapsedTime: 931.6 seconds |
| RetCode: 0 |
| Status: WARNINGS |
| CheckDir: ReactomeGSA.Rcheck |
| Warnings: 1 |
##############################################################################
##############################################################################
###
### Running command:
###
### F:\biocbuild\bbs-3.16-bioc\R\bin\R.exe CMD check --no-multiarch --install=check:ReactomeGSA.install-out.txt --library=F:\biocbuild\bbs-3.16-bioc\R\library --no-vignettes --timings ReactomeGSA_1.12.0.tar.gz
###
##############################################################################
##############################################################################
* using log directory 'F:/biocbuild/bbs-3.16-bioc/meat/ReactomeGSA.Rcheck'
* using R version 4.2.3 (2023-03-15 ucrt)
* using platform: x86_64-w64-mingw32 (64-bit)
* using session charset: UTF-8
* using option '--no-vignettes'
* checking for file 'ReactomeGSA/DESCRIPTION' ... OK
* checking extension type ... Package
* this is package 'ReactomeGSA' version '1.12.0'
* package encoding: UTF-8
* checking package namespace information ... OK
* checking package dependencies ... OK
* checking if this is a source package ... OK
* checking if there is a namespace ... OK
* checking for hidden files and directories ... OK
* checking for portable file names ... OK
* checking whether package 'ReactomeGSA' can be installed ... OK
* checking installed package size ... OK
* checking package directory ... OK
* checking 'build' directory ... OK
* checking DESCRIPTION meta-information ... OK
* checking top-level files ... OK
* checking for left-over files ... OK
* checking index information ... OK
* checking package subdirectories ... OK
* checking R files for non-ASCII characters ... OK
* checking R files for syntax errors ... OK
* checking whether the package can be loaded ... OK
* checking whether the package can be loaded with stated dependencies ... OK
* checking whether the package can be unloaded cleanly ... OK
* checking whether the namespace can be loaded with stated dependencies ... OK
* checking whether the namespace can be unloaded cleanly ... OK
* checking dependencies in R code ... OK
* checking S3 generic/method consistency ... OK
* checking replacement functions ... OK
* checking foreign function calls ... OK
* checking R code for possible problems ... NOTE
plot_correlations,ReactomeAnalysisResult: no visible binding for global
variable 'combined_sig'
plot_correlations,ReactomeAnalysisResult: no visible binding for global
variable 'alpha'
plot_gsva_pathway,ReactomeAnalysisResult: no visible binding for global
variable 'cluster_id'
plot_gsva_pathway,ReactomeAnalysisResult: no visible binding for global
variable 'expr'
plot_gsva_pca,ReactomeAnalysisResult: no visible binding for global
variable 'gsva_result'
plot_gsva_pca,ReactomeAnalysisResult: no visible binding for global
variable 'PC1'
plot_gsva_pca,ReactomeAnalysisResult: no visible binding for global
variable 'PC2'
plot_heatmap,ReactomeAnalysisResult: no visible global function
definition for 'desc'
plot_heatmap,ReactomeAnalysisResult: no visible binding for global
variable 'n_sig'
plot_heatmap,ReactomeAnalysisResult: no visible binding for global
variable 'dataset'
plot_heatmap,ReactomeAnalysisResult: no visible binding for global
variable 'Name'
plot_volcano,ReactomeAnalysisResult: no visible binding for global
variable 'av_foldchange'
plot_volcano,ReactomeAnalysisResult: no visible binding for global
variable 'FDR'
Undefined global functions or variables:
FDR Name PC1 PC2 alpha av_foldchange cluster_id combined_sig dataset
desc expr gsva_result n_sig
* checking Rd files ... OK
* checking Rd metadata ... OK
* checking Rd cross-references ... OK
* checking for missing documentation entries ... OK
* checking for code/documentation mismatches ... WARNING
Codoc mismatches from documentation object 'plot_heatmap,ReactomeAnalysisResult-method':
\S4method{plot_heatmap}{ReactomeAnalysisResult}
Code: function(x, fdr = 0.01, max_pathways = 30, break_long_names =
TRUE, return_data = FALSE)
Docs: function(x, fdr = 0.05, max_pathways = 30, break_long_names =
TRUE, return_data = FALSE)
Mismatches in argument default values:
Name: 'fdr' Code: 0.01 Docs: 0.05
* checking Rd \usage sections ... OK
* checking Rd contents ... OK
* checking for unstated dependencies in examples ... OK
* checking files in 'vignettes' ... OK
* checking examples ... OK
Examples with CPU (user + system) or elapsed time > 5s
user system elapsed
analyse_sc_clusters-Seurat-method 33.08 2.52 96.55
analyse_sc_clusters-SingleCellExperiment-method 31.42 2.01 94.94
plot_gsva_heatmap 31.51 1.51 96.36
plot_gsva_heatmap-ReactomeAnalysisResult-method 31.86 0.77 91.66
plot_gsva_pathway-ReactomeAnalysisResult-method 31.30 1.25 89.67
analyse_sc_clusters 31.16 1.33 94.91
plot_gsva_pca-ReactomeAnalysisResult-method 30.83 1.22 89.44
plot_gsva_pathway 30.47 1.27 89.91
plot_gsva_pca 29.68 1.11 92.06
ReactomeAnalysisRequest 4.23 0.43 5.53
perform_reactome_analysis 2.05 0.02 17.23
* checking for unstated dependencies in 'tests' ... OK
* checking tests ...
Running 'testthat.R'
OK
* checking for unstated dependencies in vignettes ... OK
* checking package vignettes in 'inst/doc' ... OK
* checking running R code from vignettes ... SKIPPED
* checking re-building of vignette outputs ... SKIPPED
* checking PDF version of manual ... OK
* DONE
Status: 1 WARNING, 1 NOTE
See
'F:/biocbuild/bbs-3.16-bioc/meat/ReactomeGSA.Rcheck/00check.log'
for details.
ReactomeGSA.Rcheck/00install.out
############################################################################## ############################################################################## ### ### Running command: ### ### F:\biocbuild\bbs-3.16-bioc\R\bin\R.exe CMD INSTALL ReactomeGSA ### ############################################################################## ############################################################################## * installing to library 'F:/biocbuild/bbs-3.16-bioc/R/library' * installing *source* package 'ReactomeGSA' ... ** using staged installation ** R ** inst ** byte-compile and prepare package for lazy loading in method for 'analyse_sc_clusters' with signature 'object="Seurat"': no definition for class "Seurat" in method for 'analyse_sc_clusters' with signature 'object="SingleCellExperiment"': no definition for class "SingleCellExperiment" in method for 'add_dataset' with signature 'request="ReactomeAnalysisRequest",expression_values="EList"': no definition for class "EList" in method for 'add_dataset' with signature 'request="ReactomeAnalysisRequest",expression_values="DGEList"': no definition for class "DGEList" in method for 'add_dataset' with signature 'request="ReactomeAnalysisRequest",expression_values="ExpressionSet"': no definition for class "ExpressionSet" ** help *** installing help indices ** building package indices ** installing vignettes ** testing if installed package can be loaded from temporary location ** testing if installed package can be loaded from final location ** testing if installed package keeps a record of temporary installation path * DONE (ReactomeGSA)
ReactomeGSA.Rcheck/tests/testthat.Rout
R version 4.2.3 (2023-03-15 ucrt) -- "Shortstop Beagle"
Copyright (C) 2023 The R Foundation for Statistical Computing
Platform: x86_64-w64-mingw32/x64 (64-bit)
R is free software and comes with ABSOLUTELY NO WARRANTY.
You are welcome to redistribute it under certain conditions.
Type 'license()' or 'licence()' for distribution details.
R is a collaborative project with many contributors.
Type 'contributors()' for more information and
'citation()' on how to cite R or R packages in publications.
Type 'demo()' for some demos, 'help()' for on-line help, or
'help.start()' for an HTML browser interface to help.
Type 'q()' to quit R.
> library(testthat)
> library(ReactomeGSA)
>
> test_check("ReactomeGSA")
[ FAIL 0 | WARN 0 | SKIP 0 | PASS 17 ]
>
> proc.time()
user system elapsed
1.25 0.15 1.43
ReactomeGSA.Rcheck/ReactomeGSA-Ex.timings
| name | user | system | elapsed | |
| ReactomeAnalysisRequest | 4.23 | 0.43 | 5.53 | |
| ReactomeAnalysisResult-class | 1.30 | 0.03 | 1.34 | |
| add_dataset-ReactomeAnalysisRequest-DGEList-method | 0.66 | 0.01 | 0.67 | |
| add_dataset-ReactomeAnalysisRequest-EList-method | 0.95 | 0.02 | 0.97 | |
| add_dataset-ReactomeAnalysisRequest-ExpressionSet-method | 0.75 | 0.03 | 0.78 | |
| add_dataset-ReactomeAnalysisRequest-data.frame-method | 0.64 | 0.11 | 0.75 | |
| add_dataset-ReactomeAnalysisRequest-matrix-method | 0.67 | 0.06 | 0.73 | |
| add_dataset | 0.74 | 0.03 | 0.77 | |
| analyse_sc_clusters-Seurat-method | 33.08 | 2.52 | 96.55 | |
| analyse_sc_clusters-SingleCellExperiment-method | 31.42 | 2.01 | 94.94 | |
| analyse_sc_clusters | 31.16 | 1.33 | 94.91 | |
| get_reactome_data_types | 0.05 | 0.00 | 1.54 | |
| get_reactome_methods | 0.03 | 0.00 | 2.03 | |
| get_result-ReactomeAnalysisResult-method | 0.16 | 0.02 | 0.18 | |
| get_result | 0.15 | 0.00 | 0.15 | |
| names-ReactomeAnalysisResult-method | 0.14 | 0.00 | 0.14 | |
| open_reactome-ReactomeAnalysisResult-method | 0.14 | 0.00 | 0.14 | |
| open_reactome | 0.15 | 0.00 | 0.15 | |
| pathways-ReactomeAnalysisResult-method | 1.49 | 0.02 | 1.50 | |
| pathways | 1.09 | 0.03 | 1.13 | |
| perform_reactome_analysis | 2.05 | 0.02 | 17.23 | |
| plot_correlations-ReactomeAnalysisResult-method | 1.58 | 0.03 | 1.61 | |
| plot_correlations | 1.89 | 0.09 | 1.98 | |
| plot_gsva_heatmap-ReactomeAnalysisResult-method | 31.86 | 0.77 | 91.66 | |
| plot_gsva_heatmap | 31.51 | 1.51 | 96.36 | |
| plot_gsva_pathway-ReactomeAnalysisResult-method | 31.30 | 1.25 | 89.67 | |
| plot_gsva_pathway | 30.47 | 1.27 | 89.91 | |
| plot_gsva_pca-ReactomeAnalysisResult-method | 30.83 | 1.22 | 89.44 | |
| plot_gsva_pca | 29.68 | 1.11 | 92.06 | |
| plot_heatmap-ReactomeAnalysisResult-method | 1.91 | 0.01 | 1.95 | |
| plot_heatmap | 1.75 | 0.02 | 1.76 | |
| plot_volcano-ReactomeAnalysisResult-method | 0.15 | 0.01 | 0.17 | |
| plot_volcano | 0.17 | 0.02 | 0.19 | |
| print-ReactomeAnalysisRequest-method | 0 | 0 | 0 | |
| print-ReactomeAnalysisResult-method | 0.16 | 0.00 | 0.16 | |
| reactome_links-ReactomeAnalysisResult-method | 0.16 | 0.00 | 0.15 | |
| reactome_links | 0.14 | 0.01 | 0.16 | |
| result_types-ReactomeAnalysisResult-method | 0.14 | 0.04 | 0.17 | |
| result_types | 0.14 | 0.00 | 0.14 | |
| set_method-ReactomeAnalysisRequest-method | 0.00 | 0.00 | 0.01 | |
| set_method | 0 | 0 | 0 | |
| set_parameters-ReactomeAnalysisRequest-method | 0 | 0 | 0 | |
| set_parameters | 0 | 0 | 0 | |
| show-ReactomeAnalysisRequest-method | 0 | 0 | 0 | |
| show-ReactomeAnalysisResult-method | 0.14 | 0.01 | 0.16 | |