| Back to Multiple platform build/check report for BioC 3.16: simplified long |
|
This page was generated on 2023-04-12 11:05:50 -0400 (Wed, 12 Apr 2023).
| Hostname | OS | Arch (*) | R version | Installed pkgs |
|---|---|---|---|---|
| nebbiolo2 | Linux (Ubuntu 20.04.5 LTS) | x86_64 | 4.2.3 (2023-03-15) -- "Shortstop Beagle" | 4502 |
| palomino4 | Windows Server 2022 Datacenter | x64 | 4.2.3 (2023-03-15 ucrt) -- "Shortstop Beagle" | 4282 |
| lconway | macOS 12.5.1 Monterey | x86_64 | 4.2.3 (2023-03-15) -- "Shortstop Beagle" | 4310 |
| Click on any hostname to see more info about the system (e.g. compilers) (*) as reported by 'uname -p', except on Windows and Mac OS X | ||||
|
To the developers/maintainers of the RTCA package: - Please allow up to 24 hours (and sometimes 48 hours) for your latest push to git@git.bioconductor.org:packages/RTCA.git to reflect on this report. See How and When does the builder pull? When will my changes propagate? for more information. - Make sure to use the following settings in order to reproduce any error or warning you see on this page. |
| Package 1740/2183 | Hostname | OS / Arch | INSTALL | BUILD | CHECK | BUILD BIN | ||||||||
| RTCA 1.50.0 (landing page) Jitao David Zhang
| nebbiolo2 | Linux (Ubuntu 20.04.5 LTS) / x86_64 | OK | OK | WARNINGS | |||||||||
| palomino4 | Windows Server 2022 Datacenter / x64 | OK | OK | WARNINGS | OK | |||||||||
| lconway | macOS 12.5.1 Monterey / x86_64 | OK | OK | WARNINGS | OK | |||||||||
| Package: RTCA |
| Version: 1.50.0 |
| Command: F:\biocbuild\bbs-3.16-bioc\R\bin\R.exe CMD check --no-multiarch --install=check:RTCA.install-out.txt --library=F:\biocbuild\bbs-3.16-bioc\R\library --no-vignettes --timings RTCA_1.50.0.tar.gz |
| StartedAt: 2023-04-11 05:29:53 -0400 (Tue, 11 Apr 2023) |
| EndedAt: 2023-04-11 05:30:36 -0400 (Tue, 11 Apr 2023) |
| EllapsedTime: 43.9 seconds |
| RetCode: 0 |
| Status: WARNINGS |
| CheckDir: RTCA.Rcheck |
| Warnings: 1 |
############################################################################## ############################################################################## ### ### Running command: ### ### F:\biocbuild\bbs-3.16-bioc\R\bin\R.exe CMD check --no-multiarch --install=check:RTCA.install-out.txt --library=F:\biocbuild\bbs-3.16-bioc\R\library --no-vignettes --timings RTCA_1.50.0.tar.gz ### ############################################################################## ############################################################################## * using log directory 'F:/biocbuild/bbs-3.16-bioc/meat/RTCA.Rcheck' * using R version 4.2.3 (2023-03-15 ucrt) * using platform: x86_64-w64-mingw32 (64-bit) * using session charset: UTF-8 * using option '--no-vignettes' * checking for file 'RTCA/DESCRIPTION' ... OK * checking extension type ... Package * this is package 'RTCA' version '1.50.0' * checking package namespace information ... OK * checking package dependencies ... OK * checking if this is a source package ... OK * checking if there is a namespace ... OK * checking for hidden files and directories ... OK * checking for portable file names ... OK * checking whether package 'RTCA' can be installed ... OK * checking installed package size ... OK * checking package directory ... OK * checking 'build' directory ... OK * checking DESCRIPTION meta-information ... OK * checking top-level files ... OK * checking for left-over files ... OK * checking index information ... OK * checking package subdirectories ... OK * checking R files for non-ASCII characters ... OK * checking R files for syntax errors ... OK * checking whether the package can be loaded ... OK * checking whether the package can be loaded with stated dependencies ... OK * checking whether the package can be unloaded cleanly ... OK * checking whether the namespace can be loaded with stated dependencies ... OK * checking whether the namespace can be unloaded cleanly ... OK * checking dependencies in R code ... OK * checking S3 generic/method consistency ... OK * checking replacement functions ... OK * checking foreign function calls ... OK * checking R code for possible problems ... OK * checking Rd files ... OK * checking Rd metadata ... OK * checking Rd cross-references ... OK * checking for missing documentation entries ... OK * checking for code/documentation mismatches ... OK * checking Rd \usage sections ... WARNING Documented arguments not in \usage in documentation object 'interpolationTransform': '...' Functions with \usage entries need to have the appropriate \alias entries, and all their arguments documented. The \usage entries must correspond to syntactically valid R code. See chapter 'Writing R documentation files' in the 'Writing R Extensions' manual. * checking Rd contents ... OK * checking for unstated dependencies in examples ... OK * checking line endings in Makefiles ... OK * checking for GNU extensions in Makefiles ... OK * checking include directives in Makefiles ... OK * checking sizes of PDF files under 'inst/doc' ... OK * checking files in 'vignettes' ... OK * checking examples ... OK * checking for unstated dependencies in 'tests' ... OK * checking tests ... Running 'essentials.R' OK * checking for unstated dependencies in vignettes ... OK * checking package vignettes in 'inst/doc' ... OK * checking running R code from vignettes ... SKIPPED * checking re-building of vignette outputs ... SKIPPED * checking PDF version of manual ... OK * DONE Status: 1 WARNING See 'F:/biocbuild/bbs-3.16-bioc/meat/RTCA.Rcheck/00check.log' for details.
RTCA.Rcheck/00install.out
############################################################################## ############################################################################## ### ### Running command: ### ### F:\biocbuild\bbs-3.16-bioc\R\bin\R.exe CMD INSTALL RTCA ### ############################################################################## ############################################################################## * installing to library 'F:/biocbuild/bbs-3.16-bioc/R/library' * installing *source* package 'RTCA' ... ** using staged installation ** R ** inst ** byte-compile and prepare package for lazy loading ** help *** installing help indices ** building package indices ** installing vignettes ** testing if installed package can be loaded from temporary location ** testing if installed package can be loaded from final location ** testing if installed package keeps a record of temporary installation path * DONE (RTCA)
RTCA.Rcheck/tests/essentials.Rout
R version 4.2.3 (2023-03-15 ucrt) -- "Shortstop Beagle"
Copyright (C) 2023 The R Foundation for Statistical Computing
Platform: x86_64-w64-mingw32/x64 (64-bit)
R is free software and comes with ABSOLUTELY NO WARRANTY.
You are welcome to redistribute it under certain conditions.
Type 'license()' or 'licence()' for distribution details.
R is a collaborative project with many contributors.
Type 'contributors()' for more information and
'citation()' on how to cite R or R packages in publications.
Type 'demo()' for some demos, 'help()' for on-line help, or
'help.start()' for an HTML browser interface to help.
Type 'q()' to quit R.
> library(RTCA)
Loading required package: Biobase
Loading required package: BiocGenerics
Attaching package: 'BiocGenerics'
The following objects are masked from 'package:stats':
IQR, mad, sd, var, xtabs
The following objects are masked from 'package:base':
Filter, Find, Map, Position, Reduce, anyDuplicated, aperm, append,
as.data.frame, basename, cbind, colnames, dirname, do.call,
duplicated, eval, evalq, get, grep, grepl, intersect, is.unsorted,
lapply, mapply, match, mget, order, paste, pmax, pmax.int, pmin,
pmin.int, rank, rbind, rownames, sapply, setdiff, sort, table,
tapply, union, unique, unsplit, which.max, which.min
Welcome to Bioconductor
Vignettes contain introductory material; view with
'browseVignettes()'. To cite Bioconductor, see
'citation("Biobase")', and for packages 'citation("pkgname")'.
Loading required package: RColorBrewer
Loading required package: gtools
>
>
> tl <- new("RTCAtimeline")
> timeUnit(tl) <- "hour"
> startTime(tl) <- Sys.time()-3e6
> show(tl)
RTCAtimeline
================================================
time action
0 start
================================================
Time unit: hour
RTCA-run start time: 2023-03-07 11:10:24
>
> tl2 <- addAction(tl, 1, "seeding")
> show(tl2)
RTCAtimeline
================================================
time action
0 start
1 seeding
================================================
Time unit: hour
RTCA-run start time: 2023-03-07 11:10:24
> stopifnot(getAction(tl2, 0)=="start")
> stopifnot(is.null(getAction(tl2, -1)))
>
> rmAction(tl2, 0)
RTCAtimeline
================================================
time action
1 seeding
================================================
Time unit: hour
RTCA-run start time: 2023-03-07 11:10:24
> rmAction(tl2, 1)
RTCAtimeline
================================================
time action
0 start
================================================
Time unit: hour
RTCA-run start time: 2023-03-07 11:10:24
> rmAction(tl2, -1)
RTCAtimeline
================================================
time action
0 start
1 seeding
================================================
Time unit: hour
RTCA-run start time: 2023-03-07 11:10:24
>
> updateAction(tl2, 1, "not seeding")
RTCAtimeline
================================================
time action
0 start
1 not seeding
================================================
Time unit: hour
RTCA-run start time: 2023-03-07 11:10:24
> updateAction(tl2, -1,"not seeding")
RTCAtimeline
================================================
time action
-1 not seeding
0 start
1 seeding
================================================
Time unit: hour
RTCA-run start time: 2023-03-07 11:10:24
> updateAction(tl2, -1,"not seeding", ifnotfound="ignore")
RTCAtimeline
================================================
time action
0 start
1 seeding
================================================
Time unit: hour
RTCA-run start time: 2023-03-07 11:10:24
> startTime(tl2) <- as.POSIXct("2009-05-06 14:52:03")
> tl2
RTCAtimeline
================================================
time action
0 start
1 seeding
================================================
Time unit: hour
RTCA-run start time: 2009-05-06 14:52:03
>
> ofile <- system.file("/extdata/testOutput.csv", package="RTCA")
> x <- parseRTCA(ofile)
Read 245 items
>
> ## add actions to timeline
> x <- addAction(x, 22, "transfection")
> x <- addAction(x, 30, "change medium")
>
> xr <- ratioTransform(x, 35)
> xrs <- smoothTransform(xr)
> xi <- interpolationTransform(x)
> xd <- derivativeTransform(x)
> xrgr <- rgrTransform(x)
> #plotRTCA(xrgr, xlim=c(35, 80), ylim=c(-0.2, 0.2))
> plot(sliceRTCA(x,0, 80)[,c(11,13)], type="l", col="black", ylim=c(0, 1.5))
> abline(h=0, col=2, lty=5)
> plot(sliceRTCA(xrgr, 20, 80)[,c(11,13)], type="l", col="black")
> abline(h=0, col=2, lty=5)
>
> plotGridEffect(x)
> plotGridEffect(x, "col")
> plateView(sliceRTCA(x, 0, 80))
>
> proc.time()
user system elapsed
1.70 0.15 1.82
RTCA.Rcheck/RTCA-Ex.timings
| name | user | system | elapsed | |
| RTCA-class | 0.18 | 0.00 | 0.19 | |
| RTCAtimeline-class | 0.00 | 0.02 | 0.01 | |
| alphaNames | 0.02 | 0.00 | 0.02 | |
| combineRTCA | 0.16 | 0.00 | 0.16 | |
| controlView | 0.12 | 0.00 | 0.13 | |
| derivativeTransform | 0.14 | 0.01 | 0.15 | |
| factor2numeric | 0 | 0 | 0 | |
| interpolationTransform | 0.17 | 0.00 | 0.17 | |
| nearestTimeIndex | 0.14 | 0.00 | 0.15 | |
| parseRTCA | 0.41 | 0.03 | 0.44 | |
| plateView | 0.21 | 0.00 | 0.22 | |
| plotGridEffect | 0.29 | 0.00 | 0.28 | |
| ratioTransform | 0.11 | 0.00 | 0.11 | |
| rgrTransform | 0.32 | 0.05 | 0.37 | |
| sliceRTCA | 0.13 | 0.00 | 0.13 | |
| smoothTransform | 0.20 | 0.02 | 0.22 | |
| spectramaxImport | 0.02 | 0.00 | 0.01 | |