| Back to Multiple platform build/check report for BioC 3.16: simplified long |
|
This page was generated on 2023-04-12 11:05:16 -0400 (Wed, 12 Apr 2023).
| Hostname | OS | Arch (*) | R version | Installed pkgs |
|---|---|---|---|---|
| nebbiolo2 | Linux (Ubuntu 20.04.5 LTS) | x86_64 | 4.2.3 (2023-03-15) -- "Shortstop Beagle" | 4502 |
| palomino4 | Windows Server 2022 Datacenter | x64 | 4.2.3 (2023-03-15 ucrt) -- "Shortstop Beagle" | 4282 |
| lconway | macOS 12.5.1 Monterey | x86_64 | 4.2.3 (2023-03-15) -- "Shortstop Beagle" | 4310 |
| Click on any hostname to see more info about the system (e.g. compilers) (*) as reported by 'uname -p', except on Windows and Mac OS X | ||||
|
To the developers/maintainers of the RGMQL package: - Please allow up to 24 hours (and sometimes 48 hours) for your latest push to git@git.bioconductor.org:packages/RGMQL.git to reflect on this report. See How and When does the builder pull? When will my changes propagate? for more information. - Make sure to use the following settings in order to reproduce any error or warning you see on this page. |
| Package 1662/2183 | Hostname | OS / Arch | INSTALL | BUILD | CHECK | BUILD BIN | ||||||||
| RGMQL 1.18.0 (landing page) Simone Pallotta
| nebbiolo2 | Linux (Ubuntu 20.04.5 LTS) / x86_64 | OK | OK | WARNINGS | |||||||||
| palomino4 | Windows Server 2022 Datacenter / x64 | OK | OK | ERROR | OK | |||||||||
| lconway | macOS 12.5.1 Monterey / x86_64 | ... NOT SUPPORTED ... | ||||||||||||
| Package: RGMQL |
| Version: 1.18.0 |
| Command: /home/biocbuild/bbs-3.16-bioc/R/bin/R CMD check --install=check:RGMQL.install-out.txt --library=/home/biocbuild/bbs-3.16-bioc/R/site-library --timings RGMQL_1.18.0.tar.gz |
| StartedAt: 2023-04-10 23:25:01 -0400 (Mon, 10 Apr 2023) |
| EndedAt: 2023-04-10 23:29:16 -0400 (Mon, 10 Apr 2023) |
| EllapsedTime: 255.0 seconds |
| RetCode: 0 |
| Status: WARNINGS |
| CheckDir: RGMQL.Rcheck |
| Warnings: 1 |
##############################################################################
##############################################################################
###
### Running command:
###
### /home/biocbuild/bbs-3.16-bioc/R/bin/R CMD check --install=check:RGMQL.install-out.txt --library=/home/biocbuild/bbs-3.16-bioc/R/site-library --timings RGMQL_1.18.0.tar.gz
###
##############################################################################
##############################################################################
* using log directory ‘/home/biocbuild/bbs-3.16-bioc/meat/RGMQL.Rcheck’
* using R version 4.2.3 (2023-03-15)
* using platform: x86_64-pc-linux-gnu (64-bit)
* using session charset: UTF-8
* checking for file ‘RGMQL/DESCRIPTION’ ... OK
* checking extension type ... Package
* this is package ‘RGMQL’ version ‘1.18.0’
* package encoding: UTF-8
* checking package namespace information ... OK
* checking package dependencies ... OK
* checking if this is a source package ... OK
* checking if there is a namespace ... OK
* checking for hidden files and directories ... NOTE
Found the following hidden files and directories:
.BBSoptions
These were most likely included in error. See section ‘Package
structure’ in the ‘Writing R Extensions’ manual.
* checking for portable file names ... WARNING
Found the following files with non-portable file names:
Example of workflows/use_case_1 - GITHUB.Rmd
Example of workflows/use_case_1 - GITHUB.html
Example of workflows/use_case_3 - GITHUB.Rmd
Example of workflows/use_case_3 - GITHUB.html
Example of workflows
These are not fully portable file names.
See section ‘Package structure’ in the ‘Writing R Extensions’ manual.
* checking for sufficient/correct file permissions ... OK
* checking whether package ‘RGMQL’ can be installed ... OK
* checking installed package size ... NOTE
installed size is 90.0Mb
sub-directories of 1Mb or more:
example 89.3Mb
* checking package directory ... OK
* checking ‘build’ directory ... OK
* checking DESCRIPTION meta-information ... OK
* checking top-level files ... OK
* checking for left-over files ... OK
* checking index information ... OK
* checking package subdirectories ... OK
* checking R files for non-ASCII characters ... OK
* checking R files for syntax errors ... OK
* checking whether the package can be loaded ... OK
* checking whether the package can be loaded with stated dependencies ... OK
* checking whether the package can be unloaded cleanly ... OK
* checking whether the namespace can be loaded with stated dependencies ... OK
* checking whether the namespace can be unloaded cleanly ... OK
* checking loading without being on the library search path ... OK
* checking dependencies in R code ... OK
* checking S3 generic/method consistency ... OK
* checking replacement functions ... OK
* checking foreign function calls ... OK
* checking R code for possible problems ... OK
* checking Rd files ... OK
* checking Rd metadata ... OK
* checking Rd cross-references ... OK
* checking for missing documentation entries ... OK
* checking for code/documentation mismatches ... OK
* checking Rd \usage sections ... OK
* checking Rd contents ... OK
* checking for unstated dependencies in examples ... OK
* checking files in ‘vignettes’ ... OK
* checking examples ... OK
Examples with CPU (user + system) or elapsed time > 5s
user system elapsed
take 7.413 0.285 1.620
aggr-class 6.907 0.512 3.408
show_dataset 0.087 0.017 6.147
* checking for unstated dependencies in vignettes ... OK
* checking package vignettes in ‘inst/doc’ ... OK
* checking running R code from vignettes ...
‘RGMQL-vignette.Rmd’ using ‘UTF-8’... OK
NONE
* checking re-building of vignette outputs ... OK
* checking PDF version of manual ... OK
* DONE
Status: 1 WARNING, 2 NOTEs
See
‘/home/biocbuild/bbs-3.16-bioc/meat/RGMQL.Rcheck/00check.log’
for details.
RGMQL.Rcheck/00install.out
############################################################################## ############################################################################## ### ### Running command: ### ### /home/biocbuild/bbs-3.16-bioc/R/bin/R CMD INSTALL RGMQL ### ############################################################################## ############################################################################## * installing to library ‘/home/biocbuild/bbs-3.16-bioc/R/site-library’ * installing *source* package ‘RGMQL’ ... ** using staged installation ** R ** inst ** byte-compile and prepare package for lazy loading ** help *** installing help indices ** building package indices ** installing vignettes ** testing if installed package can be loaded from temporary location ** testing if installed package can be loaded from final location ** testing if installed package keeps a record of temporary installation path * DONE (RGMQL)
RGMQL.Rcheck/RGMQL-Ex.timings
| name | user | system | elapsed | |
| aggr-class | 6.907 | 0.512 | 3.408 | |
| aggregate | 0.046 | 0.003 | 0.020 | |
| arrange | 0.046 | 0.004 | 0.024 | |
| collect | 0.034 | 0.001 | 0.021 | |
| compile_query | 0.110 | 0.009 | 2.026 | |
| cover-param-class | 0.099 | 0.002 | 0.058 | |
| cover | 0.069 | 0.004 | 0.044 | |
| delete_dataset | 0 | 0 | 0 | |
| distal-class | 0.088 | 0.004 | 0.072 | |
| download_dataset | 0 | 0 | 0 | |
| execute | 0.035 | 0.003 | 0.022 | |
| export_gmql | 0.394 | 0.036 | 0.424 | |
| extend | 0.042 | 0.004 | 0.027 | |
| filter | 0.105 | 0.004 | 0.068 | |
| filter_and_extract | 1.566 | 0.052 | 1.616 | |
| group_by | 0.055 | 0.001 | 0.041 | |
| import_gmql | 0.139 | 0.000 | 0.138 | |
| init_gmql | 0.026 | 0.000 | 0.172 | |
| log_job | 0.025 | 0.000 | 0.343 | |
| login_gmql | 0.011 | 0.000 | 0.159 | |
| logout_gmql | 0.034 | 0.000 | 0.404 | |
| map | 0.073 | 0.000 | 0.056 | |
| merge | 0.108 | 0.000 | 0.055 | |
| operator-class | 0.151 | 0.005 | 0.090 | |
| ordering-class | 0.070 | 0.004 | 0.032 | |
| read-function | 0.100 | 0.004 | 0.418 | |
| register_gmql | 0 | 0 | 0 | |
| remote_processing | 0.012 | 0.000 | 0.009 | |
| run_query | 0 | 0 | 0 | |
| sample_metadata | 0.029 | 0.004 | 0.484 | |
| sample_region | 0.001 | 0.000 | 0.001 | |
| save_query | 0.065 | 0.004 | 1.544 | |
| select | 0.059 | 0.004 | 0.046 | |
| semijoin | 0.080 | 0.004 | 0.048 | |
| setdiff | 0.059 | 0.000 | 0.035 | |
| show_all_metadata | 0.053 | 0.004 | 0.611 | |
| show_dataset | 0.087 | 0.017 | 6.147 | |
| show_jobs_list | 0.025 | 0.000 | 0.343 | |
| show_queries_list | 0.024 | 0.000 | 0.339 | |
| show_samples_list | 0.025 | 0.000 | 0.344 | |
| show_schema | 0.023 | 0.000 | 0.340 | |
| stop_gmql | 0.104 | 0.034 | 0.061 | |
| stop_job | 0.001 | 0.000 | 0.000 | |
| take | 7.413 | 0.285 | 1.620 | |
| union | 0.133 | 0.001 | 0.042 | |
| upload_dataset | 0 | 0 | 0 | |