| Back to Multiple platform build/check report for BioC 3.16: simplified long |
|
This page was generated on 2023-04-12 11:05:14 -0400 (Wed, 12 Apr 2023).
| Hostname | OS | Arch (*) | R version | Installed pkgs |
|---|---|---|---|---|
| nebbiolo2 | Linux (Ubuntu 20.04.5 LTS) | x86_64 | 4.2.3 (2023-03-15) -- "Shortstop Beagle" | 4502 |
| palomino4 | Windows Server 2022 Datacenter | x64 | 4.2.3 (2023-03-15 ucrt) -- "Shortstop Beagle" | 4282 |
| lconway | macOS 12.5.1 Monterey | x86_64 | 4.2.3 (2023-03-15) -- "Shortstop Beagle" | 4310 |
| Click on any hostname to see more info about the system (e.g. compilers) (*) as reported by 'uname -p', except on Windows and Mac OS X | ||||
|
To the developers/maintainers of the PrInCE package: - Please allow up to 24 hours (and sometimes 48 hours) for your latest push to git@git.bioconductor.org:packages/PrInCE.git to reflect on this report. See How and When does the builder pull? When will my changes propagate? for more information. - Make sure to use the following settings in order to reproduce any error or warning you see on this page. |
| Package 1520/2183 | Hostname | OS / Arch | INSTALL | BUILD | CHECK | BUILD BIN | ||||||||
| PrInCE 1.14.0 (landing page) Michael Skinnider
| nebbiolo2 | Linux (Ubuntu 20.04.5 LTS) / x86_64 | OK | OK | WARNINGS | |||||||||
| palomino4 | Windows Server 2022 Datacenter / x64 | OK | OK | WARNINGS | OK | |||||||||
| lconway | macOS 12.5.1 Monterey / x86_64 | OK | OK | WARNINGS | OK | |||||||||
| Package: PrInCE |
| Version: 1.14.0 |
| Command: /home/biocbuild/bbs-3.16-bioc/R/bin/R CMD check --install=check:PrInCE.install-out.txt --library=/home/biocbuild/bbs-3.16-bioc/R/site-library --timings PrInCE_1.14.0.tar.gz |
| StartedAt: 2023-04-10 23:03:12 -0400 (Mon, 10 Apr 2023) |
| EndedAt: 2023-04-10 23:08:22 -0400 (Mon, 10 Apr 2023) |
| EllapsedTime: 310.2 seconds |
| RetCode: 0 |
| Status: WARNINGS |
| CheckDir: PrInCE.Rcheck |
| Warnings: 1 |
##############################################################################
##############################################################################
###
### Running command:
###
### /home/biocbuild/bbs-3.16-bioc/R/bin/R CMD check --install=check:PrInCE.install-out.txt --library=/home/biocbuild/bbs-3.16-bioc/R/site-library --timings PrInCE_1.14.0.tar.gz
###
##############################################################################
##############################################################################
* using log directory ‘/home/biocbuild/bbs-3.16-bioc/meat/PrInCE.Rcheck’
* using R version 4.2.3 (2023-03-15)
* using platform: x86_64-pc-linux-gnu (64-bit)
* using session charset: UTF-8
* checking for file ‘PrInCE/DESCRIPTION’ ... OK
* this is package ‘PrInCE’ version ‘1.14.0’
* package encoding: UTF-8
* checking package namespace information ... OK
* checking package dependencies ... OK
* checking if this is a source package ... OK
* checking if there is a namespace ... OK
* checking for hidden files and directories ... NOTE
Found the following hidden files and directories:
.lintr
These were most likely included in error. See section ‘Package
structure’ in the ‘Writing R Extensions’ manual.
* checking for portable file names ... OK
* checking for sufficient/correct file permissions ... OK
* checking whether package ‘PrInCE’ can be installed ... OK
* checking installed package size ... OK
* checking package directory ... OK
* checking ‘build’ directory ... OK
* checking DESCRIPTION meta-information ... OK
* checking top-level files ... OK
* checking for left-over files ... OK
* checking index information ... OK
* checking package subdirectories ... OK
* checking R files for non-ASCII characters ... OK
* checking R files for syntax errors ... OK
* checking whether the package can be loaded ... OK
* checking whether the package can be loaded with stated dependencies ... OK
* checking whether the package can be unloaded cleanly ... OK
* checking whether the namespace can be loaded with stated dependencies ... OK
* checking whether the namespace can be unloaded cleanly ... OK
* checking loading without being on the library search path ... OK
* checking dependencies in R code ... OK
* checking S3 generic/method consistency ... OK
* checking replacement functions ... OK
* checking foreign function calls ... OK
* checking R code for possible problems ... NOTE
calculate_features: no visible global function definition for
‘quantile’
Undefined global functions or variables:
quantile
Consider adding
importFrom("stats", "quantile")
to your NAMESPACE file.
* checking Rd files ... OK
* checking Rd metadata ... OK
* checking Rd cross-references ... OK
* checking for missing documentation entries ... OK
* checking for code/documentation mismatches ... OK
* checking Rd \usage sections ... WARNING
Undocumented arguments in documentation object 'calculate_autocorrelation'
‘min_replicates’
Undocumented arguments in documentation object 'calculate_features'
‘n_pairs’
Functions with \usage entries need to have the appropriate \alias
entries, and all their arguments documented.
The \usage entries must correspond to syntactically valid R code.
See chapter ‘Writing R documentation files’ in the ‘Writing R
Extensions’ manual.
* checking Rd contents ... OK
* checking for unstated dependencies in examples ... OK
* checking contents of ‘data’ directory ... OK
* checking data for non-ASCII characters ... OK
* checking data for ASCII and uncompressed saves ... OK
* checking files in ‘vignettes’ ... OK
* checking examples ... OK
Examples with CPU (user + system) or elapsed time > 5s
user system elapsed
PrInCE 6.769 0.192 6.987
predict_ensemble 6.331 0.108 6.445
calculate_precision 5.626 0.091 5.757
predict_interactions 5.555 0.032 5.606
* checking for unstated dependencies in vignettes ... OK
* checking package vignettes in ‘inst/doc’ ... OK
* checking running R code from vignettes ...
‘intro-to-prince.Rmd’ using ‘UTF-8’... OK
NONE
* checking re-building of vignette outputs ... OK
* checking PDF version of manual ... OK
* DONE
Status: 1 WARNING, 2 NOTEs
See
‘/home/biocbuild/bbs-3.16-bioc/meat/PrInCE.Rcheck/00check.log’
for details.
PrInCE.Rcheck/00install.out
############################################################################## ############################################################################## ### ### Running command: ### ### /home/biocbuild/bbs-3.16-bioc/R/bin/R CMD INSTALL PrInCE ### ############################################################################## ############################################################################## * installing to library ‘/home/biocbuild/bbs-3.16-bioc/R/site-library’ * installing *source* package ‘PrInCE’ ... ** using staged installation ** R ** data ** inst ** byte-compile and prepare package for lazy loading ** help Loading required namespace: PrInCE Registered S3 method overwritten by 'quantmod': method from as.zoo.data.frame zoo *** installing help indices ** building package indices ** installing vignettes ** testing if installed package can be loaded from temporary location ** testing if installed package can be loaded from final location ** testing if installed package keeps a record of temporary installation path * DONE (PrInCE)
PrInCE.Rcheck/PrInCE-Ex.timings
| name | user | system | elapsed | |
| PrInCE | 6.769 | 0.192 | 6.987 | |
| adjacency_matrix_from_data_frame | 0.001 | 0.000 | 0.002 | |
| adjacency_matrix_from_list | 0.444 | 0.008 | 0.453 | |
| build_gaussians | 0.652 | 0.056 | 0.710 | |
| calculate_precision | 5.626 | 0.091 | 5.757 | |
| check_gaussians | 0.151 | 0.000 | 0.152 | |
| choose_gaussians | 0.232 | 0.004 | 0.235 | |
| clean_profile | 0.049 | 0.004 | 0.052 | |
| clean_profiles | 0.049 | 0.000 | 0.050 | |
| co_apex | 0.141 | 0.000 | 0.142 | |
| detect_complexes | 0.125 | 0.000 | 0.125 | |
| filter_profiles | 0.36 | 0.00 | 0.36 | |
| fit_curve | 0.169 | 0.000 | 0.169 | |
| fit_gaussians | 0.173 | 0.000 | 0.174 | |
| impute_neighbors | 0.050 | 0.000 | 0.051 | |
| is_unweighted | 0.460 | 0.012 | 0.472 | |
| is_weighted | 0.498 | 0.036 | 0.545 | |
| make_initial_conditions | 0.053 | 0.000 | 0.053 | |
| make_labels | 0.480 | 0.012 | 0.493 | |
| match_matrix_dimensions | 0.665 | 0.012 | 0.679 | |
| predict_ensemble | 6.331 | 0.108 | 6.445 | |
| predict_interactions | 5.555 | 0.032 | 5.606 | |
| threshold_precision | 4.898 | 0.032 | 4.938 | |