| Back to Multiple platform build/check report for BioC 3.16: simplified long |
|
This page was generated on 2023-04-12 11:06:19 -0400 (Wed, 12 Apr 2023).
| Hostname | OS | Arch (*) | R version | Installed pkgs |
|---|---|---|---|---|
| nebbiolo2 | Linux (Ubuntu 20.04.5 LTS) | x86_64 | 4.2.3 (2023-03-15) -- "Shortstop Beagle" | 4502 |
| palomino4 | Windows Server 2022 Datacenter | x64 | 4.2.3 (2023-03-15 ucrt) -- "Shortstop Beagle" | 4282 |
| lconway | macOS 12.5.1 Monterey | x86_64 | 4.2.3 (2023-03-15) -- "Shortstop Beagle" | 4310 |
| Click on any hostname to see more info about the system (e.g. compilers) (*) as reported by 'uname -p', except on Windows and Mac OS X | ||||
|
To the developers/maintainers of the Pi package: - Please allow up to 24 hours (and sometimes 48 hours) for your latest push to git@git.bioconductor.org:packages/Pi.git to reflect on this report. See How and When does the builder pull? When will my changes propagate? for more information. - Make sure to use the following settings in order to reproduce any error or warning you see on this page. |
| Package 1482/2183 | Hostname | OS / Arch | INSTALL | BUILD | CHECK | BUILD BIN | ||||||||
| Pi 2.10.0 (landing page) Hai Fang
| nebbiolo2 | Linux (Ubuntu 20.04.5 LTS) / x86_64 | OK | OK | WARNINGS | |||||||||
| palomino4 | Windows Server 2022 Datacenter / x64 | OK | OK | WARNINGS | OK | |||||||||
| lconway | macOS 12.5.1 Monterey / x86_64 | OK | OK | WARNINGS | OK | |||||||||
| Package: Pi |
| Version: 2.10.0 |
| Command: /Library/Frameworks/R.framework/Resources/bin/R CMD check --install=check:Pi.install-out.txt --library=/Library/Frameworks/R.framework/Resources/library --no-vignettes --timings Pi_2.10.0.tar.gz |
| StartedAt: 2023-04-10 21:51:31 -0400 (Mon, 10 Apr 2023) |
| EndedAt: 2023-04-10 21:55:07 -0400 (Mon, 10 Apr 2023) |
| EllapsedTime: 216.7 seconds |
| RetCode: 0 |
| Status: WARNINGS |
| CheckDir: Pi.Rcheck |
| Warnings: 2 |
############################################################################## ############################################################################## ### ### Running command: ### ### /Library/Frameworks/R.framework/Resources/bin/R CMD check --install=check:Pi.install-out.txt --library=/Library/Frameworks/R.framework/Resources/library --no-vignettes --timings Pi_2.10.0.tar.gz ### ############################################################################## ############################################################################## * using log directory ‘/Users/biocbuild/bbs-3.16-bioc/meat/Pi.Rcheck’ * using R version 4.2.3 (2023-03-15) * using platform: x86_64-apple-darwin17.0 (64-bit) * using session charset: UTF-8 * using option ‘--no-vignettes’ * checking for file ‘Pi/DESCRIPTION’ ... OK * checking extension type ... Package * this is package ‘Pi’ version ‘2.10.0’ * checking package namespace information ... OK * checking package dependencies ... OK * checking if this is a source package ... OK * checking if there is a namespace ... OK * checking for hidden files and directories ... OK * checking for portable file names ... OK * checking for sufficient/correct file permissions ... OK * checking whether package ‘Pi’ can be installed ... WARNING Found the following significant warnings: Warning: replacing previous import ‘ROCR::plot’ by ‘graphics::plot’ when loading ‘Pi’ See ‘/Users/biocbuild/bbs-3.16-bioc/meat/Pi.Rcheck/00install.out’ for details. * checking installed package size ... OK * checking package directory ... OK * checking ‘build’ directory ... OK * checking DESCRIPTION meta-information ... OK * checking top-level files ... OK * checking for left-over files ... OK * checking index information ... OK * checking package subdirectories ... OK * checking R files for non-ASCII characters ... OK * checking R files for syntax errors ... OK * checking whether the package can be loaded ... OK * checking whether the package can be loaded with stated dependencies ... OK * checking whether the package can be unloaded cleanly ... OK * checking whether the namespace can be loaded with stated dependencies ... OK * checking whether the namespace can be unloaded cleanly ... OK * checking dependencies in R code ... WARNING '::' or ':::' import not declared from: 'pbapply' * checking S3 generic/method consistency ... OK * checking replacement functions ... OK * checking foreign function calls ... OK * checking R code for possible problems ... OK * checking Rd files ... OK * checking Rd metadata ... OK * checking Rd cross-references ... OK * checking for missing documentation entries ... OK * checking for code/documentation mismatches ... OK * checking Rd \usage sections ... OK * checking Rd contents ... OK * checking for unstated dependencies in examples ... OK * checking files in ‘vignettes’ ... OK * checking examples ... OK * checking for unstated dependencies in vignettes ... OK * checking package vignettes in ‘inst/doc’ ... OK * checking running R code from vignettes ... SKIPPED * checking re-building of vignette outputs ... SKIPPED * checking PDF version of manual ... OK * DONE Status: 2 WARNINGs See ‘/Users/biocbuild/bbs-3.16-bioc/meat/Pi.Rcheck/00check.log’ for details.
Pi.Rcheck/00install.out
############################################################################## ############################################################################## ### ### Running command: ### ### /Library/Frameworks/R.framework/Resources/bin/R CMD INSTALL Pi ### ############################################################################## ############################################################################## * installing to library ‘/Library/Frameworks/R.framework/Versions/4.2/Resources/library’ * installing *source* package ‘Pi’ ... ** using staged installation ** R ** inst ** byte-compile and prepare package for lazy loading Warning: replacing previous import ‘ROCR::plot’ by ‘graphics::plot’ when loading ‘Pi’ ** help *** installing help indices ** building package indices ** installing vignettes ** testing if installed package can be loaded from temporary location Warning: replacing previous import ‘ROCR::plot’ by ‘graphics::plot’ when loading ‘Pi’ ** testing if installed package can be loaded from final location Warning: replacing previous import ‘ROCR::plot’ by ‘graphics::plot’ when loading ‘Pi’ ** testing if installed package keeps a record of temporary installation path * DONE (Pi)
Pi.Rcheck/Pi-Ex.timings
| name | user | system | elapsed | |
| EG | 0.000 | 0.000 | 0.001 | |
| GS | 0 | 0 | 0 | |
| aOnto | 0.000 | 0.001 | 0.001 | |
| cTarget | 0.000 | 0.001 | 0.000 | |
| dTarget | 0.000 | 0.000 | 0.001 | |
| eGSEA | 0.000 | 0.001 | 0.001 | |
| eTarget | 0.000 | 0.000 | 0.001 | |
| eTerm | 0 | 0 | 0 | |
| iSubg | 0 | 0 | 0 | |
| ls_eTerm | 0.001 | 0.000 | 0.000 | |
| pNode | 0.000 | 0.001 | 0.001 | |
| pPerf | 0 | 0 | 0 | |
| sGS | 0 | 0 | 0 | |
| sTarget | 0 | 0 | 0 | |
| xAggregate | 0 | 0 | 0 | |
| xCheckParallel | 0 | 0 | 0 | |
| xCircos | 0.001 | 0.000 | 0.001 | |
| xColormap | 0.013 | 0.004 | 0.017 | |
| xCombineNet | 0 | 0 | 0 | |
| xContour | 0.031 | 0.007 | 0.037 | |
| xConverter | 0.025 | 0.006 | 0.032 | |
| xCorrelation | 0.000 | 0.001 | 0.000 | |
| xDAGanno | 0.000 | 0.001 | 0.001 | |
| xDefineEQTL | 0.000 | 0.001 | 0.000 | |
| xDefineHIC | 0 | 0 | 0 | |
| xDefineNet | 0.000 | 0.000 | 0.001 | |
| xDefineOntology | 0.000 | 0.001 | 0.000 | |
| xEnrichForest | 0.000 | 0.000 | 0.001 | |
| xEnrichViewer | 0 | 0 | 0 | |
| xEnricher | 0 | 0 | 0 | |
| xEnricherGenes | 0.000 | 0.001 | 0.001 | |
| xGGnetwork | 0.000 | 0.001 | 0.001 | |
| xGR | 0 | 0 | 0 | |
| xGR2nGenes | 0.000 | 0.001 | 0.001 | |
| xGR2xGeneScores | 0 | 0 | 0 | |
| xGR2xGenes | 0 | 0 | 0 | |
| xGRscores | 0 | 0 | 0 | |
| xGRsort | 0 | 0 | 0 | |
| xGSEAbarplot | 0 | 0 | 0 | |
| xGSEAconciser | 0 | 0 | 0 | |
| xGSEAdotplot | 0 | 0 | 0 | |
| xGSsimulator | 0 | 0 | 0 | |
| xGeneID2Symbol | 0.000 | 0.001 | 0.000 | |
| xHeatmap | 0.001 | 0.000 | 0.000 | |
| xLayout | 0.000 | 0.001 | 0.000 | |
| xLiftOver | 0.001 | 0.000 | 0.000 | |
| xMEabf | 0 | 0 | 0 | |
| xMLcaret | 0 | 0 | 0 | |
| xMLcompare | 0 | 0 | 0 | |
| xMLdensity | 0 | 0 | 0 | |
| xMLdotplot | 0.000 | 0.000 | 0.001 | |
| xMLfeatureplot | 0.000 | 0.000 | 0.001 | |
| xMLglmnet | 0 | 0 | 0 | |
| xMLparameters | 0 | 0 | 0 | |
| xMLrandomforest | 0 | 0 | 0 | |
| xMLrename | 0 | 0 | 0 | |
| xMLzoom | 0 | 0 | 0 | |
| xPieplot | 0 | 0 | 0 | |
| xPier | 0.000 | 0.000 | 0.001 | |
| xPierABF | 0 | 0 | 0 | |
| xPierABFheatmap | 0 | 0 | 0 | |
| xPierAnno | 0.000 | 0.001 | 0.000 | |
| xPierCor | 0 | 0 | 0 | |
| xPierCross | 0.000 | 0.001 | 0.000 | |
| xPierEvidence | 0 | 0 | 0 | |
| xPierGRs | 0.000 | 0.001 | 0.001 | |
| xPierGSEA | 0.000 | 0.000 | 0.001 | |
| xPierGenes | 0.000 | 0.000 | 0.001 | |
| xPierMRS | 0 | 0 | 0 | |
| xPierManhattan | 0 | 0 | 0 | |
| xPierMatrix | 0.000 | 0.001 | 0.000 | |
| xPierPathways | 0 | 0 | 0 | |
| xPierROCR | 0.000 | 0.001 | 0.000 | |
| xPierSNPs | 0.000 | 0.000 | 0.001 | |
| xPierSNPsAdv | 0 | 0 | 0 | |
| xPierSNPsAdvABF | 0 | 0 | 0 | |
| xPierSubnet | 0.001 | 0.000 | 0.001 | |
| xPierTrack | 0.000 | 0.000 | 0.001 | |
| xPierTrackAdv | 0.001 | 0.000 | 0.001 | |
| xPredictCompare | 0.000 | 0.000 | 0.001 | |
| xPredictROCR | 0.001 | 0.000 | 0.000 | |
| xRDataLoader | 0.000 | 0.000 | 0.001 | |
| xRWR | 0.001 | 0.000 | 0.001 | |
| xSM2DF | 0.013 | 0.003 | 0.016 | |
| xSNP2cGenes | 0.000 | 0.000 | 0.001 | |
| xSNP2eGenes | 0 | 0 | 0 | |
| xSNP2nGenes | 0 | 0 | 0 | |
| xSNPlocations | 0 | 0 | 0 | |
| xSNPscores | 0 | 0 | 0 | |
| xSparseMatrix | 0.010 | 0.003 | 0.013 | |
| xSubneterGenes | 0.000 | 0.000 | 0.001 | |
| xSymbol2GeneID | 0.000 | 0.000 | 0.001 | |
| xVisEvidence | 0.001 | 0.000 | 0.000 | |
| xVisEvidenceAdv | 0 | 0 | 0 | |
| xVisKernels | 0.016 | 0.011 | 0.028 | |
| xVisNet | 0 | 0 | 0 | |