| Back to Multiple platform build/check report for BioC 3.16: simplified long |
|
This page was generated on 2023-04-12 11:06:15 -0400 (Wed, 12 Apr 2023).
| Hostname | OS | Arch (*) | R version | Installed pkgs |
|---|---|---|---|---|
| nebbiolo2 | Linux (Ubuntu 20.04.5 LTS) | x86_64 | 4.2.3 (2023-03-15) -- "Shortstop Beagle" | 4502 |
| palomino4 | Windows Server 2022 Datacenter | x64 | 4.2.3 (2023-03-15 ucrt) -- "Shortstop Beagle" | 4282 |
| lconway | macOS 12.5.1 Monterey | x86_64 | 4.2.3 (2023-03-15) -- "Shortstop Beagle" | 4310 |
| Click on any hostname to see more info about the system (e.g. compilers) (*) as reported by 'uname -p', except on Windows and Mac OS X | ||||
|
To the developers/maintainers of the MIMOSA package: - Please allow up to 24 hours (and sometimes 48 hours) for your latest push to git@git.bioconductor.org:packages/MIMOSA.git to reflect on this report. See How and When does the builder pull? When will my changes propagate? for more information. - Make sure to use the following settings in order to reproduce any error or warning you see on this page. |
| Package 1204/2183 | Hostname | OS / Arch | INSTALL | BUILD | CHECK | BUILD BIN | ||||||||
| MIMOSA 1.36.0 (landing page) Greg Finak
| nebbiolo2 | Linux (Ubuntu 20.04.5 LTS) / x86_64 | OK | ERROR | skipped | |||||||||
| palomino4 | Windows Server 2022 Datacenter / x64 | OK | ERROR | skipped | skipped | |||||||||
| lconway | macOS 12.5.1 Monterey / x86_64 | OK | ERROR | skipped | skipped | |||||||||
| Package: MIMOSA |
| Version: 1.36.0 |
| Command: /Library/Frameworks/R.framework/Resources/bin/R CMD build --keep-empty-dirs --no-resave-data MIMOSA |
| StartedAt: 2023-04-10 17:08:10 -0400 (Mon, 10 Apr 2023) |
| EndedAt: 2023-04-10 17:11:03 -0400 (Mon, 10 Apr 2023) |
| EllapsedTime: 172.7 seconds |
| RetCode: 1 |
| Status: ERROR |
| PackageFile: None |
| PackageFileSize: NA |
##############################################################################
##############################################################################
###
### Running command:
###
### /Library/Frameworks/R.framework/Resources/bin/R CMD build --keep-empty-dirs --no-resave-data MIMOSA
###
##############################################################################
##############################################################################
* checking for file ‘MIMOSA/DESCRIPTION’ ... OK
* preparing ‘MIMOSA’:
* checking DESCRIPTION meta-information ... OK
* cleaning src
* installing the package to build vignettes
* creating vignettes ... ERROR
--- re-building ‘MIMOSA.Rnw’ using knitr
Error: processing vignette 'MIMOSA.Rnw' failed with diagnostics:
Running 'texi2dvi' on 'MIMOSA.tex' failed.
LaTeX errors:
! TeX capacity exceeded, sorry [main memory size=5000000].
l.54112 ## REJECTED alphau_1
9.655984, deltall: -12.691260 newll -15471.7678...
If you really absolutely need more capacity,
you can ask a wizard to enlarge me.
! ==> Fatal error occurred, no output PDF file produced!
--- failed re-building ‘MIMOSA.Rnw’
SUMMARY: processing the following file failed:
‘MIMOSA.Rnw’
Error: Vignette re-building failed.
Execution halted