| Back to Multiple platform build/check report for BioC 3.16: simplified long |
|
This page was generated on 2023-04-12 11:05:08 -0400 (Wed, 12 Apr 2023).
| Hostname | OS | Arch (*) | R version | Installed pkgs |
|---|---|---|---|---|
| nebbiolo2 | Linux (Ubuntu 20.04.5 LTS) | x86_64 | 4.2.3 (2023-03-15) -- "Shortstop Beagle" | 4502 |
| palomino4 | Windows Server 2022 Datacenter | x64 | 4.2.3 (2023-03-15 ucrt) -- "Shortstop Beagle" | 4282 |
| lconway | macOS 12.5.1 Monterey | x86_64 | 4.2.3 (2023-03-15) -- "Shortstop Beagle" | 4310 |
| Click on any hostname to see more info about the system (e.g. compilers) (*) as reported by 'uname -p', except on Windows and Mac OS X | ||||
|
To the developers/maintainers of the LineagePulse package: - Please allow up to 24 hours (and sometimes 48 hours) for your latest push to git@git.bioconductor.org:packages/LineagePulse.git to reflect on this report. See How and When does the builder pull? When will my changes propagate? for more information. - Make sure to use the following settings in order to reproduce any error or warning you see on this page. |
| Package 1042/2183 | Hostname | OS / Arch | INSTALL | BUILD | CHECK | BUILD BIN | ||||||||
| LineagePulse 1.18.0 (landing page) David S Fischer
| nebbiolo2 | Linux (Ubuntu 20.04.5 LTS) / x86_64 | OK | OK | WARNINGS | |||||||||
| palomino4 | Windows Server 2022 Datacenter / x64 | OK | OK | WARNINGS | OK | |||||||||
| lconway | macOS 12.5.1 Monterey / x86_64 | OK | OK | WARNINGS | OK | |||||||||
| Package: LineagePulse |
| Version: 1.18.0 |
| Command: /home/biocbuild/bbs-3.16-bioc/R/bin/R CMD check --install=check:LineagePulse.install-out.txt --library=/home/biocbuild/bbs-3.16-bioc/R/site-library --timings LineagePulse_1.18.0.tar.gz |
| StartedAt: 2023-04-10 21:35:57 -0400 (Mon, 10 Apr 2023) |
| EndedAt: 2023-04-10 21:43:45 -0400 (Mon, 10 Apr 2023) |
| EllapsedTime: 467.9 seconds |
| RetCode: 0 |
| Status: WARNINGS |
| CheckDir: LineagePulse.Rcheck |
| Warnings: 1 |
##############################################################################
##############################################################################
###
### Running command:
###
### /home/biocbuild/bbs-3.16-bioc/R/bin/R CMD check --install=check:LineagePulse.install-out.txt --library=/home/biocbuild/bbs-3.16-bioc/R/site-library --timings LineagePulse_1.18.0.tar.gz
###
##############################################################################
##############################################################################
* using log directory ‘/home/biocbuild/bbs-3.16-bioc/meat/LineagePulse.Rcheck’
* using R version 4.2.3 (2023-03-15)
* using platform: x86_64-pc-linux-gnu (64-bit)
* using session charset: UTF-8
* checking for file ‘LineagePulse/DESCRIPTION’ ... OK
* checking extension type ... Package
* this is package ‘LineagePulse’ version ‘1.18.0’
* package encoding: UTF-8
* checking package namespace information ... OK
* checking package dependencies ... OK
* checking if this is a source package ... OK
* checking if there is a namespace ... OK
* checking for hidden files and directories ... OK
* checking for portable file names ... OK
* checking for sufficient/correct file permissions ... OK
* checking whether package ‘LineagePulse’ can be installed ... WARNING
Found the following significant warnings:
Note: possible error in 'evalLogLikGeneMM(vecCounts = vecCounts, ': unused arguments (matDispParam = matDispParam, matDropParam = matDropParam, matWeights = matWeights)
Note: possible error in 'evalLogLikGeneMM(vecCounts = vecCounts, ': unused arguments (matDispParam = do.call(cbind, lapply(seq_len(ncol(matWeights)), function(m) vecDispParam)), matDropParam = do.call(cbind, lapply(seq_len(ncol(matWeights)), function(m) vecPiParam)), matWeights = matWeights)
See ‘/home/biocbuild/bbs-3.16-bioc/meat/LineagePulse.Rcheck/00install.out’ for details.
Information on the location(s) of code generating the ‘Note’s can be
obtained by re-running with environment variable R_KEEP_PKG_SOURCE set
to ‘yes’.
* checking installed package size ... OK
* checking package directory ... OK
* checking ‘build’ directory ... OK
* checking DESCRIPTION meta-information ... OK
* checking top-level files ... OK
* checking for left-over files ... OK
* checking index information ... OK
* checking package subdirectories ... OK
* checking R files for non-ASCII characters ... OK
* checking R files for syntax errors ... OK
* checking whether the package can be loaded ... OK
* checking whether the package can be loaded with stated dependencies ... OK
* checking whether the package can be unloaded cleanly ... OK
* checking whether the namespace can be loaded with stated dependencies ... OK
* checking whether the namespace can be unloaded cleanly ... OK
* checking loading without being on the library search path ... OK
* checking dependencies in R code ... OK
* checking S3 generic/method consistency ... OK
* checking replacement functions ... OK
* checking foreign function calls ... OK
* checking R code for possible problems ... NOTE
decompressDispByGeneMM: no visible binding for global variable
‘lsDispModel’
evalLogLikMatrix : <anonymous>: possible error in
evalLogLikGeneMM(vecCounts = vecCounts, matMuParam = matMuParam,
vecNormConst = lsMuModel$lsMuModelGlobal$vecNormConst, matDispParam =
matDispParam, matDropParam = matDropParam, matWeights = matWeights,
vecidxNotZero = which(!is.na(vecCounts) & vecCounts > 0), vecidxZero
= which(!is.na(vecCounts) & vecCounts == 0), scaNCells =
length(vecCounts)): unused arguments (matDispParam = matDispParam,
matDropParam = matDropParam, matWeights = matWeights)
evalLogLikMatrix : <anonymous>: possible error in
evalLogLikGeneMM(vecCounts = vecCounts, matMuParam = do.call(cbind,
lapply(seq_len(ncol(matWeights)), function(m) vecMuParam)),
vecNormConst = lsMuModel$lsMuModelGlobal$vecNormConst, matDispParam =
do.call(cbind, lapply(seq_len(ncol(matWeights)), function(m)
vecDispParam)), matDropParam = do.call(cbind,
lapply(seq_len(ncol(matWeights)), function(m) vecPiParam)),
matWeights = matWeights, vecidxNotZero = which(!is.na(vecCounts) &
vecCounts > 0), vecidxZero = which(!is.na(vecCounts) & vecCounts ==
0), : unused arguments (matDispParam = do.call(cbind,
lapply(seq_len(ncol(matWeights)), function(m) vecDispParam)),
matDropParam = do.call(cbind, lapply(seq_len(ncol(matWeights)),
function(m) vecPiParam)), matWeights = matWeights)
evalLogLikMatrix : <anonymous>: possible error in scaNCells =
length(vecCounts)): unused arguments (matDispParam = do.call(cbind,
lapply(seq_len(ncol(matWeights)), function(m) vecDispParam)),
matDropParam = do.call(cbind, lapply(seq_len(ncol(matWeights)),
function(m) vecPiParam)), matWeights = matWeights)
plotCellDensity: no visible binding for global variable ‘continuous’
plotGene: no visible binding for global variable ‘x’
plotGene: no visible binding for global variable ‘dropout_posterior’
plotGene: no visible binding for global variable ‘groups’
plotGene: no visible binding for global variable ‘dfAnnot’
plotGene: no visible binding for global variable ‘mean_count’
plotGene: no visible binding for global variable ‘quantile_25’
plotGene: no visible binding for global variable ‘quantile_75’
plotGene: no visible binding for global variable ‘model’
plotGene: no visible binding for global variable ‘continuous’
plotGene: no visible binding for global variable ‘trajectory_contour’
plotGene: no visible binding for global variable ‘ncells’
Undefined global functions or variables:
continuous dfAnnot dropout_posterior groups lsDispModel mean_count
model ncells quantile_25 quantile_75 trajectory_contour x
* checking Rd files ... OK
* checking Rd metadata ... OK
* checking Rd cross-references ... OK
* checking for missing documentation entries ... OK
* checking for code/documentation mismatches ... OK
* checking Rd \usage sections ... OK
* checking Rd contents ... OK
* checking for unstated dependencies in examples ... OK
* checking files in ‘vignettes’ ... OK
* checking examples ... OK
Examples with CPU (user + system) or elapsed time > 5s
user system elapsed
plotCellDensity 34.972 0.104 35.076
accessors 19.519 0.828 20.347
cash-LineagePulseObject-method 18.590 0.376 18.965
getFitsDropout 18.517 0.189 18.706
getNormData 18.531 0.067 18.599
names-LineagePulseObject-method 18.468 0.072 18.539
getFitsMean 18.289 0.176 18.465
getPostDrop 18.274 0.164 18.438
writeReport 18.280 0.100 18.379
sub-sub-LineagePulseObject-character-missing-method 17.766 0.012 17.778
getFitsDispersion 17.211 0.215 17.427
testDropout 15.463 0.044 15.507
plotGene 15.246 0.044 15.290
runLineagePulse 13.629 0.036 13.666
sortGeneTrajectories 13.593 0.040 13.634
* checking for unstated dependencies in vignettes ... OK
* checking package vignettes in ‘inst/doc’ ... OK
* checking running R code from vignettes ...
‘LineagePulse_Tutorial.Rmd’ using ‘UTF-8’... OK
NONE
* checking re-building of vignette outputs ... OK
* checking PDF version of manual ... OK
* DONE
Status: 1 WARNING, 1 NOTE
See
‘/home/biocbuild/bbs-3.16-bioc/meat/LineagePulse.Rcheck/00check.log’
for details.
LineagePulse.Rcheck/00install.out
############################################################################## ############################################################################## ### ### Running command: ### ### /home/biocbuild/bbs-3.16-bioc/R/bin/R CMD INSTALL LineagePulse ### ############################################################################## ############################################################################## * installing to library ‘/home/biocbuild/bbs-3.16-bioc/R/site-library’ * installing *source* package ‘LineagePulse’ ... ** using staged installation ** R ** inst ** byte-compile and prepare package for lazy loading Note: possible error in 'evalLogLikGeneMM(vecCounts = vecCounts, ': unused arguments (matDispParam = matDispParam, matDropParam = matDropParam, matWeights = matWeights) Note: possible error in 'evalLogLikGeneMM(vecCounts = vecCounts, ': unused arguments (matDispParam = do.call(cbind, lapply(seq_len(ncol(matWeights)), function(m) vecDispParam)), matDropParam = do.call(cbind, lapply(seq_len(ncol(matWeights)), function(m) vecPiParam)), matWeights = matWeights) ** help *** installing help indices ** building package indices ** installing vignettes ** testing if installed package can be loaded from temporary location ** testing if installed package can be loaded from final location ** testing if installed package keeps a record of temporary installation path * DONE (LineagePulse)
LineagePulse.Rcheck/LineagePulse-Ex.timings
| name | user | system | elapsed | |
| accessors | 19.519 | 0.828 | 20.347 | |
| cash-LineagePulseObject-method | 18.590 | 0.376 | 18.965 | |
| getFitsDispersion | 17.211 | 0.215 | 17.427 | |
| getFitsDropout | 18.517 | 0.189 | 18.706 | |
| getFitsMean | 18.289 | 0.176 | 18.465 | |
| getNormData | 18.531 | 0.067 | 18.599 | |
| getPostDrop | 18.274 | 0.164 | 18.438 | |
| names-LineagePulseObject-method | 18.468 | 0.072 | 18.539 | |
| plotCellDensity | 34.972 | 0.104 | 35.076 | |
| plotGene | 15.246 | 0.044 | 15.290 | |
| runLineagePulse | 13.629 | 0.036 | 13.666 | |
| simulateContinuousDataSet | 0.023 | 0.000 | 0.023 | |
| sortGeneTrajectories | 13.593 | 0.040 | 13.634 | |
| sub-sub-LineagePulseObject-character-missing-method | 17.766 | 0.012 | 17.778 | |
| testDropout | 15.463 | 0.044 | 15.507 | |
| writeReport | 18.280 | 0.100 | 18.379 | |