| Back to Multiple platform build/check report for BioC 3.16: simplified long |
|
This page was generated on 2023-04-12 11:05:07 -0400 (Wed, 12 Apr 2023).
| Hostname | OS | Arch (*) | R version | Installed pkgs |
|---|---|---|---|---|
| nebbiolo2 | Linux (Ubuntu 20.04.5 LTS) | x86_64 | 4.2.3 (2023-03-15) -- "Shortstop Beagle" | 4502 |
| palomino4 | Windows Server 2022 Datacenter | x64 | 4.2.3 (2023-03-15 ucrt) -- "Shortstop Beagle" | 4282 |
| lconway | macOS 12.5.1 Monterey | x86_64 | 4.2.3 (2023-03-15) -- "Shortstop Beagle" | 4310 |
| Click on any hostname to see more info about the system (e.g. compilers) (*) as reported by 'uname -p', except on Windows and Mac OS X | ||||
|
To the developers/maintainers of the IdeoViz package: - Please allow up to 24 hours (and sometimes 48 hours) for your latest push to git@git.bioconductor.org:packages/IdeoViz.git to reflect on this report. See How and When does the builder pull? When will my changes propagate? for more information. - Make sure to use the following settings in order to reproduce any error or warning you see on this page. |
| Package 951/2183 | Hostname | OS / Arch | INSTALL | BUILD | CHECK | BUILD BIN | ||||||||
| IdeoViz 1.34.0 (landing page) Shraddha Pai
| nebbiolo2 | Linux (Ubuntu 20.04.5 LTS) / x86_64 | OK | OK | WARNINGS | |||||||||
| palomino4 | Windows Server 2022 Datacenter / x64 | OK | OK | WARNINGS | OK | |||||||||
| lconway | macOS 12.5.1 Monterey / x86_64 | OK | OK | WARNINGS | OK | |||||||||
| Package: IdeoViz |
| Version: 1.34.0 |
| Command: /home/biocbuild/bbs-3.16-bioc/R/bin/R CMD check --install=check:IdeoViz.install-out.txt --library=/home/biocbuild/bbs-3.16-bioc/R/site-library --timings IdeoViz_1.34.0.tar.gz |
| StartedAt: 2023-04-10 21:22:10 -0400 (Mon, 10 Apr 2023) |
| EndedAt: 2023-04-10 21:26:52 -0400 (Mon, 10 Apr 2023) |
| EllapsedTime: 282.1 seconds |
| RetCode: 0 |
| Status: WARNINGS |
| CheckDir: IdeoViz.Rcheck |
| Warnings: 1 |
##############################################################################
##############################################################################
###
### Running command:
###
### /home/biocbuild/bbs-3.16-bioc/R/bin/R CMD check --install=check:IdeoViz.install-out.txt --library=/home/biocbuild/bbs-3.16-bioc/R/site-library --timings IdeoViz_1.34.0.tar.gz
###
##############################################################################
##############################################################################
* using log directory ‘/home/biocbuild/bbs-3.16-bioc/meat/IdeoViz.Rcheck’
* using R version 4.2.3 (2023-03-15)
* using platform: x86_64-pc-linux-gnu (64-bit)
* using session charset: UTF-8
* checking for file ‘IdeoViz/DESCRIPTION’ ... OK
* checking extension type ... Package
* this is package ‘IdeoViz’ version ‘1.34.0’
* checking package namespace information ... OK
* checking package dependencies ... NOTE
Depends: includes the non-default packages:
'Biobase', 'IRanges', 'GenomicRanges', 'RColorBrewer', 'rtracklayer',
'GenomeInfoDb'
Adding so many packages to the search path is excessive and importing
selectively is preferable.
* checking if this is a source package ... OK
* checking if there is a namespace ... OK
* checking for hidden files and directories ... OK
* checking for portable file names ... OK
* checking for sufficient/correct file permissions ... OK
* checking whether package ‘IdeoViz’ can be installed ... OK
* checking installed package size ... OK
* checking package directory ... OK
* checking ‘build’ directory ... OK
* checking DESCRIPTION meta-information ... OK
* checking top-level files ... NOTE
File
LICENSE
is not mentioned in the DESCRIPTION file.
* checking for left-over files ... OK
* checking index information ... OK
* checking package subdirectories ... OK
* checking R files for non-ASCII characters ... OK
* checking R files for syntax errors ... OK
* checking whether the package can be loaded ... OK
* checking whether the package can be loaded with stated dependencies ... OK
* checking whether the package can be unloaded cleanly ... OK
* checking whether the namespace can be loaded with stated dependencies ... OK
* checking whether the namespace can be unloaded cleanly ... OK
* checking loading without being on the library search path ... OK
* checking dependencies in R code ... NOTE
Packages in Depends field not imported from:
‘Biobase’ ‘GenomeInfoDb’ ‘GenomicRanges’ ‘IRanges’ ‘RColorBrewer’
‘rtracklayer’
These packages need to be imported from (in the NAMESPACE file)
for when this namespace is loaded but not attached.
* checking S3 generic/method consistency ... OK
* checking replacement functions ... OK
* checking foreign function calls ... OK
* checking R code for possible problems ... NOTE
.plotChromosome: no visible global function definition for ‘modifyList’
.plotChromosome: no visible global function definition for ‘axTicks’
.plotChromosome: no visible global function definition for ‘axis’
.plotChromosome: no visible global function definition for ‘polygon’
.plotChromosome: no visible global function definition for ‘rect’
.plotChromosome: no visible global function definition for ‘mtext’
.plot_values: no visible global function definition for ‘start’
.plot_values: no visible global function definition for ‘ranges’
.plot_values: no visible global function definition for ‘end’
.plot_values: no visible global function definition for ‘seqnames’
.plot_values: no visible global function definition for ‘mcols’
.plot_values: no visible global function definition for ‘modifyList’
.plot_values: no visible global function definition for ‘loess’
.plot_values: no visible binding for global variable ‘span’
.plot_values: no visible global function definition for ‘predict’
.plot_values: no visible global function definition for ‘axis’
.plot_values: no visible global function definition for ‘mtext’
.plot_values: no visible global function definition for ‘rect’
.plot_values: no visible global function definition for ‘lines’
.plot_values: no visible global function definition for ‘abline’
.printMargins: no visible global function definition for ‘par’
avgByBin: no visible global function definition for ‘GRanges’
avgByBin: no visible global function definition for ‘IRanges’
avgByBin: no visible global function definition for ‘seqnames’
avgByBin: no visible global function definition for ‘seqlevels’
avgByBin: no visible global function definition for ‘seqlevels<-’
avgByBin: no visible global function definition for ‘findOverlaps’
avgByBin: no visible global function definition for ‘ave’
avgByBin : corFunc: no visible global function definition for ‘cor’
avgByBin: no visible global function definition for ‘mcols<-’
getBins: no visible global function definition for ‘GRanges’
getBins: no visible global function definition for ‘IRanges’
getIdeo: no visible global function definition for ‘browserSession’
getIdeo: no visible global function definition for ‘genome<-’
getIdeo: no visible global function definition for ‘getTable’
getIdeo: no visible global function definition for ‘ucscTableQuery’
plotChromValuePair : <anonymous>: no visible global function definition
for ‘seqnames’
plotChromValuePair: no visible global function definition for
‘seqnames’
plotChromValuePair: no visible global function definition for ‘par’
plotChromValuePair: no visible global function definition for
‘modifyList’
plotOnIdeo: no visible global function definition for ‘par’
plotOnIdeo: no visible global function definition for ‘layout’
plotOnIdeo: no visible global function definition for ‘mtext’
Undefined global functions or variables:
GRanges IRanges abline ave axTicks axis browserSession cor end
findOverlaps genome<- getTable layout lines loess mcols mcols<-
modifyList mtext par polygon predict ranges rect seqlevels
seqlevels<- seqnames span start ucscTableQuery
Consider adding
importFrom("graphics", "abline", "axTicks", "axis", "layout", "lines",
"mtext", "par", "polygon", "rect")
importFrom("stats", "ave", "cor", "end", "loess", "predict", "start")
importFrom("utils", "modifyList")
to your NAMESPACE file.
* checking Rd files ... NOTE
prepare_Rd: GSM733664_broadPeaks.Rd:11-12: Dropping empty section \format
prepare_Rd: GSM733664_broadPeaks.Rd:16-18: Dropping empty section \source
prepare_Rd: binned_fullGenome.Rd:12-13: Dropping empty section \format
prepare_Rd: binned_fullGenome.Rd:14-16: Dropping empty section \details
prepare_Rd: binned_fullGenome.Rd:20-22: Dropping empty section \references
prepare_Rd: binned_multiSeries.Rd:12-13: Dropping empty section \format
prepare_Rd: binned_multiSeries.Rd:14-15: Dropping empty section \details
prepare_Rd: binned_multiSeries.Rd:19-20: Dropping empty section \references
prepare_Rd: binned_singleSeries.Rd:11-12: Dropping empty section \format
prepare_Rd: binned_singleSeries.Rd:13-15: Dropping empty section \details
prepare_Rd: binned_singleSeries.Rd:19-21: Dropping empty section \references
prepare_Rd: hg18_ideo.Rd:11-12: Dropping empty section \format
prepare_Rd: hg18_ideo.Rd:13-14: Dropping empty section \details
prepare_Rd: hg18_ideo.Rd:18-19: Dropping empty section \references
prepare_Rd: wins.Rd:12-13: Dropping empty section \format
prepare_Rd: wins.Rd:14-15: Dropping empty section \details
prepare_Rd: wins.Rd:19-20: Dropping empty section \references
prepare_Rd: wins_discrete.Rd:11-12: Dropping empty section \format
prepare_Rd: wins_discrete.Rd:13-15: Dropping empty section \details
prepare_Rd: wins_discrete.Rd:19-21: Dropping empty section \references
prepare_Rd: wins_entiregenome.Rd:11-12: Dropping empty section \format
prepare_Rd: wins_entiregenome.Rd:13-15: Dropping empty section \details
prepare_Rd: wins_entiregenome.Rd:19-21: Dropping empty section \references
* checking Rd metadata ... OK
* checking Rd cross-references ... OK
* checking for missing documentation entries ... OK
* checking for code/documentation mismatches ... OK
* checking Rd \usage sections ... WARNING
Undocumented arguments in documentation object 'plotChromValuePair'
‘chrom’ ‘cytoTable’ ‘bpLim’ ‘vertical’ ‘values_GR’ ‘val_range’ ‘col’
‘value_cols’ ‘default_margins’ ‘addScale’ ‘ablines_y’ ‘smoothVals’
‘span’ ‘verbose’
Documented arguments not in \usage in documentation object 'plotChromValuePair':
‘chrom(character)’ ‘cytoTable(data.frame)’ ‘bpLim(numeric)’
‘vertical(logical)’ ‘values_GR(list’ ‘val_range(numeric)’
‘col(character)’ ‘value_cols(character)’ ‘default_margins(numeric)’
‘addScale(logical)’ ‘ablines_y(numeric)’ ‘smoothVals(logical)’
‘span(numeric)’ ‘verbose(logical)’
Functions with \usage entries need to have the appropriate \alias
entries, and all their arguments documented.
The \usage entries must correspond to syntactically valid R code.
See chapter ‘Writing R documentation files’ in the ‘Writing R
Extensions’ manual.
* checking Rd contents ... OK
* checking for unstated dependencies in examples ... OK
* checking contents of ‘data’ directory ... OK
* checking data for non-ASCII characters ... OK
* checking data for ASCII and uncompressed saves ... OK
* checking files in ‘vignettes’ ... OK
* checking examples ... OK
Examples with CPU (user + system) or elapsed time > 5s
user system elapsed
avgByBin 1.900 0.064 11.054
getBins 0.584 0.088 9.784
getIdeo 0.374 0.056 8.649
* checking for unstated dependencies in vignettes ... OK
* checking package vignettes in ‘inst/doc’ ... OK
* checking running R code from vignettes ...
‘Vignette.Rnw’... OK
OK
* checking re-building of vignette outputs ... NOTE
Error(s) in re-building vignettes:
--- re-building ‘Vignette.Rnw’ using Sweave
Loading required package: IdeoViz
Loading required package: Biobase
Loading required package: BiocGenerics
Attaching package: ‘BiocGenerics’
The following objects are masked from ‘package:stats’:
IQR, mad, sd, var, xtabs
The following objects are masked from ‘package:base’:
Filter, Find, Map, Position, Reduce, anyDuplicated, aperm, append,
as.data.frame, basename, cbind, colnames, dirname, do.call,
duplicated, eval, evalq, get, grep, grepl, intersect, is.unsorted,
lapply, mapply, match, mget, order, paste, pmax, pmax.int, pmin,
pmin.int, rank, rbind, rownames, sapply, setdiff, sort, table,
tapply, union, unique, unsplit, which.max, which.min
Welcome to Bioconductor
Vignettes contain introductory material; view with
'browseVignettes()'. To cite Bioconductor, see
'citation("Biobase")', and for packages 'citation("pkgname")'.
Loading required package: IRanges
Loading required package: S4Vectors
Loading required package: stats4
Attaching package: ‘S4Vectors’
The following objects are masked from ‘package:base’:
I, expand.grid, unname
Loading required package: GenomicRanges
Loading required package: GenomeInfoDb
Loading required package: RColorBrewer
Loading required package: rtracklayer
Warning in .local(x, ...) :
'track' parameter is deprecated now you go by the 'table' instead
Use ucscTables(genome, track) to retrieve the list of tables for a track
Warning in .local(x, ...) :
'track' parameter is deprecated now you go by the 'table' instead
Use ucscTables(genome, track) to retrieve the list of tables for a track
Warning in .local(x, ...) :
'track' parameter is deprecated now you go by the 'table' instead
Use ucscTables(genome, track) to retrieve the list of tables for a track
Error: processing vignette 'Vignette.Rnw' failed with diagnostics:
chunk 6 (label = example5)
Error in errorHandler(responseError) : ???
--- failed re-building ‘Vignette.Rnw’
SUMMARY: processing the following file failed:
‘Vignette.Rnw’
Error: Vignette re-building failed.
Execution halted
* checking PDF version of manual ... OK
* DONE
Status: 1 WARNING, 6 NOTEs
See
‘/home/biocbuild/bbs-3.16-bioc/meat/IdeoViz.Rcheck/00check.log’
for details.
IdeoViz.Rcheck/00install.out
############################################################################## ############################################################################## ### ### Running command: ### ### /home/biocbuild/bbs-3.16-bioc/R/bin/R CMD INSTALL IdeoViz ### ############################################################################## ############################################################################## * installing to library ‘/home/biocbuild/bbs-3.16-bioc/R/site-library’ * installing *source* package ‘IdeoViz’ ... ** using staged installation ** R ** data ** inst ** byte-compile and prepare package for lazy loading ** help *** installing help indices ** building package indices ** installing vignettes ** testing if installed package can be loaded from temporary location ** testing if installed package can be loaded from final location ** testing if installed package keeps a record of temporary installation path * DONE (IdeoViz)
IdeoViz.Rcheck/IdeoViz-Ex.timings
| name | user | system | elapsed | |
| GSM733664_broadPeaks | 0.079 | 0.000 | 0.079 | |
| avgByBin | 1.900 | 0.064 | 11.054 | |
| binned_fullGenome | 0.021 | 0.000 | 0.021 | |
| binned_multiSeries | 0.010 | 0.000 | 0.009 | |
| binned_singleSeries | 0.008 | 0.000 | 0.007 | |
| getBins | 0.584 | 0.088 | 9.784 | |
| getIdeo | 0.374 | 0.056 | 8.649 | |
| hg18_ideo | 0.008 | 0.000 | 0.007 | |
| plotChromValuePair | 0.814 | 0.008 | 0.822 | |
| plotOnIdeo | 0.099 | 0.004 | 0.103 | |
| wins | 0.009 | 0.000 | 0.009 | |
| wins_discrete | 0.007 | 0.000 | 0.007 | |
| wins_entiregenome | 0.01 | 0.00 | 0.01 | |