| Back to Multiple platform build/check report for BioC 3.16: simplified long |
|
This page was generated on 2023-04-12 11:05:05 -0400 (Wed, 12 Apr 2023).
| Hostname | OS | Arch (*) | R version | Installed pkgs |
|---|---|---|---|---|
| nebbiolo2 | Linux (Ubuntu 20.04.5 LTS) | x86_64 | 4.2.3 (2023-03-15) -- "Shortstop Beagle" | 4502 |
| palomino4 | Windows Server 2022 Datacenter | x64 | 4.2.3 (2023-03-15 ucrt) -- "Shortstop Beagle" | 4282 |
| lconway | macOS 12.5.1 Monterey | x86_64 | 4.2.3 (2023-03-15) -- "Shortstop Beagle" | 4310 |
| Click on any hostname to see more info about the system (e.g. compilers) (*) as reported by 'uname -p', except on Windows and Mac OS X | ||||
|
To the developers/maintainers of the GenVisR package: - Please allow up to 24 hours (and sometimes 48 hours) for your latest push to git@git.bioconductor.org:packages/GenVisR.git to reflect on this report. See How and When does the builder pull? When will my changes propagate? for more information. - Make sure to use the following settings in order to reproduce any error or warning you see on this page. |
| Package 797/2183 | Hostname | OS / Arch | INSTALL | BUILD | CHECK | BUILD BIN | ||||||||
| GenVisR 1.30.0 (landing page) Zachary Skidmore
| nebbiolo2 | Linux (Ubuntu 20.04.5 LTS) / x86_64 | OK | OK | ERROR | |||||||||
| palomino4 | Windows Server 2022 Datacenter / x64 | OK | OK | WARNINGS | OK | |||||||||
| lconway | macOS 12.5.1 Monterey / x86_64 | OK | OK | WARNINGS | OK | |||||||||
| Package: GenVisR |
| Version: 1.30.0 |
| Command: /home/biocbuild/bbs-3.16-bioc/R/bin/R CMD check --install=check:GenVisR.install-out.txt --library=/home/biocbuild/bbs-3.16-bioc/R/site-library --timings GenVisR_1.30.0.tar.gz |
| StartedAt: 2023-04-10 20:56:52 -0400 (Mon, 10 Apr 2023) |
| EndedAt: 2023-04-10 21:08:55 -0400 (Mon, 10 Apr 2023) |
| EllapsedTime: 722.9 seconds |
| RetCode: 1 |
| Status: ERROR |
| CheckDir: GenVisR.Rcheck |
| Warnings: NA |
##############################################################################
##############################################################################
###
### Running command:
###
### /home/biocbuild/bbs-3.16-bioc/R/bin/R CMD check --install=check:GenVisR.install-out.txt --library=/home/biocbuild/bbs-3.16-bioc/R/site-library --timings GenVisR_1.30.0.tar.gz
###
##############################################################################
##############################################################################
* using log directory ‘/home/biocbuild/bbs-3.16-bioc/meat/GenVisR.Rcheck’
* using R version 4.2.3 (2023-03-15)
* using platform: x86_64-pc-linux-gnu (64-bit)
* using session charset: UTF-8
* checking for file ‘GenVisR/DESCRIPTION’ ... OK
* this is package ‘GenVisR’ version ‘1.30.0’
* package encoding: UTF-8
* checking package namespace information ... OK
* checking package dependencies ... OK
* checking if this is a source package ... OK
* checking if there is a namespace ... OK
* checking for hidden files and directories ... OK
* checking for portable file names ... OK
* checking for sufficient/correct file permissions ... OK
* checking whether package ‘GenVisR’ can be installed ... OK
* checking installed package size ... OK
* checking package directory ... OK
* checking ‘build’ directory ... OK
* checking DESCRIPTION meta-information ... OK
* checking top-level files ... OK
* checking for left-over files ... OK
* checking index information ... OK
* checking package subdirectories ... OK
* checking R files for non-ASCII characters ... OK
* checking R files for syntax errors ... OK
* checking whether the package can be loaded ... OK
* checking whether the package can be loaded with stated dependencies ... OK
* checking whether the package can be unloaded cleanly ... OK
* checking whether the namespace can be loaded with stated dependencies ... OK
* checking whether the namespace can be unloaded cleanly ... OK
* checking loading without being on the library search path ... OK
* checking dependencies in R code ... NOTE
Namespace in Imports field not imported from: ‘reshape2’
All declared Imports should be used.
* checking S3 generic/method consistency ... OK
* checking replacement functions ... OK
* checking foreign function calls ... OK
* checking R code for possible problems ... NOTE
setTierTwo,data.table : a: no visible binding for global variable ‘tmp’
toLolliplot,GMS: no visible binding for global variable ‘missingINdex’
Undefined global functions or variables:
missingINdex tmp
* checking Rd files ... OK
* checking Rd metadata ... OK
* checking Rd cross-references ... OK
* checking for missing documentation entries ... WARNING
Undocumented code objects:
‘lolliplot’
All user-level objects in a package should have documentation entries.
See chapter ‘Writing R documentation files’ in the ‘Writing R
Extensions’ manual.
* checking for code/documentation mismatches ... OK
* checking Rd \usage sections ... OK
* checking Rd contents ... OK
* checking for unstated dependencies in examples ... OK
* checking contents of ‘data’ directory ... OK
* checking data for non-ASCII characters ... OK
* checking LazyData ... OK
* checking data for ASCII and uncompressed saves ... OK
* checking files in ‘vignettes’ ... OK
* checking examples ... OK
Examples with CPU (user + system) or elapsed time > 5s
user system elapsed
Lolliplot-class 17.902 1.596 31.011
geneViz 6.920 0.224 7.144
genCov 6.854 0.288 7.144
cnFreq 6.065 0.296 6.361
* checking for unstated dependencies in ‘tests’ ... OK
* checking tests ...
Running ‘testthat.R’
ERROR
Running the tests in ‘tests/testthat.R’ failed.
Last 13 lines of output:
7. └─GenVisR:::retrieveMart(...)
8. └─GenVisR (local) .local(object, ...)
9. └─biomaRt::useDataset(as.character(dataset[index]), mart = ensembl_mart)
10. └─biomaRt:::.getFilters(mart, verbose = verbose)
11. └─biomaRt:::.getAttrFilt(mart = mart, verbose = verbose, type = "filters")
12. └─biomaRt:::bmRequest(...)
13. └─httr::GET(...)
14. └─httr:::request_perform(req, hu$handle$handle)
15. ├─httr:::request_fetch(req$output, req$url, handle)
16. └─httr:::request_fetch.write_memory(req$output, req$url, handle)
17. └─curl::curl_fetch_memory(url, handle = handle)
[ FAIL 1 | WARN 21 | SKIP 54 | PASS 602 ]
Error: Test failures
Execution halted
* checking for unstated dependencies in vignettes ... OK
* checking package vignettes in ‘inst/doc’ ... OK
* checking running R code from vignettes ...
‘Intro.Rmd’ using ‘UTF-8’... OK
‘Upcoming_Features.Rmd’ using ‘UTF-8’... OK
‘waterfall_introduction.Rmd’ using ‘UTF-8’... OK
NONE
* checking re-building of vignette outputs ... OK
* checking PDF version of manual ... OK
* DONE
Status: 1 ERROR, 1 WARNING, 2 NOTEs
See
‘/home/biocbuild/bbs-3.16-bioc/meat/GenVisR.Rcheck/00check.log’
for details.
GenVisR.Rcheck/00install.out
############################################################################## ############################################################################## ### ### Running command: ### ### /home/biocbuild/bbs-3.16-bioc/R/bin/R CMD INSTALL GenVisR ### ############################################################################## ############################################################################## * installing to library ‘/home/biocbuild/bbs-3.16-bioc/R/site-library’ * installing *source* package ‘GenVisR’ ... ** using staged installation ** R ** data *** moving datasets to lazyload DB ** inst ** byte-compile and prepare package for lazy loading ** help *** installing help indices ** building package indices ** installing vignettes ** testing if installed package can be loaded from temporary location ** testing if installed package can be loaded from final location ** testing if installed package keeps a record of temporary installation path * DONE (GenVisR)
GenVisR.Rcheck/tests/testthat.Rout.fail
R version 4.2.3 (2023-03-15) -- "Shortstop Beagle"
Copyright (C) 2023 The R Foundation for Statistical Computing
Platform: x86_64-pc-linux-gnu (64-bit)
R is free software and comes with ABSOLUTELY NO WARRANTY.
You are welcome to redistribute it under certain conditions.
Type 'license()' or 'licence()' for distribution details.
R is a collaborative project with many contributors.
Type 'contributors()' for more information and
'citation()' on how to cite R or R packages in publications.
Type 'demo()' for some demos, 'help()' for on-line help, or
'help.start()' for an HTML browser interface to help.
Type 'q()' to quit R.
> library(testthat)
> library(GenVisR)
>
> test_check("GenVisR")
[ FAIL 1 | WARN 21 | SKIP 54 | PASS 602 ]
══ Skipped tests ═══════════════════════════════════════════════════════════════
• On Bioconductor (54)
══ Failed tests ════════════════════════════════════════════════════════════════
── Error ('test-Lolliplot-class.R:80:5'): retreiveMart works in verbose mode ───
Error in `curl::curl_fetch_memory(url, handle = handle)`: Timeout was reached: [www.ensembl.org:80] Operation timed out after 10000 milliseconds with 529133 bytes received
Backtrace:
▆
1. ├─testthat::expect_message(...) at test-Lolliplot-class.R:80:4
2. │ └─testthat:::quasi_capture(enquo(object), label, capture_messages)
3. │ ├─testthat (local) .capture(...)
4. │ │ └─base::withCallingHandlers(...)
5. │ └─rlang::eval_bare(quo_get_expr(.quo), quo_get_env(.quo))
6. ├─GenVisR:::retrieveMart(...)
7. └─GenVisR:::retrieveMart(...)
8. └─GenVisR (local) .local(object, ...)
9. └─biomaRt::useDataset(as.character(dataset[index]), mart = ensembl_mart)
10. └─biomaRt:::.getFilters(mart, verbose = verbose)
11. └─biomaRt:::.getAttrFilt(mart = mart, verbose = verbose, type = "filters")
12. └─biomaRt:::bmRequest(...)
13. └─httr::GET(...)
14. └─httr:::request_perform(req, hu$handle$handle)
15. ├─httr:::request_fetch(req$output, req$url, handle)
16. └─httr:::request_fetch.write_memory(req$output, req$url, handle)
17. └─curl::curl_fetch_memory(url, handle = handle)
[ FAIL 1 | WARN 21 | SKIP 54 | PASS 602 ]
Error: Test failures
Execution halted
GenVisR.Rcheck/GenVisR-Ex.timings
| name | user | system | elapsed | |
| Lolliplot-class | 17.902 | 1.596 | 31.011 | |
| TvTi | 1.614 | 0.159 | 1.774 | |
| Waterfall-class | 0.650 | 0.044 | 0.694 | |
| cnFreq | 6.065 | 0.296 | 6.361 | |
| cnSpec | 3.937 | 0.136 | 4.072 | |
| cnView | 0.653 | 0.040 | 0.693 | |
| compIdent | 1.486 | 0.064 | 1.550 | |
| covBars | 0.704 | 0.012 | 0.716 | |
| genCov | 6.854 | 0.288 | 7.144 | |
| geneViz | 6.920 | 0.224 | 7.144 | |
| ideoView | 0.325 | 0.008 | 0.332 | |
| lohSpec | 3.809 | 0.164 | 3.972 | |
| lohView | 0.556 | 0.012 | 0.569 | |
| waterfall | 0.895 | 0.008 | 0.904 | |