| Back to Multiple platform build/check report for BioC 3.16: simplified long |
|
This page was generated on 2023-04-12 11:05:30 -0400 (Wed, 12 Apr 2023).
| Hostname | OS | Arch (*) | R version | Installed pkgs |
|---|---|---|---|---|
| nebbiolo2 | Linux (Ubuntu 20.04.5 LTS) | x86_64 | 4.2.3 (2023-03-15) -- "Shortstop Beagle" | 4502 |
| palomino4 | Windows Server 2022 Datacenter | x64 | 4.2.3 (2023-03-15 ucrt) -- "Shortstop Beagle" | 4282 |
| lconway | macOS 12.5.1 Monterey | x86_64 | 4.2.3 (2023-03-15) -- "Shortstop Beagle" | 4310 |
| Click on any hostname to see more info about the system (e.g. compilers) (*) as reported by 'uname -p', except on Windows and Mac OS X | ||||
|
To the developers/maintainers of the DEComplexDisease package: - Please allow up to 24 hours (and sometimes 48 hours) for your latest push to git@git.bioconductor.org:packages/DEComplexDisease.git to reflect on this report. See How and When does the builder pull? When will my changes propagate? for more information. - Make sure to use the following settings in order to reproduce any error or warning you see on this page. |
| Package 489/2183 | Hostname | OS / Arch | INSTALL | BUILD | CHECK | BUILD BIN | ||||||||
Guofeng Meng
| nebbiolo2 | Linux (Ubuntu 20.04.5 LTS) / x86_64 | OK | OK | ERROR | |||||||||
| palomino4 | Windows Server 2022 Datacenter / x64 | OK | OK | WARNINGS | OK | |||||||||
| lconway | macOS 12.5.1 Monterey / x86_64 | OK | OK | WARNINGS | OK | |||||||||
| Package: DEComplexDisease |
| Version: 1.18.0 |
| Command: F:\biocbuild\bbs-3.16-bioc\R\bin\R.exe CMD check --no-multiarch --install=check:DEComplexDisease.install-out.txt --library=F:\biocbuild\bbs-3.16-bioc\R\library --no-vignettes --timings DEComplexDisease_1.18.0.tar.gz |
| StartedAt: 2023-04-11 00:38:56 -0400 (Tue, 11 Apr 2023) |
| EndedAt: 2023-04-11 00:43:01 -0400 (Tue, 11 Apr 2023) |
| EllapsedTime: 245.0 seconds |
| RetCode: 0 |
| Status: WARNINGS |
| CheckDir: DEComplexDisease.Rcheck |
| Warnings: 1 |
##############################################################################
##############################################################################
###
### Running command:
###
### F:\biocbuild\bbs-3.16-bioc\R\bin\R.exe CMD check --no-multiarch --install=check:DEComplexDisease.install-out.txt --library=F:\biocbuild\bbs-3.16-bioc\R\library --no-vignettes --timings DEComplexDisease_1.18.0.tar.gz
###
##############################################################################
##############################################################################
* using log directory 'F:/biocbuild/bbs-3.16-bioc/meat/DEComplexDisease.Rcheck'
* using R version 4.2.3 (2023-03-15 ucrt)
* using platform: x86_64-w64-mingw32 (64-bit)
* using session charset: UTF-8
* using option '--no-vignettes'
* checking for file 'DEComplexDisease/DESCRIPTION' ... OK
* checking extension type ... Package
* this is package 'DEComplexDisease' version '1.18.0'
* checking package namespace information ... OK
* checking package dependencies ... OK
* checking if this is a source package ... OK
* checking if there is a namespace ... OK
* checking for hidden files and directories ... OK
* checking for portable file names ... OK
* checking whether package 'DEComplexDisease' can be installed ... WARNING
Found the following significant warnings:
Warning: Package 'DEComplexDisease' is deprecated and will be removed from
See 'F:/biocbuild/bbs-3.16-bioc/meat/DEComplexDisease.Rcheck/00install.out' for details.
* checking installed package size ... OK
* checking package directory ... OK
* checking 'build' directory ... OK
* checking DESCRIPTION meta-information ... OK
* checking top-level files ... OK
* checking for left-over files ... OK
* checking index information ... OK
* checking package subdirectories ... OK
* checking R files for non-ASCII characters ... OK
* checking R files for syntax errors ... OK
* checking whether the package can be loaded ... OK
* checking whether the package can be loaded with stated dependencies ... OK
* checking whether the package can be unloaded cleanly ... OK
* checking whether the namespace can be loaded with stated dependencies ... OK
* checking whether the namespace can be unloaded cleanly ... OK
* checking dependencies in R code ... OK
* checking S3 generic/method consistency ... OK
* checking replacement functions ... OK
* checking foreign function calls ... OK
* checking R code for possible problems ... OK
* checking Rd files ... NOTE
prepare_Rd: Plot.cluster.module.Rd:53-55: Dropping empty section \references
prepare_Rd: Plot.deg.specific.test.Rd:43-45: Dropping empty section \references
prepare_Rd: module.curve.Rd:27-29: Dropping empty section \references
prepare_Rd: summarize.cluster.module.Rd:30-32: Dropping empty section \references
prepare_Rd: summarize.seed.module.Rd:31-33: Dropping empty section \references
* checking Rd metadata ... OK
* checking Rd cross-references ... OK
* checking for missing documentation entries ... OK
* checking for code/documentation mismatches ... OK
* checking Rd \usage sections ... OK
* checking Rd contents ... OK
* checking for unstated dependencies in examples ... OK
* checking contents of 'data' directory ... OK
* checking data for non-ASCII characters ... OK
* checking LazyData ... OK
* checking data for ASCII and uncompressed saves ... OK
* checking line endings in C/C++/Fortran sources/headers ... OK
* checking compiled code ... NOTE
Note: information on .o files for x64 is not available
File 'F:/biocbuild/bbs-3.16-bioc/R/library/DEComplexDisease/libs/x64/DEComplexDisease.dll':
Found 'abort', possibly from 'abort' (C), 'runtime' (Fortran)
Found 'exit', possibly from 'exit' (C), 'stop' (Fortran)
Compiled code should not call entry points which might terminate R nor
write to stdout/stderr instead of to the console, nor use Fortran I/O
nor system RNGs. The detected symbols are linked into the code but
might come from libraries and not actually be called.
See 'Writing portable packages' in the 'Writing R Extensions' manual.
* checking sizes of PDF files under 'inst/doc' ... OK
* checking installed files from 'inst/doc' ... OK
* checking files in 'vignettes' ... OK
* checking examples ... OK
Examples with CPU (user + system) or elapsed time > 5s
user system elapsed
bi.deg 23.16 1.17 24.33
* checking for unstated dependencies in vignettes ... OK
* checking package vignettes in 'inst/doc' ... OK
* checking running R code from vignettes ... SKIPPED
* checking re-building of vignette outputs ... SKIPPED
* checking PDF version of manual ... OK
* DONE
Status: 1 WARNING, 2 NOTEs
See
'F:/biocbuild/bbs-3.16-bioc/meat/DEComplexDisease.Rcheck/00check.log'
for details.
DEComplexDisease.Rcheck/00install.out
############################################################################## ############################################################################## ### ### Running command: ### ### F:\biocbuild\bbs-3.16-bioc\R\bin\R.exe CMD INSTALL DEComplexDisease ### ############################################################################## ############################################################################## * installing to library 'F:/biocbuild/bbs-3.16-bioc/R/library' * installing *source* package 'DEComplexDisease' ... ** using staged installation ** libs g++ -std=gnu++14 -I"F:/biocbuild/bbs-3.16-bioc/R/include" -DNDEBUG -I'F:/biocbuild/bbs-3.16-bioc/R/library/Rcpp/include' -I"C:/rtools42/x86_64-w64-mingw32.static.posix/include" -O2 -Wall -mfpmath=sse -msse2 -mstackrealign -c RcppExports.cpp -o RcppExports.o g++ -std=gnu++14 -I"F:/biocbuild/bbs-3.16-bioc/R/include" -DNDEBUG -I'F:/biocbuild/bbs-3.16-bioc/R/library/Rcpp/include' -I"C:/rtools42/x86_64-w64-mingw32.static.posix/include" -O2 -Wall -mfpmath=sse -msse2 -mstackrealign -c sig.cpp -o sig.o g++ -std=gnu++14 -shared -s -static-libgcc -o DEComplexDisease.dll tmp.def RcppExports.o sig.o -LC:/rtools42/x86_64-w64-mingw32.static.posix/lib/x64 -LC:/rtools42/x86_64-w64-mingw32.static.posix/lib -LF:/biocbuild/bbs-3.16-bioc/R/bin/x64 -lR installing to F:/biocbuild/bbs-3.16-bioc/R/library/00LOCK-DEComplexDisease/00new/DEComplexDisease/libs/x64 ** R ** data *** moving datasets to lazyload DB ** inst ** byte-compile and prepare package for lazy loading ** help *** installing help indices ** building package indices ** installing vignettes ** testing if installed package can be loaded from temporary location Warning: Package 'DEComplexDisease' is deprecated and will be removed from Bioconductor version 3.17 ** testing if installed package can be loaded from final location Warning: Package 'DEComplexDisease' is deprecated and will be removed from Bioconductor version 3.17 ** testing if installed package keeps a record of temporary installation path * DONE (DEComplexDisease)
DEComplexDisease.Rcheck/DEComplexDisease-Ex.timings
| name | user | system | elapsed | |
| Plot.cluster.module | 3.50 | 0.08 | 3.61 | |
| Plot.deg | 0.64 | 0.03 | 0.67 | |
| Plot.deg.specific | 0.59 | 0.00 | 0.59 | |
| Plot.deg.specific.test | 0.44 | 0.01 | 0.46 | |
| Plot.seed.module | 0.42 | 0.02 | 0.43 | |
| bi.deg | 23.16 | 1.17 | 24.33 | |
| cluster.module | 2.06 | 0.00 | 2.06 | |
| deg.specific | 2.74 | 0.00 | 2.74 | |
| module.compare | 0.14 | 0.00 | 0.14 | |
| module.curve | 0.02 | 0.00 | 0.02 | |
| module.exact | 0 | 0 | 0 | |
| module.modeling | 1.33 | 0.02 | 1.34 | |
| module.overlap | 0.36 | 0.00 | 0.36 | |
| module.screen | 0.36 | 0.00 | 0.36 | |
| seed.module | 4 | 0 | 4 | |
| summarize.cluster.module | 0 | 0 | 0 | |
| summarize.deg.specific | 0.01 | 0.00 | 0.02 | |
| summarize.seed.module | 0 | 0 | 0 | |