| Back to Multiple platform build/check report for BioC 3.16: simplified long |
|
This page was generated on 2023-04-12 11:05:00 -0400 (Wed, 12 Apr 2023).
| Hostname | OS | Arch (*) | R version | Installed pkgs |
|---|---|---|---|---|
| nebbiolo2 | Linux (Ubuntu 20.04.5 LTS) | x86_64 | 4.2.3 (2023-03-15) -- "Shortstop Beagle" | 4502 |
| palomino4 | Windows Server 2022 Datacenter | x64 | 4.2.3 (2023-03-15 ucrt) -- "Shortstop Beagle" | 4282 |
| lconway | macOS 12.5.1 Monterey | x86_64 | 4.2.3 (2023-03-15) -- "Shortstop Beagle" | 4310 |
| Click on any hostname to see more info about the system (e.g. compilers) (*) as reported by 'uname -p', except on Windows and Mac OS X | ||||
|
To the developers/maintainers of the ChemmineR package: - Please allow up to 24 hours (and sometimes 48 hours) for your latest push to git@git.bioconductor.org:packages/ChemmineR.git to reflect on this report. See How and When does the builder pull? When will my changes propagate? for more information. - Make sure to use the following settings in order to reproduce any error or warning you see on this page. |
| Package 304/2183 | Hostname | OS / Arch | INSTALL | BUILD | CHECK | BUILD BIN | ||||||||
| ChemmineR 3.50.0 (landing page) Thomas Girke
| nebbiolo2 | Linux (Ubuntu 20.04.5 LTS) / x86_64 | OK | OK | ERROR | |||||||||
| palomino4 | Windows Server 2022 Datacenter / x64 | OK | OK | WARNINGS | OK | |||||||||
| lconway | macOS 12.5.1 Monterey / x86_64 | OK | OK | WARNINGS | OK | |||||||||
| Package: ChemmineR |
| Version: 3.50.0 |
| Command: /home/biocbuild/bbs-3.16-bioc/R/bin/R CMD check --install=check:ChemmineR.install-out.txt --library=/home/biocbuild/bbs-3.16-bioc/R/site-library --timings ChemmineR_3.50.0.tar.gz |
| StartedAt: 2023-04-10 19:38:47 -0400 (Mon, 10 Apr 2023) |
| EndedAt: 2023-04-10 19:41:30 -0400 (Mon, 10 Apr 2023) |
| EllapsedTime: 162.5 seconds |
| RetCode: 1 |
| Status: ERROR |
| CheckDir: ChemmineR.Rcheck |
| Warnings: NA |
##############################################################################
##############################################################################
###
### Running command:
###
### /home/biocbuild/bbs-3.16-bioc/R/bin/R CMD check --install=check:ChemmineR.install-out.txt --library=/home/biocbuild/bbs-3.16-bioc/R/site-library --timings ChemmineR_3.50.0.tar.gz
###
##############################################################################
##############################################################################
* using log directory ‘/home/biocbuild/bbs-3.16-bioc/meat/ChemmineR.Rcheck’
* using R version 4.2.3 (2023-03-15)
* using platform: x86_64-pc-linux-gnu (64-bit)
* using session charset: UTF-8
* checking for file ‘ChemmineR/DESCRIPTION’ ... OK
* checking extension type ... Package
* this is package ‘ChemmineR’ version ‘3.50.0’
* checking package namespace information ... OK
* checking package dependencies ... OK
* checking if this is a source package ... OK
* checking if there is a namespace ... OK
* checking for hidden files and directories ... OK
* checking for portable file names ... OK
* checking for sufficient/correct file permissions ... OK
* checking whether package ‘ChemmineR’ can be installed ... WARNING
Found the following significant warnings:
/usr/include/x86_64-linux-gnu/bits/string_fortified.h:106:34: warning: ‘char* __builtin_strncpy(char*, const char*, long unsigned int)’ output may be truncated copying 4 bytes from a string of length 100001 [-Wstringop-truncation]
See ‘/home/biocbuild/bbs-3.16-bioc/meat/ChemmineR.Rcheck/00install.out’ for details.
* checking installed package size ... OK
* checking package directory ... OK
* checking ‘build’ directory ... OK
* checking DESCRIPTION meta-information ... NOTE
Package listed in more than one of Depends, Imports, Suggests, Enhances:
‘png’
A package should be listed in only one of these fields.
* checking top-level files ... OK
* checking for left-over files ... OK
* checking index information ... OK
* checking package subdirectories ... OK
* checking R files for non-ASCII characters ... OK
* checking R files for syntax errors ... OK
* checking whether the package can be loaded ... OK
* checking whether the package can be loaded with stated dependencies ... OK
* checking whether the package can be unloaded cleanly ... OK
* checking whether the namespace can be loaded with stated dependencies ... OK
* checking whether the namespace can be unloaded cleanly ... OK
* checking loading without being on the library search path ... OK
* checking dependencies in R code ... NOTE
'library' or 'require' calls in package code:
‘ChemmineDrugs’ ‘ChemmineOB’ ‘RPostgreSQL’ ‘RSQLite’ ‘fmcsR’ ‘png’
‘snow’
Please use :: or requireNamespace() instead.
See section 'Suggested packages' in the 'Writing R Extensions' manual.
Namespace in Imports field not imported from: ‘BiocGenerics’
All declared Imports should be used.
* checking S3 generic/method consistency ... OK
* checking replacement functions ... OK
* checking foreign function calls ... OK
* checking R code for possible problems ... NOTE
Found the following possibly unsafe calls:
File ‘ChemmineR/R/sim.R’:
unlockBinding(".progress_bar_int_cnt", environment(.progress_bar))
.data.frame.to.str: no visible global function definition for
‘write.table’
.data.frame.to.str: no visible binding for global variable ‘string’
.parseV3000: no visible binding for global variable ‘AW’
.rings: no visible global function definition for ‘combn’
DUD: no visible global function definition for ‘download.file’
DUD: no visible global function definition for ‘untar’
applyOptions: no visible global function definition for ‘convertFormat’
browseJob: no visible global function definition for ‘browseURL’
canonicalNumbering: no visible global function definition for
‘canonicalNumbering_OB’
canonicalNumberingOB: no visible global function definition for
‘canonicalNumbering_OB’
cluster.visualize: no visible global function definition for ‘rainbow’
cluster.visualize: no visible global function definition for ‘pdf’
cluster.visualize: no visible global function definition for
‘postscript’
cluster.visualize: no visible global function definition for ‘dev.off’
desc2fp: no visible global function definition for ‘data’
draw_sdf: no visible global function definition for ‘rgb’
draw_sdf: no visible global function definition for ‘fmcs’
exactMassOB: no visible global function definition for ‘exactMass_OB’
fingerprintOB: no visible global function definition for
‘fingerprint_OB’
getCompoundFeatures : <anonymous>: no visible global function
definition for ‘write.table’
getCompounds: no visible global function definition for ‘str’
getDbConn: no visible global function definition for ‘error’
handle_segs: no visible binding for global variable ‘C1’
handle_segs: no visible binding for global variable ‘C2’
handle_segs: no visible binding for global variable ‘C1.1’
handle_segs: no visible binding for global variable ‘C2.1’
handle_text: no visible binding for global variable ‘C1’
handle_text: no visible binding for global variable ‘C2’
listCMTools: no visible global function definition for ‘read.table’
parBatchByIndex: no visible global function definition for
‘clusterExport’
parBatchByIndex: no visible global function definition for
‘clusterApplyLB’
postgresqlWriteTable: no visible global function definition for
‘postgresqlTableRef’
postgresqlWriteTable: no visible global function definition for
‘postgresqlQuoteId’
postgresqlWriteTable: no visible global function definition for
‘postgresqlpqExec’
postgresqlWriteTable: no visible global function definition for
‘postgresqlCopyInDataframe’
postgresqlWriteTable: no visible global function definition for
‘postgresqlgetResult’
propOB: no visible global function definition for ‘prop_OB’
read.AP: no visible global function definition for ‘read.delim’
sdf2OBMol: no visible global function definition for ‘forEachMol’
sdf2image: no visible global function definition for ‘convertToImage’
sdf2smiles: no visible global function definition for ‘convertFormat’
sdf2smilesOB: no visible global function definition for ‘convertFormat’
sdfStream: no visible global function definition for ‘write.table’
setPriorities: no visible global function definition for
‘clusterExport’
smartsSearchOB: no visible global function definition for
‘smartsSearch_OB’
smile2sdfFile: no visible global function definition for
‘convertFormatFile’
smiles2sdf: no visible global function definition for ‘convertFormat’
smiles2sdfOB: no visible global function definition for ‘convertFormat’
write.SMI: no visible global function definition for ‘write.table’
Undefined global functions or variables:
AW C1 C1.1 C2 C2.1 browseURL canonicalNumbering_OB clusterApplyLB
clusterExport combn convertFormat convertFormatFile convertToImage
data dev.off download.file error exactMass_OB fingerprint_OB fmcs
forEachMol pdf postgresqlCopyInDataframe postgresqlQuoteId
postgresqlTableRef postgresqlgetResult postgresqlpqExec postscript
prop_OB rainbow read.delim read.table rgb smartsSearch_OB str string
untar write.table
Consider adding
importFrom("grDevices", "dev.off", "pdf", "postscript", "rainbow",
"rgb")
importFrom("utils", "browseURL", "combn", "data", "download.file",
"read.delim", "read.table", "str", "untar", "write.table")
to your NAMESPACE file.
* checking Rd files ... OK
* checking Rd metadata ... OK
* checking Rd cross-references ... OK
* checking for missing documentation entries ... OK
* checking for code/documentation mismatches ... OK
* checking Rd \usage sections ... OK
* checking Rd contents ... OK
* checking for unstated dependencies in examples ... OK
* checking contents of ‘data’ directory ... OK
* checking data for non-ASCII characters ... OK
* checking data for ASCII and uncompressed saves ... OK
* checking line endings in C/C++/Fortran sources/headers ... OK
* checking line endings in Makefiles ... OK
* checking compilation flags in Makevars ... OK
* checking for GNU extensions in Makefiles ... OK
* checking for portable use of $(BLAS_LIBS) and $(LAPACK_LIBS) ... OK
* checking use of PKG_*FLAGS in Makefiles ... OK
* checking compiled code ... NOTE
Note: information on .o files is not available
File ‘/home/biocbuild/bbs-3.16-bioc/R/site-library/ChemmineR/libs/ChemmineR.so’:
Found ‘_ZSt4cerr’, possibly from ‘std::cerr’ (C++)
Found ‘_ZSt4cout’, possibly from ‘std::cout’ (C++)
Compiled code should not call entry points which might terminate R nor
write to stdout/stderr instead of to the console, nor use Fortran I/O
nor system RNGs. The detected symbols are linked into the code but
might come from libraries and not actually be called.
See ‘Writing portable packages’ in the ‘Writing R Extensions’ manual.
* checking files in ‘vignettes’ ... OK
* checking examples ... OK
* checking for unstated dependencies in ‘tests’ ... OK
* checking tests ...
Running ‘runTests.R’
OK
* checking for unstated dependencies in vignettes ... OK
* checking package vignettes in ‘inst/doc’ ... OK
* checking running R code from vignettes ...
‘ChemmineR.Rmd’ using ‘UTF-8’... OK
NONE
* checking re-building of vignette outputs ... ERROR
Error(s) in re-building vignettes:
...
--- re-building ‘ChemmineR.Rmd’ using rmarkdown
Quitting from lines 538-539 (ChemmineR.Rmd)
Error: processing vignette 'ChemmineR.Rmd' failed with diagnostics:
cannot open the connection to 'https://cluster.hpcc.ucr.edu/~tgirke/Documents/R_BioCond/Samples/v3000.sdf'
--- failed re-building ‘ChemmineR.Rmd’
SUMMARY: processing the following file failed:
‘ChemmineR.Rmd’
Error: Vignette re-building failed.
Execution halted
* checking PDF version of manual ... OK
* DONE
Status: 1 ERROR, 1 WARNING, 4 NOTEs
See
‘/home/biocbuild/bbs-3.16-bioc/meat/ChemmineR.Rcheck/00check.log’
for details.
ChemmineR.Rcheck/00install.out
##############################################################################
##############################################################################
###
### Running command:
###
### /home/biocbuild/bbs-3.16-bioc/R/bin/R CMD INSTALL ChemmineR
###
##############################################################################
##############################################################################
* installing to library ‘/home/biocbuild/bbs-3.16-bioc/R/site-library’
* installing *source* package ‘ChemmineR’ ...
** using staged installation
** libs
g++ -std=gnu++14 -I"/home/biocbuild/bbs-3.16-bioc/R/include" -DNDEBUG -I'/home/biocbuild/bbs-3.16-bioc/R/site-library/Rcpp/include' -I'/home/biocbuild/bbs-3.16-bioc/R/site-library/BH/include' -I/usr/local/include -DNO_MAIN -DNO_DEBUG -fpic -g -O2 -Wall -c DisjointSets.cpp -o DisjointSets.o
g++ -std=gnu++14 -I"/home/biocbuild/bbs-3.16-bioc/R/include" -DNDEBUG -I'/home/biocbuild/bbs-3.16-bioc/R/site-library/Rcpp/include' -I'/home/biocbuild/bbs-3.16-bioc/R/site-library/BH/include' -I/usr/local/include -DNO_MAIN -DNO_DEBUG -fpic -g -O2 -Wall -c cluster.cc -o cluster.o
cluster.cc: In function ‘int nbr_intersect(std::vector<int>&, std::vector<int>&)’:
cluster.cc:118:11: warning: comparison of integer expressions of different signedness: ‘int’ and ‘std::vector<int>::size_type’ {aka ‘long unsigned int’} [-Wsign-compare]
118 | while (i < nbrs1.size() and j < nbrs2.size()) {
| ~~^~~~~~~~~~~~~~
cluster.cc:118:32: warning: comparison of integer expressions of different signedness: ‘int’ and ‘std::vector<int>::size_type’ {aka ‘long unsigned int’} [-Wsign-compare]
118 | while (i < nbrs1.size() and j < nbrs2.size()) {
| ~~^~~~~~~~~~~~~~
cluster.cc: In function ‘int contains(int, std::vector<int>&)’:
cluster.cc:131:17: warning: comparison of integer expressions of different signedness: ‘int’ and ‘std::vector<int>::size_type’ {aka ‘long unsigned int’} [-Wsign-compare]
131 | for(int i=0; i < list.size(); i++)
| ~~^~~~~~~~~~~~~
cluster.cc: In function ‘DisjointSets cluster(int, int, int, int)’:
cluster.cc:267:21: warning: comparison of integer expressions of different signedness: ‘int’ and ‘std::vector<int>::size_type’ {aka ‘long unsigned int’} [-Wsign-compare]
267 | for (int j = 0; j < nbr_list[i].size(); j ++) {
| ~~^~~~~~~~~~~~~~~~~~~~
cluster.cc: In function ‘void loadNNMatrix(int, int, int, SEXP)’:
cluster.cc:284:21: warning: comparison of integer expressions of different signedness: ‘unsigned int’ and ‘int’ [-Wsign-compare]
284 | for(unsigned i=0; i<N; i++) //rows
| ~^~
cluster.cc:298:18: warning: comparison of integer expressions of different signedness: ‘std::vector<int>::size_type’ {aka ‘long unsigned int’} and ‘int’ [-Wsign-compare]
298 | if(nbrs.size() < minNbrs) // will end up a singleton
| ~~~~~~~~~~~~^~~~~~~~~
cluster.cc: In function ‘void loadNNList(int, int, SEXP)’:
cluster.cc:314:21: warning: comparison of integer expressions of different signedness: ‘unsigned int’ and ‘int’ [-Wsign-compare]
314 | for(unsigned i=0; i<N; i++) //rows
| ~^~
cluster.cc:332:18: warning: comparison of integer expressions of different signedness: ‘std::vector<int>::size_type’ {aka ‘long unsigned int’} and ‘int’ [-Wsign-compare]
332 | if(nbrs.size() < minNbrs) // will end up a singleton
| ~~~~~~~~~~~~^~~~~~~~~
cluster.cc: In function ‘SEXPREC* jarvis_patrick(SEXP, SEXP, SEXP, SEXP, SEXP)’:
cluster.cc:390:21: warning: comparison of integer expressions of different signedness: ‘unsigned int’ and ‘int’ [-Wsign-compare]
390 | for(unsigned i=0; i<N; i++){
| ~^~
cluster.cc: At global scope:
cluster.cc:49:13: warning: ‘void prepare_neighbors(const char*, int, int)’ defined but not used [-Wunused-function]
49 | void static prepare_neighbors(const char* nbr_file, int skip, int p)
| ^~~~~~~~~~~~~~~~~
g++ -std=gnu++14 -I"/home/biocbuild/bbs-3.16-bioc/R/include" -DNDEBUG -I'/home/biocbuild/bbs-3.16-bioc/R/site-library/Rcpp/include' -I'/home/biocbuild/bbs-3.16-bioc/R/site-library/BH/include' -I/usr/local/include -DNO_MAIN -DNO_DEBUG -fpic -g -O2 -Wall -c cstrsplit.cc -o cstrsplit.o
In file included from /home/biocbuild/bbs-3.16-bioc/R/site-library/BH/include/boost/mpl/aux_/na_assert.hpp:23,
from /home/biocbuild/bbs-3.16-bioc/R/site-library/BH/include/boost/mpl/arg.hpp:25,
from /home/biocbuild/bbs-3.16-bioc/R/site-library/BH/include/boost/mpl/placeholders.hpp:24,
from /home/biocbuild/bbs-3.16-bioc/R/site-library/BH/include/boost/iterator/iterator_categories.hpp:16,
from /home/biocbuild/bbs-3.16-bioc/R/site-library/BH/include/boost/iterator/iterator_facade.hpp:13,
from /home/biocbuild/bbs-3.16-bioc/R/site-library/BH/include/boost/range/iterator_range_core.hpp:27,
from /home/biocbuild/bbs-3.16-bioc/R/site-library/BH/include/boost/range/iterator_range.hpp:13,
from /home/biocbuild/bbs-3.16-bioc/R/site-library/BH/include/boost/range/as_literal.hpp:18,
from /home/biocbuild/bbs-3.16-bioc/R/site-library/BH/include/boost/algorithm/string/trim.hpp:19,
from /home/biocbuild/bbs-3.16-bioc/R/site-library/BH/include/boost/algorithm/string.hpp:19,
from cstrsplit.cc:7:
/home/biocbuild/bbs-3.16-bioc/R/site-library/BH/include/boost/mpl/assert.hpp:194:21: warning: unnecessary parentheses in declaration of ‘assert_arg’ [-Wparentheses]
194 | failed ************ (Pred::************
| ^
/home/biocbuild/bbs-3.16-bioc/R/site-library/BH/include/boost/mpl/assert.hpp:199:21: warning: unnecessary parentheses in declaration of ‘assert_not_arg’ [-Wparentheses]
199 | failed ************ (boost::mpl::not_<Pred>::************
| ^
In file included from /home/biocbuild/bbs-3.16-bioc/R/site-library/BH/include/boost/bind/mem_fn.hpp:25,
from /home/biocbuild/bbs-3.16-bioc/R/site-library/BH/include/boost/mem_fn.hpp:22,
from /home/biocbuild/bbs-3.16-bioc/R/site-library/BH/include/boost/function/detail/prologue.hpp:18,
from /home/biocbuild/bbs-3.16-bioc/R/site-library/BH/include/boost/function.hpp:30,
from /home/biocbuild/bbs-3.16-bioc/R/site-library/BH/include/boost/algorithm/string/detail/find_iterator.hpp:18,
from /home/biocbuild/bbs-3.16-bioc/R/site-library/BH/include/boost/algorithm/string/find_iterator.hpp:24,
from /home/biocbuild/bbs-3.16-bioc/R/site-library/BH/include/boost/algorithm/string/iter_find.hpp:27,
from /home/biocbuild/bbs-3.16-bioc/R/site-library/BH/include/boost/algorithm/string/split.hpp:16,
from /home/biocbuild/bbs-3.16-bioc/R/site-library/BH/include/boost/algorithm/string.hpp:23,
from cstrsplit.cc:7:
/home/biocbuild/bbs-3.16-bioc/R/site-library/BH/include/boost/get_pointer.hpp:48:40: warning: ‘template<class> class std::auto_ptr’ is deprecated [-Wdeprecated-declarations]
48 | template<class T> T * get_pointer(std::auto_ptr<T> const& p)
| ^~~~~~~~
In file included from /usr/include/c++/9/bits/locale_conv.h:41,
from /usr/include/c++/9/locale:43,
from /usr/include/c++/9/iomanip:43,
from /home/biocbuild/bbs-3.16-bioc/R/site-library/Rcpp/include/RcppCommon.h:53,
from /home/biocbuild/bbs-3.16-bioc/R/site-library/Rcpp/include/Rcpp.h:27,
from cstrsplit.cc:2:
/usr/include/c++/9/bits/unique_ptr.h:53:28: note: declared here
53 | template<typename> class auto_ptr;
| ^~~~~~~~
g++ -std=gnu++14 -I"/home/biocbuild/bbs-3.16-bioc/R/include" -DNDEBUG -I'/home/biocbuild/bbs-3.16-bioc/R/site-library/Rcpp/include' -I'/home/biocbuild/bbs-3.16-bioc/R/site-library/BH/include' -I/usr/local/include -DNO_MAIN -DNO_DEBUG -fpic -g -O2 -Wall -c desc.cc -o desc.o
desc.cc: In function ‘SEXPREC* genAPDescriptor(SEXP)’:
desc.cc:249:17: warning: comparison of integer expressions of different signedness: ‘int’ and ‘std::vector<unsigned int>::size_type’ {aka ‘long unsigned int’} [-Wsign-compare]
249 | for(int i=0; i < descs.size(); i++)
| ~~^~~~~~~~~~~~~~
g++ -std=gnu++14 -I"/home/biocbuild/bbs-3.16-bioc/R/include" -DNDEBUG -I'/home/biocbuild/bbs-3.16-bioc/R/site-library/Rcpp/include' -I'/home/biocbuild/bbs-3.16-bioc/R/site-library/BH/include' -I/usr/local/include -DNO_MAIN -DNO_DEBUG -fpic -g -O2 -Wall -c fingerprints.cc -o fingerprints.o
fingerprints.cc: In function ‘SEXPREC* uniquifyAtomPairs(SEXP)’:
fingerprints.cc:138:17: warning: comparison of integer expressions of different signedness: ‘int’ and ‘std::vector<IndexedValue*>::size_type’ {aka ‘long unsigned int’} [-Wsign-compare]
138 | for(int i=0; i < aps.size(); i++)
| ~~^~~~~~~~~~~~
fingerprints.cc:145:17: warning: comparison of integer expressions of different signedness: ‘int’ and ‘std::vector<IndexedValue*>::size_type’ {aka ‘long unsigned int’} [-Wsign-compare]
145 | for(int i=0; i < aps.size(); i++){
| ~~^~~~~~~~~~~~
fingerprints.cc:158:17: warning: comparison of integer expressions of different signedness: ‘int’ and ‘std::vector<IndexedValue*>::size_type’ {aka ‘long unsigned int’} [-Wsign-compare]
158 | for(int i=0; i < aps.size(); i++){
| ~~^~~~~~~~~~~~
g++ -std=gnu++14 -I"/home/biocbuild/bbs-3.16-bioc/R/include" -DNDEBUG -I'/home/biocbuild/bbs-3.16-bioc/R/site-library/Rcpp/include' -I'/home/biocbuild/bbs-3.16-bioc/R/site-library/BH/include' -I/usr/local/include -DNO_MAIN -DNO_DEBUG -fpic -g -O2 -Wall -c formats.cc -o formats.o
In file included from /usr/include/string.h:495,
from formats.cc:4:
In function ‘char* strncpy(char*, const char*, size_t)’,
inlined from ‘int sdf_iter(std::fstream&, std::string&, int&)’ at formats.cc:237:10:
/usr/include/x86_64-linux-gnu/bits/string_fortified.h:106:34: warning: ‘char* __builtin_strncpy(char*, const char*, long unsigned int)’ output may be truncated copying 4 bytes from a string of length 100001 [-Wstringop-truncation]
106 | return __builtin___strncpy_chk (__dest, __src, __len, __bos (__dest));
| ~~~~~~~~~~~~~~~~~~~~~~~~^~~~~~~~~~~~~~~~~~~~~~~~~~~~~~~~~~~~~~
g++ -std=gnu++14 -I"/home/biocbuild/bbs-3.16-bioc/R/include" -DNDEBUG -I'/home/biocbuild/bbs-3.16-bioc/R/site-library/Rcpp/include' -I'/home/biocbuild/bbs-3.16-bioc/R/site-library/BH/include' -I/usr/local/include -DNO_MAIN -DNO_DEBUG -fpic -g -O2 -Wall -c molecule.cc -o molecule.o
g++ -std=gnu++14 -I"/home/biocbuild/bbs-3.16-bioc/R/include" -DNDEBUG -I'/home/biocbuild/bbs-3.16-bioc/R/site-library/Rcpp/include' -I'/home/biocbuild/bbs-3.16-bioc/R/site-library/BH/include' -I/usr/local/include -DNO_MAIN -DNO_DEBUG -fpic -g -O2 -Wall -c r_wrap.cc -o r_wrap.o
r_wrap.cc: In function ‘SEXPREC* SWIG_MakePtr(void*, const char*, R_SWIG_Owner)’:
r_wrap.cc:949:15: warning: variable ‘p’ set but not used [-Wunused-but-set-variable]
949 | const char *p = typeName;
| ^
g++ -std=gnu++14 -I"/home/biocbuild/bbs-3.16-bioc/R/include" -DNDEBUG -I'/home/biocbuild/bbs-3.16-bioc/R/site-library/Rcpp/include' -I'/home/biocbuild/bbs-3.16-bioc/R/site-library/BH/include' -I/usr/local/include -DNO_MAIN -DNO_DEBUG -fpic -g -O2 -Wall -c script.cc -o script.o
In file included from script.cc:2:
desc.h:39:13: warning: ‘elements’ defined but not used [-Wunused-variable]
39 | static char elements[112][3] = {
| ^~~~~~~~
g++ -std=gnu++14 -I"/home/biocbuild/bbs-3.16-bioc/R/include" -DNDEBUG -I'/home/biocbuild/bbs-3.16-bioc/R/site-library/Rcpp/include' -I'/home/biocbuild/bbs-3.16-bioc/R/site-library/BH/include' -I/usr/local/include -DNO_MAIN -DNO_DEBUG -fpic -g -O2 -Wall -c similarity.cc -o similarity.o
In file included from similarity.cc:1:
desc.h:39:13: warning: ‘elements’ defined but not used [-Wunused-variable]
39 | static char elements[112][3] = {
| ^~~~~~~~
g++ -std=gnu++14 -shared -L/home/biocbuild/bbs-3.16-bioc/R/lib -L/usr/local/lib -o ChemmineR.so DisjointSets.o cluster.o cstrsplit.o desc.o fingerprints.o formats.o molecule.o r_wrap.o script.o similarity.o -L/home/biocbuild/bbs-3.16-bioc/R/lib -lR
installing to /home/biocbuild/bbs-3.16-bioc/R/site-library/00LOCK-ChemmineR/00new/ChemmineR/libs
** R
** data
** inst
** byte-compile and prepare package for lazy loading
** help
*** installing help indices
** building package indices
** installing vignettes
** testing if installed package can be loaded from temporary location
** checking absolute paths in shared objects and dynamic libraries
** testing if installed package can be loaded from final location
** testing if installed package keeps a record of temporary installation path
* DONE (ChemmineR)
ChemmineR.Rcheck/tests/runTests.Rout
R version 4.2.3 (2023-03-15) -- "Shortstop Beagle"
Copyright (C) 2023 The R Foundation for Statistical Computing
Platform: x86_64-pc-linux-gnu (64-bit)
R is free software and comes with ABSOLUTELY NO WARRANTY.
You are welcome to redistribute it under certain conditions.
Type 'license()' or 'licence()' for distribution details.
R is a collaborative project with many contributors.
Type 'contributors()' for more information and
'citation()' on how to cite R or R packages in publications.
Type 'demo()' for some demos, 'help()' for on-line help, or
'help.start()' for an HTML browser interface to help.
Type 'q()' to quit R.
> BiocGenerics:::testPackage("ChemmineR")
======= testing fpset ===============================================
======= folding...
Loading required package: RSQLite
[1] "createing db"
[1] "createing db"
[1] "loading first half, no features"
[1] "createing db"
[1] "loading first half,with features"
adding new features to existing compounds. This could take a while
[1] "loading incomplete features"
[1] "loading second half"
adding new features to existing compounds. This could take a while
[1] "done loading"
[1] "createing db"
adding new features to existing compounds. This could take a while
[1] "found 70 compounds"
[1] "found 20 compounds"
Timing stopped at: 0 0 0
Error in DEACTIVATED("local test") : local test
In addition: There were 15 warnings (use warnings() to see them)
Timing stopped at: 0 0 0
Error in DEACTIVATED("local test only") : local test only
found 100 ids
[1] 201 202 203 204 205 206 207 208 209 210 211 212 213 214 215 216 217 218
[19] 219 220 221 222 223 224 225 226 227 228 229 230 231 232 233 234 235 236
[37] 237 238 239 240 241 242 243 244 245 246 247 248 249 250 251 252 253 254
[55] 255 256 257 258 259 260 261 262 263 264 265 266 267 268 269 270 271 272
[73] 273 274 275 276 277 278 279 280 281 282 283 284 285 286 287 288 289 290
[91] 291 292 293 294 295 296 297 298 299 300
starting parBatchByIndex
Loading required package: snow
int [1:100] 201 202 203 204 205 206 207 208 209 210 ...
NULL
[1] "results: parBench-sub-1,parBench-sub-2,parBench-sub-3,parBench-sub-4,parBench-sub-5,parBench-sub-6,parBench-sub-7,parBench-sub-8,parBench-sub-9,parBench-sub-10"
[1] "loading duplications"
loading 1 new compounds, updating 1 compounds
fetching features:
Timing stopped at: 0 0 0.001
Error in DEACTIVATED("causing timeout on bioc, disabling for now") :
causing timeout on bioc, disabling for now
In addition: Warning messages:
1: In for (start in seq(1, numIndices, by = batchSize)) { :
closing unused connection 5 (<-localhost:11972)
2: In for (start in seq(1, numIndices, by = batchSize)) { :
closing unused connection 4 (<-localhost:11972)
3: In for (start in seq(1, numIndices, by = batchSize)) { :
closing unused connection 3 (<-localhost:11972)
test.formatConversions
Timing stopped at: 0 0 0
Error in DEACTIVATED("removed old version of function") :
removed old version of function
Timing stopped at: 0 0 0
Error in DEACTIVATED("just for manual testing") : just for manual testing
Timing stopped at: 0 0 0
Error in DEACTIVATED("requires local files") : requires local files
Timing stopped at: 0 0 0
Error in DEACTIVATED("fails on ubuntu 16.04") : fails on ubuntu 16.04
Timing stopped at: 0 0 0
Error in DEACTIVATED("Causes SSL protocol version error on BioC") :
Causes SSL protocol version error on BioC
[1] "rotable bonds: "
CMP1 CMP2 CMP3 CMP4 CMP5
24 20 14 30 10
[1] "650001" "650002" "650003" "650004" "650005"
RUNIT TEST PROTOCOL -- Mon Apr 10 19:40:19 2023
***********************************************
Number of test functions: 23
Number of deactivated test functions: 8
Number of errors: 0
Number of failures: 0
1 Test Suite :
ChemmineR RUnit Tests - 23 test functions, 0 errors, 0 failures
Number of test functions: 23
Number of deactivated test functions: 8
Number of errors: 0
Number of failures: 0
>
> proc.time()
user system elapsed
11.505 0.424 12.629
ChemmineR.Rcheck/ChemmineR-Ex.timings
| name | user | system | elapsed | |
| AP-class | 0.434 | 0.035 | 0.469 | |
| APset-class | 0.260 | 0.048 | 0.308 | |
| ExtSDF-class | 0.001 | 0.000 | 0.001 | |
| FP-class | 0.072 | 0.004 | 0.075 | |
| FPset-class | 0.254 | 0.012 | 0.266 | |
| SDF-class | 0.043 | 0.000 | 0.043 | |
| SDF2apcmp | 0.021 | 0.000 | 0.021 | |
| SDFDataTable | 0 | 0 | 0 | |
| SDFset-class | 0.214 | 0.019 | 0.233 | |
| SDFset2SDF | 0.050 | 0.005 | 0.054 | |
| SDFset2list | 0.033 | 0.019 | 0.052 | |
| SDFstr-class | 0.221 | 0.001 | 0.221 | |
| SMI-class | 0.002 | 0.000 | 0.002 | |
| SMIset-class | 0.004 | 0.000 | 0.004 | |
| addDescriptorType | 0 | 0 | 0 | |
| addNewFeatures | 2.651 | 0.019 | 2.672 | |
| ap | 0.058 | 0.003 | 0.062 | |
| apfp | 0.002 | 0.000 | 0.002 | |
| apset | 0.003 | 0.000 | 0.004 | |
| apset2descdb | 0.258 | 0.043 | 0.303 | |
| atomblock | 0.061 | 0.012 | 0.073 | |
| atomcount | 0.126 | 0.012 | 0.138 | |
| atomprop | 0.003 | 0.000 | 0.003 | |
| atomsubset | 0.023 | 0.001 | 0.022 | |
| batchByIndex | 0 | 0 | 0 | |
| bondblock | 0.065 | 0.000 | 0.065 | |
| bonds | 0.022 | 0.003 | 0.026 | |
| browseJob | 0 | 0 | 0 | |
| bufferLines | 0.001 | 0.000 | 0.000 | |
| bufferResultSet | 0 | 0 | 0 | |
| byCluster | 0.646 | 0.000 | 0.646 | |
| canonicalNumbering | 0 | 0 | 0 | |
| canonicalize | 0 | 0 | 0 | |
| cid | 0.017 | 0.000 | 0.017 | |
| cluster.sizestat | 0.414 | 0.003 | 0.418 | |
| cluster.visualize | 0.501 | 0.005 | 0.505 | |
| cmp.cluster | 1.531 | 0.028 | 1.559 | |
| cmp.duplicated | 0.058 | 0.000 | 0.058 | |
| cmp.parse | 0.018 | 0.003 | 0.022 | |
| cmp.parse1 | 0 | 0 | 0 | |
| cmp.search | 0.524 | 0.003 | 0.529 | |
| cmp.similarity | 0.014 | 0.000 | 0.015 | |
| conMA | 0.045 | 0.000 | 0.046 | |
| connections | 0.191 | 0.003 | 0.197 | |
| datablock | 0.168 | 0.000 | 0.169 | |
| datablock2ma | 0.023 | 0.004 | 0.027 | |
| db.explain | 0.026 | 0.000 | 0.026 | |
| db.subset | 0.003 | 0.000 | 0.003 | |
| dbTransaction | 0.024 | 0.000 | 0.024 | |
| desc2fp | 0.084 | 0.000 | 0.083 | |
| draw_sdf | 0.486 | 0.000 | 0.486 | |
| exactMassOB | 0 | 0 | 0 | |
| findCompounds | 2.325 | 0.052 | 2.377 | |
| findCompoundsByName | 0.242 | 0.008 | 0.250 | |
| fingerprintOB | 0 | 0 | 0 | |
| fold | 0.001 | 0.000 | 0.001 | |
| foldCount | 0.000 | 0.000 | 0.001 | |
| fp2bit | 0.212 | 0.028 | 0.241 | |
| fpSim | 0.229 | 0.000 | 0.229 | |
| fptype | 0.001 | 0.000 | 0.001 | |
| fromNNMatrix | 0.583 | 0.000 | 0.583 | |
| genAPDescriptors | 0.014 | 0.000 | 0.014 | |
| genParameters | 0.256 | 0.000 | 0.256 | |
| generate3DCoords | 0 | 0 | 0 | |
| getAllCompoundIds | 0.247 | 0.004 | 0.250 | |
| getAtomAttr | 0 | 0 | 0 | |
| getBondAttr | 0 | 0 | 0 | |
| getCompoundFeatures | 2.005 | 0.012 | 2.016 | |
| getCompoundNames | 0.268 | 0.000 | 0.268 | |
| getCompounds | 0.272 | 0.004 | 0.276 | |
| getIds | 0 | 0 | 0 | |
| grepSDFset | 0.037 | 0.000 | 0.037 | |
| groups | 0.09 | 0.00 | 0.09 | |
| header | 0.051 | 0.000 | 0.051 | |
| initDb | 0.017 | 0.000 | 0.017 | |
| jarvisPatrick | 1.376 | 0.000 | 1.376 | |
| jobToken-class | 0 | 0 | 0 | |
| largestComponent | 0 | 0 | 0 | |
| launchCMTool | 0.000 | 0.001 | 0.000 | |
| listCMTools | 0.000 | 0.000 | 0.001 | |
| listFeatures | 0.263 | 0.011 | 0.274 | |
| loadSdf | 2.210 | 0.004 | 2.214 | |
| makeUnique | 0.015 | 0.000 | 0.015 | |
| maximallyDissimilar | 0.156 | 0.000 | 0.156 | |
| nearestNeighbors | 0.827 | 0.028 | 0.855 | |
| numBits | 0.001 | 0.000 | 0.001 | |
| obmol | 0.281 | 0.032 | 0.404 | |
| openBabelPlot | 0 | 0 | 0 | |
| parBatchByIndex | 0 | 0 | 0 | |
| plotStruc | 0.174 | 0.004 | 0.178 | |
| propOB | 0 | 0 | 0 | |
| pubchemCidToSDF | 0 | 0 | 0 | |
| pubchemFPencoding | 0.002 | 0.000 | 0.002 | |
| pubchemInchi2cid | 0.000 | 0.000 | 0.001 | |
| pubchemInchikey2sdf | 0 | 0 | 0 | |
| pubchemName2CID | 0 | 0 | 0 | |
| pubchemSDFSearch | 0 | 0 | 0 | |
| pubchemSmilesSearch | 0 | 0 | 0 | |
| read.AP | 0.014 | 0.000 | 0.014 | |
| read.SDFindex | 0.014 | 0.000 | 0.014 | |
| read.SDFset | 0.417 | 0.000 | 0.416 | |
| read.SDFstr | 0.62 | 0.00 | 0.62 | |
| read.SMIset | 0.001 | 0.000 | 0.001 | |
| regenerateCoords | 0 | 0 | 0 | |
| result | 0 | 0 | 0 | |
| rings | 0.495 | 0.000 | 0.496 | |
| sdf.subset | 0 | 0 | 0 | |
| sdf.visualize | 0.014 | 0.000 | 0.014 | |
| sdf2ap | 0.223 | 0.032 | 0.256 | |
| sdf2list | 0.017 | 0.004 | 0.021 | |
| sdf2smiles | 0 | 0 | 0 | |
| sdf2str | 0.022 | 0.000 | 0.022 | |
| sdfStream | 0.014 | 0.000 | 0.014 | |
| sdfid | 0.015 | 0.000 | 0.016 | |
| sdfsample | 0.028 | 0.000 | 0.028 | |
| sdfstr2list | 0.366 | 0.144 | 0.510 | |
| searchSim | 0.000 | 0.000 | 0.001 | |
| searchString | 0 | 0 | 0 | |
| selectInBatches | 0.000 | 0.000 | 0.001 | |
| setPriorities | 0.000 | 0.001 | 0.000 | |
| smartsSearchOB | 0 | 0 | 0 | |
| smiles2sdf | 0 | 0 | 0 | |
| smisample | 0.001 | 0.001 | 0.003 | |
| status | 0 | 0 | 0 | |
| toolDetails | 0 | 0 | 0 | |
| trimNeighbors | 1.081 | 0.000 | 1.082 | |
| validSDF | 0.017 | 0.000 | 0.017 | |
| view | 0.034 | 0.000 | 0.035 | |
| write.SDF | 0.115 | 0.000 | 0.116 | |
| write.SDFsplit | 0.012 | 0.003 | 0.014 | |
| write.SMI | 0.001 | 0.000 | 0.001 | |