| Back to Multiple platform build/check report for BioC 3.16: simplified long |
|
This page was generated on 2023-04-12 11:05:00 -0400 (Wed, 12 Apr 2023).
| Hostname | OS | Arch (*) | R version | Installed pkgs |
|---|---|---|---|---|
| nebbiolo2 | Linux (Ubuntu 20.04.5 LTS) | x86_64 | 4.2.3 (2023-03-15) -- "Shortstop Beagle" | 4502 |
| palomino4 | Windows Server 2022 Datacenter | x64 | 4.2.3 (2023-03-15 ucrt) -- "Shortstop Beagle" | 4282 |
| lconway | macOS 12.5.1 Monterey | x86_64 | 4.2.3 (2023-03-15) -- "Shortstop Beagle" | 4310 |
| Click on any hostname to see more info about the system (e.g. compilers) (*) as reported by 'uname -p', except on Windows and Mac OS X | ||||
|
To the developers/maintainers of the ChIPQC package: - Please allow up to 24 hours (and sometimes 48 hours) for your latest push to git@git.bioconductor.org:packages/ChIPQC.git to reflect on this report. See How and When does the builder pull? When will my changes propagate? for more information. - Make sure to use the following settings in order to reproduce any error or warning you see on this page. |
| Package 314/2183 | Hostname | OS / Arch | INSTALL | BUILD | CHECK | BUILD BIN | ||||||||
| ChIPQC 1.34.1 (landing page) Tom Carroll
| nebbiolo2 | Linux (Ubuntu 20.04.5 LTS) / x86_64 | OK | OK | WARNINGS | |||||||||
| palomino4 | Windows Server 2022 Datacenter / x64 | OK | OK | WARNINGS | OK | |||||||||
| lconway | macOS 12.5.1 Monterey / x86_64 | OK | OK | WARNINGS | OK | |||||||||
| Package: ChIPQC |
| Version: 1.34.1 |
| Command: /home/biocbuild/bbs-3.16-bioc/R/bin/R CMD check --install=check:ChIPQC.install-out.txt --library=/home/biocbuild/bbs-3.16-bioc/R/site-library --timings ChIPQC_1.34.1.tar.gz |
| StartedAt: 2023-04-10 19:40:19 -0400 (Mon, 10 Apr 2023) |
| EndedAt: 2023-04-10 19:47:46 -0400 (Mon, 10 Apr 2023) |
| EllapsedTime: 446.4 seconds |
| RetCode: 0 |
| Status: WARNINGS |
| CheckDir: ChIPQC.Rcheck |
| Warnings: 1 |
##############################################################################
##############################################################################
###
### Running command:
###
### /home/biocbuild/bbs-3.16-bioc/R/bin/R CMD check --install=check:ChIPQC.install-out.txt --library=/home/biocbuild/bbs-3.16-bioc/R/site-library --timings ChIPQC_1.34.1.tar.gz
###
##############################################################################
##############################################################################
* using log directory ‘/home/biocbuild/bbs-3.16-bioc/meat/ChIPQC.Rcheck’
* using R version 4.2.3 (2023-03-15)
* using platform: x86_64-pc-linux-gnu (64-bit)
* using session charset: UTF-8
* checking for file ‘ChIPQC/DESCRIPTION’ ... OK
* checking extension type ... Package
* this is package ‘ChIPQC’ version ‘1.34.1’
* checking package namespace information ... OK
* checking package dependencies ... OK
* checking if this is a source package ... OK
* checking if there is a namespace ... OK
* checking for hidden files and directories ... OK
* checking for portable file names ... OK
* checking for sufficient/correct file permissions ... OK
* checking whether package ‘ChIPQC’ can be installed ... OK
* checking installed package size ... OK
* checking package directory ... OK
* checking ‘build’ directory ... OK
* checking DESCRIPTION meta-information ... OK
* checking top-level files ... OK
* checking for left-over files ... OK
* checking index information ... OK
* checking package subdirectories ... OK
* checking R files for non-ASCII characters ... OK
* checking R files for syntax errors ... OK
* checking whether the package can be loaded ... OK
* checking whether the package can be loaded with stated dependencies ... OK
* checking whether the package can be unloaded cleanly ... OK
* checking whether the namespace can be loaded with stated dependencies ... OK
* checking whether the namespace can be unloaded cleanly ... OK
* checking loading without being on the library search path ... OK
* checking dependencies in R code ... NOTE
Package in Depends field not imported from: ‘BiocParallel’
These packages need to be imported from (in the NAMESPACE file)
for when this namespace is loaded but not attached.
Unexported object imported by a ':::' call: ‘S4Vectors:::tabulate2’
See the note in ?`:::` about the use of this operator.
* checking S3 generic/method consistency ... OK
* checking replacement functions ... OK
* checking foreign function calls ... NOTE
Foreign function call to a different package:
.Call("rle_sum_any", ..., PACKAGE = "chipseq")
See chapter ‘System and foreign language interfaces’ in the ‘Writing R
Extensions’ manual.
* checking R code for possible problems ... NOTE
ChIPQC: no visible global function definition for ‘is’
ChIPQC: no visible global function definition for ‘multicoreWorkers’
ChIPQC: no visible global function definition for ‘snowWorkers’
GetGRanges: no visible global function definition for ‘seqlevels<-’
findCovMaxPos: no visible global function definition for ‘seqlengths’
findCovMaxPos: no visible global function definition for ‘seqlengths<-’
getAnnotation: no visible binding for global variable
‘TxDb.Hsapiens.UCSC.hg38.knownGene’
getAnnotation: no visible global function definition for ‘seqlengths’
makeCCplot: no visible binding for global variable ‘Shift_Size’
makeCCplot: no visible binding for global variable ‘CC_Score’
makeCoveragePlot: no visible binding for global variable ‘Depth’
makeCoveragePlot: no visible binding for global variable ‘log10_bp’
makeCoveragePlot: no visible binding for global variable ‘Sample’
makeFriblPlot: no visible binding for global variable ‘Sample’
makeFriblPlot: no visible binding for global variable ‘FRIBL’
makeFriblPlot: no visible binding for global variable ‘Reads’
makeFripPlot: no visible binding for global variable ‘Sample’
makeFripPlot: no visible binding for global variable ‘FRIP’
makeFripPlot: no visible binding for global variable ‘Reads’
makePeakProfilePlot: no visible binding for global variable ‘Distance’
makePeakProfilePlot: no visible binding for global variable ‘Signal’
makeRapPlot: no visible binding for global variable ‘Sample’
makeRapPlot: no visible binding for global variable ‘CountsInPeaks’
makeRegiPlot: no visible binding for global variable ‘Sample’
makeRegiPlot: no visible binding for global variable ‘GenomicIntervals’
makeRegiPlot: no visible binding for global variable ‘log2_Enrichment’
makeSSDPlot: no visible binding for global variable ‘Sample’
makeSSDPlot: no visible binding for global variable ‘SSD’
makeSSDPlot: no visible global function definition for ‘geom_point’
sampleQC: no visible global function definition for ‘seqlevels<-’
plotCC,ChIPQCexperiment: no visible binding for global variable
‘Sample’
plotCC,list: no visible binding for global variable ‘Sample’
plotPeakProfile,ChIPQCexperiment: no visible binding for global
variable ‘Sample’
plotPeakProfile,list: no visible binding for global variable ‘Sample’
Undefined global functions or variables:
CC_Score CountsInPeaks Depth Distance FRIBL FRIP GenomicIntervals
Reads SSD Sample Shift_Size Signal TxDb.Hsapiens.UCSC.hg38.knownGene
geom_point is log10_bp log2_Enrichment multicoreWorkers seqlengths
seqlengths<- seqlevels<- snowWorkers
Consider adding
importFrom("methods", "is")
importFrom("stats", "SSD")
to your NAMESPACE file (and ensure that your DESCRIPTION Imports field
contains 'methods').
* checking Rd files ... OK
* checking Rd metadata ... OK
* checking Rd cross-references ... OK
* checking for missing documentation entries ... OK
* checking for code/documentation mismatches ... OK
* checking Rd \usage sections ... OK
* checking Rd contents ... OK
* checking for unstated dependencies in examples ... OK
* checking contents of ‘data’ directory ... OK
* checking data for non-ASCII characters ... WARNING
Error loading dataset 'exampleExp':
Error in .requirePackage(package) :
unable to find required package 'ChIPQC'
Error loading dataset 'tamoxifen':
Error in .requirePackage(package) :
unable to find required package 'ChIPQC'
The dataset(s) may use package(s) not declared in the DESCRIPTION file.
* checking data for ASCII and uncompressed saves ... OK
* checking installed files from ‘inst/doc’ ... OK
* checking files in ‘vignettes’ ... OK
* checking examples ... OK
Examples with CPU (user + system) or elapsed time > 5s
user system elapsed
ChIPQCreport 20.878 0.472 21.35
* checking for unstated dependencies in vignettes ... OK
* checking package vignettes in ‘inst/doc’ ... OK
* checking running R code from vignettes ...
‘ChIPQC.Rnw’... OK
OK
* checking re-building of vignette outputs ... OK
* checking PDF version of manual ... OK
* DONE
Status: 1 WARNING, 3 NOTEs
See
‘/home/biocbuild/bbs-3.16-bioc/meat/ChIPQC.Rcheck/00check.log’
for details.
ChIPQC.Rcheck/00install.out
############################################################################## ############################################################################## ### ### Running command: ### ### /home/biocbuild/bbs-3.16-bioc/R/bin/R CMD INSTALL ChIPQC ### ############################################################################## ############################################################################## * installing to library ‘/home/biocbuild/bbs-3.16-bioc/R/site-library’ * installing *source* package ‘ChIPQC’ ... ** using staged installation ** R ** data ** inst ** byte-compile and prepare package for lazy loading ** help *** installing help indices ** building package indices ** installing vignettes ** testing if installed package can be loaded from temporary location ** testing if installed package can be loaded from final location ** testing if installed package keeps a record of temporary installation path * DONE (ChIPQC)
ChIPQC.Rcheck/ChIPQC-Ex.timings
| name | user | system | elapsed | |
| ChIPQC-data | 0.982 | 0.144 | 1.127 | |
| ChIPQC | 0.352 | 0.016 | 0.368 | |
| ChIPQCexperiment-class | 0.328 | 0.004 | 0.332 | |
| ChIPQCreport | 20.878 | 0.472 | 21.350 | |
| ChIPQCsample-class | 1.011 | 0.024 | 1.036 | |
| FragmentLengthCrossCoverage-methods | 0.043 | 0.004 | 0.046 | |
| Normalisedaveragepeaksignal-methods | 0.023 | 0.000 | 0.024 | |
| QCannotation-methods | 0.014 | 0.000 | 0.014 | |
| QCcontrol-methods | 0.174 | 0.000 | 0.175 | |
| QCdba-methods | 0.100 | 0.004 | 0.104 | |
| QCmetadata-methods | 0.107 | 0.000 | 0.108 | |
| QCmetrics-methods | 0.366 | 0.000 | 0.366 | |
| QCsample-methods | 0.051 | 0.000 | 0.051 | |
| ReadLengthCrossCoverage-methods | 0.015 | 0.000 | 0.015 | |
| RelativeCrossCoverage-methods | 0.052 | 0.000 | 0.052 | |
| averagepeaksignal-methods | 0.023 | 0.004 | 0.028 | |
| coveragehistogram-methods | 0.027 | 0.000 | 0.026 | |
| crosscoverage-methods | 0.021 | 0.004 | 0.025 | |
| duplicateRate-methods | 0.015 | 0.000 | 0.016 | |
| duplicates-methods | 0.015 | 0.000 | 0.015 | |
| flagtagcounts-methods | 0.015 | 0.000 | 0.016 | |
| fragmentlength-methods | 0.05 | 0.00 | 0.05 | |
| frip-methods | 0.015 | 0.000 | 0.015 | |
| mapped-methods | 0.015 | 0.000 | 0.014 | |
| peaks-methods | 0.137 | 0.000 | 0.137 | |
| plotCC-methods | 0.984 | 0.000 | 0.984 | |
| plotCorHeatmap-methods | 0.181 | 0.000 | 0.180 | |
| plotCoverageHist-methods | 0.455 | 0.008 | 0.463 | |
| plotFribl-methods | 0.566 | 0.004 | 0.570 | |
| plotFrip-methods | 0.527 | 0.004 | 0.531 | |
| plotPeakProfile-methods | 1.245 | 0.008 | 1.253 | |
| plotPrincomp-methods | 0.203 | 0.016 | 0.219 | |
| plotRap-methods | 0.711 | 0.004 | 0.715 | |
| plotRegi-methods | 0.894 | 0.028 | 0.922 | |
| plotSSD-methods | 1.144 | 0.004 | 1.148 | |
| readlength-methods | 0.015 | 0.000 | 0.014 | |
| reads-methods | 0.015 | 0.000 | 0.015 | |
| regi-methods | 0.034 | 0.004 | 0.038 | |
| ribl-methods | 0.015 | 0.000 | 0.014 | |
| rip-methods | 0.014 | 0.000 | 0.015 | |
| ssd-methods | 0.014 | 0.000 | 0.014 | |