| Back to Multiple platform build/check report for BioC 3.16: simplified long |
|
This page was generated on 2023-04-12 11:05:00 -0400 (Wed, 12 Apr 2023).
| Hostname | OS | Arch (*) | R version | Installed pkgs |
|---|---|---|---|---|
| nebbiolo2 | Linux (Ubuntu 20.04.5 LTS) | x86_64 | 4.2.3 (2023-03-15) -- "Shortstop Beagle" | 4502 |
| palomino4 | Windows Server 2022 Datacenter | x64 | 4.2.3 (2023-03-15 ucrt) -- "Shortstop Beagle" | 4282 |
| lconway | macOS 12.5.1 Monterey | x86_64 | 4.2.3 (2023-03-15) -- "Shortstop Beagle" | 4310 |
| Click on any hostname to see more info about the system (e.g. compilers) (*) as reported by 'uname -p', except on Windows and Mac OS X | ||||
|
To the developers/maintainers of the CancerSubtypes package: - Please allow up to 24 hours (and sometimes 48 hours) for your latest push to git@git.bioconductor.org:packages/CancerSubtypes.git to reflect on this report. See How and When does the builder pull? When will my changes propagate? for more information. - Make sure to use the following settings in order to reproduce any error or warning you see on this page. |
| Package 252/2183 | Hostname | OS / Arch | INSTALL | BUILD | CHECK | BUILD BIN | ||||||||
| CancerSubtypes 1.24.0 (landing page) Taosheng Xu
| nebbiolo2 | Linux (Ubuntu 20.04.5 LTS) / x86_64 | OK | OK | WARNINGS | |||||||||
| palomino4 | Windows Server 2022 Datacenter / x64 | OK | OK | WARNINGS | OK | |||||||||
| lconway | macOS 12.5.1 Monterey / x86_64 | OK | OK | WARNINGS | OK | |||||||||
| Package: CancerSubtypes |
| Version: 1.24.0 |
| Command: /home/biocbuild/bbs-3.16-bioc/R/bin/R CMD check --install=check:CancerSubtypes.install-out.txt --library=/home/biocbuild/bbs-3.16-bioc/R/site-library --timings CancerSubtypes_1.24.0.tar.gz |
| StartedAt: 2023-04-10 19:29:54 -0400 (Mon, 10 Apr 2023) |
| EndedAt: 2023-04-10 19:34:11 -0400 (Mon, 10 Apr 2023) |
| EllapsedTime: 257.5 seconds |
| RetCode: 0 |
| Status: WARNINGS |
| CheckDir: CancerSubtypes.Rcheck |
| Warnings: 1 |
##############################################################################
##############################################################################
###
### Running command:
###
### /home/biocbuild/bbs-3.16-bioc/R/bin/R CMD check --install=check:CancerSubtypes.install-out.txt --library=/home/biocbuild/bbs-3.16-bioc/R/site-library --timings CancerSubtypes_1.24.0.tar.gz
###
##############################################################################
##############################################################################
* using log directory ‘/home/biocbuild/bbs-3.16-bioc/meat/CancerSubtypes.Rcheck’
* using R version 4.2.3 (2023-03-15)
* using platform: x86_64-pc-linux-gnu (64-bit)
* using session charset: UTF-8
* checking for file ‘CancerSubtypes/DESCRIPTION’ ... OK
* checking extension type ... Package
* this is package ‘CancerSubtypes’ version ‘1.24.0’
* checking package namespace information ... OK
* checking package dependencies ... OK
* checking if this is a source package ... OK
* checking if there is a namespace ... OK
* checking for hidden files and directories ... OK
* checking for portable file names ... OK
* checking for sufficient/correct file permissions ... OK
* checking whether package ‘CancerSubtypes’ can be installed ... OK
* checking installed package size ... OK
* checking package directory ... OK
* checking ‘build’ directory ... OK
* checking DESCRIPTION meta-information ... OK
* checking top-level files ... OK
* checking for left-over files ... OK
* checking index information ... OK
* checking package subdirectories ... OK
* checking R files for non-ASCII characters ... OK
* checking R files for syntax errors ... OK
* checking whether the package can be loaded ... OK
* checking whether the package can be loaded with stated dependencies ... OK
* checking whether the package can be unloaded cleanly ... OK
* checking whether the namespace can be loaded with stated dependencies ... OK
* checking whether the namespace can be unloaded cleanly ... OK
* checking loading without being on the library search path ... OK
* checking dependencies in R code ... OK
* checking S3 generic/method consistency ... OK
* checking replacement functions ... OK
* checking foreign function calls ... OK
* checking R code for possible problems ... NOTE
displayClusters: no visible global function definition for ‘grey’
plotiCluster: no visible global function definition for ‘gray’
Undefined global functions or variables:
gray grey
Consider adding
importFrom("grDevices", "gray", "grey")
to your NAMESPACE file.
* checking Rd files ... OK
* checking Rd metadata ... OK
* checking Rd cross-references ... WARNING
Missing link or links in documentation object 'ExecuteiCluster.Rd':
‘iCluster2’
See section 'Cross-references' in the 'Writing R Extensions' manual.
* checking for missing documentation entries ... OK
* checking for code/documentation mismatches ... OK
* checking Rd \usage sections ... OK
* checking Rd contents ... OK
* checking for unstated dependencies in examples ... OK
* checking contents of ‘data’ directory ... OK
* checking data for non-ASCII characters ... OK
* checking data for ASCII and uncompressed saves ... OK
* checking installed files from ‘inst/doc’ ... OK
* checking files in ‘vignettes’ ... OK
* checking examples ... OK
Examples with CPU (user + system) or elapsed time > 5s
user system elapsed
sigclustTest 22.595 0.136 22.732
ExecuteSNF.CC 14.586 0.196 14.781
ExecuteCNMF 8.732 0.507 14.413
survAnalysis 8.438 0.004 8.443
ExecuteCC 5.910 0.164 6.074
FSbyCox 5.354 0.036 5.390
* checking for unstated dependencies in ‘tests’ ... OK
* checking tests ...
Running ‘runTests.R’
OK
* checking for unstated dependencies in vignettes ... OK
* checking package vignettes in ‘inst/doc’ ... OK
* checking running R code from vignettes ...
‘CancerSubtypes-vignette.Rmd’ using ‘UTF-8’... OK
NONE
* checking re-building of vignette outputs ... OK
* checking PDF version of manual ... OK
* DONE
Status: 1 WARNING, 1 NOTE
See
‘/home/biocbuild/bbs-3.16-bioc/meat/CancerSubtypes.Rcheck/00check.log’
for details.
CancerSubtypes.Rcheck/00install.out
############################################################################## ############################################################################## ### ### Running command: ### ### /home/biocbuild/bbs-3.16-bioc/R/bin/R CMD INSTALL CancerSubtypes ### ############################################################################## ############################################################################## * installing to library ‘/home/biocbuild/bbs-3.16-bioc/R/site-library’ * installing *source* package ‘CancerSubtypes’ ... ** using staged installation ** R ** data ** inst ** byte-compile and prepare package for lazy loading ** help *** installing help indices ** building package indices ** installing vignettes ** testing if installed package can be loaded from temporary location ** testing if installed package can be loaded from final location ** testing if installed package keeps a record of temporary installation path * DONE (CancerSubtypes)
CancerSubtypes.Rcheck/tests/runTests.Rout
R version 4.2.3 (2023-03-15) -- "Shortstop Beagle"
Copyright (C) 2023 The R Foundation for Statistical Computing
Platform: x86_64-pc-linux-gnu (64-bit)
R is free software and comes with ABSOLUTELY NO WARRANTY.
You are welcome to redistribute it under certain conditions.
Type 'license()' or 'licence()' for distribution details.
R is a collaborative project with many contributors.
Type 'contributors()' for more information and
'citation()' on how to cite R or R packages in publications.
Type 'demo()' for some demos, 'help()' for on-line help, or
'help.start()' for an HTML browser interface to help.
Type 'q()' to quit R.
> BiocGenerics:::testPackage("CancerSubtypes")
NMF - BioConductor layer [OK] | Shared memory capabilities [NO: synchronicity] | Cores 2/2
To enable shared memory capabilities, try: install.extras('
NMF
')
RUNIT TEST PROTOCOL -- Mon Apr 10 19:32:31 2023
***********************************************
Number of test functions: 1
Number of errors: 0
Number of failures: 0
1 Test Suite :
CancerSubtypes RUnit Tests - 1 test function, 0 errors, 0 failures
Number of test functions: 1
Number of errors: 0
Number of failures: 0
>
> proc.time()
user system elapsed
3.376 0.231 3.606
CancerSubtypes.Rcheck/CancerSubtypes-Ex.timings
| name | user | system | elapsed | |
| DiffExp.limma | 0.258 | 0.024 | 0.282 | |
| ExecuteCC | 5.910 | 0.164 | 6.074 | |
| ExecuteCNMF | 8.732 | 0.507 | 14.413 | |
| ExecuteSNF.CC | 14.586 | 0.196 | 14.781 | |
| ExecuteSNF | 0.197 | 0.004 | 0.202 | |
| ExecuteWSNF | 1.566 | 0.024 | 1.590 | |
| ExecuteiCluster | 3.371 | 0.004 | 3.375 | |
| FSbyCox | 5.354 | 0.036 | 5.390 | |
| FSbyMAD | 0.159 | 0.000 | 0.159 | |
| FSbyPCA | 0.112 | 0.000 | 0.111 | |
| FSbyVar | 0.042 | 0.000 | 0.042 | |
| GeneExp | 0.009 | 0.004 | 0.012 | |
| Ranking | 0.026 | 0.000 | 0.026 | |
| affinityMatrix | 0.014 | 0.004 | 0.018 | |
| data.checkDistribution | 0.205 | 0.000 | 0.205 | |
| data.imputation | 0.006 | 0.000 | 0.006 | |
| data.normalization | 0.091 | 0.000 | 0.091 | |
| dist2 | 0.01 | 0.00 | 0.01 | |
| drawHeatmap | 3.668 | 0.064 | 3.732 | |
| miRNAExp | 0.004 | 0.000 | 0.004 | |
| saveFigure | 0.716 | 0.024 | 0.740 | |
| sigclustTest | 22.595 | 0.136 | 22.732 | |
| silhouette_SimilarityMatrix | 0.222 | 0.012 | 0.233 | |
| spectralAlg | 0.005 | 0.000 | 0.004 | |
| status | 0.001 | 0.000 | 0.001 | |
| survAnalysis | 8.438 | 0.004 | 8.443 | |
| time | 0.000 | 0.001 | 0.001 | |