| Back to Multiple platform build/check report for BioC 3.16: simplified long |
|
This page was generated on 2023-04-12 11:04:57 -0400 (Wed, 12 Apr 2023).
| Hostname | OS | Arch (*) | R version | Installed pkgs |
|---|---|---|---|---|
| nebbiolo2 | Linux (Ubuntu 20.04.5 LTS) | x86_64 | 4.2.3 (2023-03-15) -- "Shortstop Beagle" | 4502 |
| palomino4 | Windows Server 2022 Datacenter | x64 | 4.2.3 (2023-03-15 ucrt) -- "Shortstop Beagle" | 4282 |
| lconway | macOS 12.5.1 Monterey | x86_64 | 4.2.3 (2023-03-15) -- "Shortstop Beagle" | 4310 |
| Click on any hostname to see more info about the system (e.g. compilers) (*) as reported by 'uname -p', except on Windows and Mac OS X | ||||
|
To the developers/maintainers of the ANCOMBC package: - Please allow up to 24 hours (and sometimes 48 hours) for your latest push to git@git.bioconductor.org:packages/ANCOMBC.git to reflect on this report. See How and When does the builder pull? When will my changes propagate? for more information. - Make sure to use the following settings in order to reproduce any error or warning you see on this page. |
| Package 49/2183 | Hostname | OS / Arch | INSTALL | BUILD | CHECK | BUILD BIN | ||||||||
| ANCOMBC 2.0.3 (landing page) Huang Lin
| nebbiolo2 | Linux (Ubuntu 20.04.5 LTS) / x86_64 | OK | OK | ERROR | |||||||||
| palomino4 | Windows Server 2022 Datacenter / x64 | OK | OK | OK | OK | |||||||||
| lconway | macOS 12.5.1 Monterey / x86_64 | OK | OK | OK | OK | |||||||||
| Package: ANCOMBC |
| Version: 2.0.3 |
| Command: /home/biocbuild/bbs-3.16-bioc/R/bin/R CMD check --install=check:ANCOMBC.install-out.txt --library=/home/biocbuild/bbs-3.16-bioc/R/site-library --timings ANCOMBC_2.0.3.tar.gz |
| StartedAt: 2023-04-10 18:57:19 -0400 (Mon, 10 Apr 2023) |
| EndedAt: 2023-04-10 19:18:46 -0400 (Mon, 10 Apr 2023) |
| EllapsedTime: 1287.6 seconds |
| RetCode: 1 |
| Status: ERROR |
| CheckDir: ANCOMBC.Rcheck |
| Warnings: NA |
##############################################################################
##############################################################################
###
### Running command:
###
### /home/biocbuild/bbs-3.16-bioc/R/bin/R CMD check --install=check:ANCOMBC.install-out.txt --library=/home/biocbuild/bbs-3.16-bioc/R/site-library --timings ANCOMBC_2.0.3.tar.gz
###
##############################################################################
##############################################################################
* using log directory ‘/home/biocbuild/bbs-3.16-bioc/meat/ANCOMBC.Rcheck’
* using R version 4.2.3 (2023-03-15)
* using platform: x86_64-pc-linux-gnu (64-bit)
* using session charset: UTF-8
* checking for file ‘ANCOMBC/DESCRIPTION’ ... OK
* checking extension type ... Package
* this is package ‘ANCOMBC’ version ‘2.0.3’
* package encoding: UTF-8
* checking package namespace information ... OK
* checking package dependencies ... OK
* checking if this is a source package ... OK
* checking if there is a namespace ... OK
* checking for hidden files and directories ... OK
* checking for portable file names ... OK
* checking for sufficient/correct file permissions ... OK
* checking whether package ‘ANCOMBC’ can be installed ... OK
* checking installed package size ... OK
* checking package directory ... OK
* checking ‘build’ directory ... OK
* checking DESCRIPTION meta-information ... OK
* checking top-level files ... OK
* checking for left-over files ... OK
* checking index information ... OK
* checking package subdirectories ... OK
* checking R files for non-ASCII characters ... OK
* checking R files for syntax errors ... OK
* checking whether the package can be loaded ... OK
* checking whether the package can be loaded with stated dependencies ... OK
* checking whether the package can be unloaded cleanly ... OK
* checking whether the namespace can be loaded with stated dependencies ... OK
* checking whether the namespace can be unloaded cleanly ... OK
* checking loading without being on the library search path ... OK
* checking dependencies in R code ... OK
* checking S3 generic/method consistency ... OK
* checking replacement functions ... OK
* checking foreign function calls ... OK
* checking R code for possible problems ... OK
* checking Rd files ... OK
* checking Rd metadata ... OK
* checking Rd cross-references ... OK
* checking for missing documentation entries ... OK
* checking for code/documentation mismatches ... OK
* checking Rd \usage sections ... OK
* checking Rd contents ... OK
* checking for unstated dependencies in examples ... OK
* checking contents of ‘data’ directory ... OK
* checking data for non-ASCII characters ... OK
* checking data for ASCII and uncompressed saves ... OK
* checking files in ‘vignettes’ ... OK
* checking examples ... OK
Examples with CPU (user + system) or elapsed time > 5s
user system elapsed
ancombc2 28.879 0.324 29.205
ancom 16.546 0.440 16.987
ancombc 11.312 0.096 11.408
secom_dist 0.932 0.037 15.465
secom_linear 0.933 0.000 15.663
* checking for unstated dependencies in ‘tests’ ... OK
* checking tests ...
Running ‘testthat.R’
OK
* checking for unstated dependencies in vignettes ... OK
* checking package vignettes in ‘inst/doc’ ... OK
* checking running R code from vignettes ...
‘ANCOM.Rmd’ using ‘UTF-8’... OK
‘ANCOMBC.Rmd’ using ‘UTF-8’... OK
‘ANCOMBC2.Rmd’ using ‘UTF-8’... OK
‘SECOM.Rmd’ using ‘UTF-8’... OK
NONE
* checking re-building of vignette outputs ... ERROR
Error(s) in re-building vignettes:
...
--- re-building ‘ANCOM.Rmd’ using rmarkdown
--- finished re-building ‘ANCOM.Rmd’
--- re-building ‘ANCOMBC.Rmd’ using rmarkdown
--- finished re-building ‘ANCOMBC.Rmd’
--- re-building ‘ANCOMBC2.Rmd’ using rmarkdown
Quitting from lines 1093-1103 (ANCOMBC2.Rmd)
Error: processing vignette 'ANCOMBC2.Rmd' failed with diagnostics:
object 'out' not found
--- failed re-building ‘ANCOMBC2.Rmd’
--- re-building ‘SECOM.Rmd’ using rmarkdown
--- finished re-building ‘SECOM.Rmd’
SUMMARY: processing the following file failed:
‘ANCOMBC2.Rmd’
Error: Vignette re-building failed.
Execution halted
* checking PDF version of manual ... OK
* DONE
Status: 1 ERROR
See
‘/home/biocbuild/bbs-3.16-bioc/meat/ANCOMBC.Rcheck/00check.log’
for details.
ANCOMBC.Rcheck/00install.out
############################################################################## ############################################################################## ### ### Running command: ### ### /home/biocbuild/bbs-3.16-bioc/R/bin/R CMD INSTALL ANCOMBC ### ############################################################################## ############################################################################## * installing to library ‘/home/biocbuild/bbs-3.16-bioc/R/site-library’ * installing *source* package ‘ANCOMBC’ ... ** using staged installation ** R ** data ** inst ** byte-compile and prepare package for lazy loading ** help Loading required namespace: ANCOMBC *** installing help indices ** building package indices ** installing vignettes ** testing if installed package can be loaded from temporary location ** testing if installed package can be loaded from final location ** testing if installed package keeps a record of temporary installation path * DONE (ANCOMBC)
ANCOMBC.Rcheck/tests/testthat.Rout
R version 4.2.3 (2023-03-15) -- "Shortstop Beagle"
Copyright (C) 2023 The R Foundation for Statistical Computing
Platform: x86_64-pc-linux-gnu (64-bit)
R is free software and comes with ABSOLUTELY NO WARRANTY.
You are welcome to redistribute it under certain conditions.
Type 'license()' or 'licence()' for distribution details.
R is a collaborative project with many contributors.
Type 'contributors()' for more information and
'citation()' on how to cite R or R packages in publications.
Type 'demo()' for some demos, 'help()' for on-line help, or
'help.start()' for an HTML browser interface to help.
Type 'q()' to quit R.
> library("testthat")
> packageVersion("ANCOMBC")
[1] '2.0.3'
> test_check("ANCOMBC")
Loading required package: ANCOMBC
[ FAIL 0 | WARN 1 | SKIP 0 | PASS 5 ]
[ FAIL 0 | WARN 1 | SKIP 0 | PASS 5 ]
>
> proc.time()
user system elapsed
112.883 2.357 115.230
ANCOMBC.Rcheck/ANCOMBC-Ex.timings
| name | user | system | elapsed | |
| ancom | 16.546 | 0.440 | 16.987 | |
| ancombc | 11.312 | 0.096 | 11.408 | |
| ancombc2 | 28.879 | 0.324 | 29.205 | |
| secom_dist | 0.932 | 0.037 | 15.465 | |
| secom_linear | 0.933 | 0.000 | 15.663 | |
| sim_plnm | 0.028 | 0.000 | 0.028 | |