| Back to Workflows build report for BioC 3.15 |
This page was generated on 2022-10-18 14:00:09 -0400 (Tue, 18 Oct 2022).
| Hostname | OS | Arch (*) | R version | Installed pkgs |
|---|---|---|---|---|
| nebbiolo1 | Linux (Ubuntu 20.04.5 LTS) | x86_64 | 4.2.1 (2022-06-23) -- "Funny-Looking Kid" | 4386 |
| merida1 | macOS 10.14.6 Mojave | x86_64 | 4.2.1 (2022-06-23) -- "Funny-Looking Kid" | 4205 |
| Click on any hostname to see more info about the system (e.g. compilers) (*) as reported by 'uname -p', except on Windows and Mac OS X | ||||
|
To the developers/maintainers of the annotation package: Make sure to use the following settings in order to reproduce any error or warning you see on this page. |
| Package 1/29 | Hostname | OS / Arch | INSTALL | BUILD | ||||||||
| annotation 1.20.0 (landing page) Bioconductor Package Maintainer
| nebbiolo1 | Linux (Ubuntu 20.04.5 LTS) / x86_64 | OK | ERROR | ||||||||
| merida1 | macOS 10.14.6 Mojave / x86_64 | OK | OK | |||||||||
| Package: annotation |
| Version: 1.20.0 |
| Command: /home/biocbuild/bbs-3.15-bioc/R/bin/R CMD build --keep-empty-dirs --no-resave-data annotation |
| StartedAt: 2022-10-18 08:02:13 -0400 (Tue, 18 Oct 2022) |
| EndedAt: 2022-10-18 08:07:53 -0400 (Tue, 18 Oct 2022) |
| EllapsedTime: 340.2 seconds |
| RetCode: 1 |
| Status: ERROR |
| PackageFile: None |
| PackageFileSize: NA |
############################################################################## ############################################################################## ### ### Running command: ### ### /home/biocbuild/bbs-3.15-bioc/R/bin/R CMD build --keep-empty-dirs --no-resave-data annotation ### ############################################################################## ############################################################################## * checking for file ‘annotation/DESCRIPTION’ ... OK * preparing ‘annotation’: * checking DESCRIPTION meta-information ... OK * installing the package to build vignettes * creating vignettes ... ERROR --- re-building ‘Annotating_Genomic_Ranges.Rmd’ using rmarkdown --- finished re-building ‘Annotating_Genomic_Ranges.Rmd’ --- re-building ‘Annotation_Resources.Rmd’ using rmarkdown Quitting from lines 764-767 (Annotation_Resources.Rmd) Error: processing vignette 'Annotation_Resources.Rmd' failed with diagnostics: Gateway Timeout (HTTP 504). --- failed re-building ‘Annotation_Resources.Rmd’ SUMMARY: processing the following file failed: ‘Annotation_Resources.Rmd’ Error: Vignette re-building failed. Execution halted