| Back to Multiple platform build/check report for BioC 3.14 |
|
This page was generated on 2022-04-13 12:05:02 -0400 (Wed, 13 Apr 2022).
| Hostname | OS | Arch (*) | R version | Installed pkgs |
|---|---|---|---|---|
| nebbiolo2 | Linux (Ubuntu 20.04.4 LTS) | x86_64 | 4.1.3 (2022-03-10) -- "One Push-Up" | 4324 |
| tokay2 | Windows Server 2012 R2 Standard | x64 | 4.1.3 (2022-03-10) -- "One Push-Up" | 4077 |
| machv2 | macOS 10.14.6 Mojave | x86_64 | 4.1.3 (2022-03-10) -- "One Push-Up" | 4137 |
| Click on any hostname to see more info about the system (e.g. compilers) (*) as reported by 'uname -p', except on Windows and Mac OS X | ||||
|
To the developers/maintainers of the affy package: - Please allow up to 24 hours (and sometimes 48 hours) for your latest push to git@git.bioconductor.org:packages/affy.git to reflect on this report. See How and When does the builder pull? When will my changes propagate? for more information. - Make sure to use the following settings in order to reproduce any error or warning you see on this page. |
| Package 23/2083 | Hostname | OS / Arch | INSTALL | BUILD | CHECK | BUILD BIN | ||||||||
| affy 1.72.0 (landing page) Rafael A. Irizarry
| nebbiolo2 | Linux (Ubuntu 20.04.4 LTS) / x86_64 | OK | OK | WARNINGS | |||||||||
| tokay2 | Windows Server 2012 R2 Standard / x64 | OK | OK | WARNINGS | OK | |||||||||
| machv2 | macOS 10.14.6 Mojave / x86_64 | OK | OK | WARNINGS | OK | |||||||||
| Package: affy |
| Version: 1.72.0 |
| Command: /home/biocbuild/bbs-3.14-bioc/R/bin/R CMD check --install=check:affy.install-out.txt --library=/home/biocbuild/bbs-3.14-bioc/R/library --no-vignettes --timings affy_1.72.0.tar.gz |
| StartedAt: 2022-04-12 06:19:58 -0400 (Tue, 12 Apr 2022) |
| EndedAt: 2022-04-12 06:21:50 -0400 (Tue, 12 Apr 2022) |
| EllapsedTime: 111.5 seconds |
| RetCode: 0 |
| Status: WARNINGS |
| CheckDir: affy.Rcheck |
| Warnings: 1 |
##############################################################################
##############################################################################
###
### Running command:
###
### /home/biocbuild/bbs-3.14-bioc/R/bin/R CMD check --install=check:affy.install-out.txt --library=/home/biocbuild/bbs-3.14-bioc/R/library --no-vignettes --timings affy_1.72.0.tar.gz
###
##############################################################################
##############################################################################
* using log directory ‘/home/biocbuild/bbs-3.14-bioc/meat/affy.Rcheck’
* using R version 4.1.3 (2022-03-10)
* using platform: x86_64-pc-linux-gnu (64-bit)
* using session charset: UTF-8
* using option ‘--no-vignettes’
* checking for file ‘affy/DESCRIPTION’ ... OK
* this is package ‘affy’ version ‘1.72.0’
* checking package namespace information ... OK
* checking package dependencies ... OK
* checking if this is a source package ... OK
* checking if there is a namespace ... OK
* checking for hidden files and directories ... OK
* checking for portable file names ... OK
* checking for sufficient/correct file permissions ... OK
* checking whether package ‘affy’ can be installed ... OK
* checking installed package size ... OK
* checking package directory ... OK
* checking ‘build’ directory ... OK
* checking DESCRIPTION meta-information ... OK
* checking top-level files ... OK
* checking for left-over files ... OK
* checking index information ... OK
* checking package subdirectories ... OK
* checking R files for non-ASCII characters ... OK
* checking R files for syntax errors ... OK
* checking whether the package can be loaded ... OK
* checking whether the package can be loaded with stated dependencies ... OK
* checking whether the package can be unloaded cleanly ... OK
* checking whether the namespace can be loaded with stated dependencies ... OK
* checking whether the namespace can be unloaded cleanly ... OK
* checking dependencies in R code ... NOTE
Unexported objects imported by ':::' calls:
‘stats:::C_loess_raw’ ‘stats:::C_lowesp’ ‘stats:::C_lowesw’
See the note in ?`:::` about the use of this operator.
* checking S3 generic/method consistency ... OK
* checking replacement functions ... OK
* checking foreign function calls ... WARNING
Foreign function calls to a base package:
.C(stats:::C_loess_raw, ...)
.Fortran(stats:::C_lowesp, ...)
.Fortran(stats:::C_lowesw, ...)
Packages should not make .C/.Call/.External/.Fortran calls to a base
package. They are not part of the API, for use only by R itself and
subject to change without notice.
* checking R code for possible problems ... OK
* checking Rd files ... OK
* checking Rd metadata ... OK
* checking Rd cross-references ... OK
* checking for missing documentation entries ... OK
* checking for code/documentation mismatches ... OK
* checking Rd \usage sections ... OK
* checking Rd contents ... OK
* checking for unstated dependencies in examples ... OK
* checking contents of ‘data’ directory ... OK
* checking data for non-ASCII characters ... OK
* checking data for ASCII and uncompressed saves ... OK
* checking line endings in shell scripts ... OK
* checking line endings in C/C++/Fortran sources/headers ... OK
* checking line endings in Makefiles ... OK
* checking compilation flags in Makevars ... OK
* checking for GNU extensions in Makefiles ... OK
* checking for portable use of $(BLAS_LIBS) and $(LAPACK_LIBS) ... OK
* checking use of PKG_*FLAGS in Makefiles ... OK
* checking compiled code ... NOTE
Note: information on .o files is not available
* checking files in ‘vignettes’ ... OK
* checking examples ... OK
Examples with CPU (user + system) or elapsed time > 5s
user system elapsed
mas5 16.684 0.248 16.932
MAplot 12.245 0.376 12.621
expresso 7.903 0.124 8.027
ProgressBarText-class 0.934 0.035 16.462
* checking for unstated dependencies in vignettes ... OK
* checking package vignettes in ‘inst/doc’ ... OK
* checking running R code from vignettes ... SKIPPED
* checking re-building of vignette outputs ... SKIPPED
* checking PDF version of manual ... OK
* DONE
Status: 1 WARNING, 2 NOTEs
See
‘/home/biocbuild/bbs-3.14-bioc/meat/affy.Rcheck/00check.log’
for details.
affy.Rcheck/00install.out
############################################################################## ############################################################################## ### ### Running command: ### ### /home/biocbuild/bbs-3.14-bioc/R/bin/R CMD INSTALL affy ### ############################################################################## ############################################################################## * installing to library ‘/home/biocbuild/bbs-3.14-bioc/R/library’ * installing *source* package ‘affy’ ... ** using staged installation creating cache ./config.cache checking how to run the C preprocessor... cc -E checking for main in -lz... yes checking for zlib.h... yes checking if zlib version >= 1.1.3... yes updating cache ./config.cache creating ./config.status creating src/Makevars ** libs gcc -I"/home/biocbuild/bbs-3.14-bioc/R/include" -DNDEBUG -DHAVE_ZLIB=1 -I'/home/biocbuild/bbs-3.14-bioc/R/library/preprocessCore/include' -I/usr/local/include -fpic -g -O2 -Wall -c chipbackground.c -o chipbackground.o gcc -I"/home/biocbuild/bbs-3.14-bioc/R/include" -DNDEBUG -DHAVE_ZLIB=1 -I'/home/biocbuild/bbs-3.14-bioc/R/library/preprocessCore/include' -I/usr/local/include -fpic -g -O2 -Wall -c getall_locations.c -o getall_locations.o gcc -I"/home/biocbuild/bbs-3.14-bioc/R/include" -DNDEBUG -DHAVE_ZLIB=1 -I'/home/biocbuild/bbs-3.14-bioc/R/library/preprocessCore/include' -I/usr/local/include -fpic -g -O2 -Wall -c mas5calls.c -o mas5calls.o gcc -I"/home/biocbuild/bbs-3.14-bioc/R/include" -DNDEBUG -DHAVE_ZLIB=1 -I'/home/biocbuild/bbs-3.14-bioc/R/library/preprocessCore/include' -I/usr/local/include -fpic -g -O2 -Wall -c rma2.c -o rma2.o gcc -I"/home/biocbuild/bbs-3.14-bioc/R/include" -DNDEBUG -DHAVE_ZLIB=1 -I'/home/biocbuild/bbs-3.14-bioc/R/library/preprocessCore/include' -I/usr/local/include -fpic -g -O2 -Wall -c rma_common.c -o rma_common.o gcc -shared -L/home/biocbuild/bbs-3.14-bioc/R/lib -L/usr/local/lib -o affy.so chipbackground.o getall_locations.o mas5calls.o rma2.o rma_common.o -lz -L/home/biocbuild/bbs-3.14-bioc/R/lib -lR installing to /home/biocbuild/bbs-3.14-bioc/R/library/00LOCK-affy/00new/affy/libs ** R ** data ** demo ** inst ** byte-compile and prepare package for lazy loading ** help *** installing help indices ** building package indices ** installing vignettes ** testing if installed package can be loaded from temporary location ** checking absolute paths in shared objects and dynamic libraries ** testing if installed package can be loaded from final location ** testing if installed package keeps a record of temporary installation path * DONE (affy)
affy.Rcheck/affy-Ex.timings
| name | user | system | elapsed | |
| AffyBatch-class | 4.158 | 0.179 | 4.338 | |
| AffyRNAdeg | 1.929 | 0.167 | 2.097 | |
| MAplot | 12.245 | 0.376 | 12.621 | |
| ProbeSet-class | 0.283 | 0.007 | 0.290 | |
| ProgressBarText-class | 0.934 | 0.035 | 16.462 | |
| affy-options | 0 | 0 | 0 | |
| barplot.ProbeSet | 0.536 | 0.012 | 0.548 | |
| bgc | 3.720 | 0.080 | 3.799 | |
| cleancdfname | 0.006 | 0.000 | 0.006 | |
| expresso | 7.903 | 0.124 | 8.027 | |
| expressoWidget | 0 | 0 | 0 | |
| fit.li.wong | 3.295 | 0.048 | 3.344 | |
| generateExprSet-methods | 0.313 | 0.011 | 0.324 | |
| generateExprVal-methods | 0.275 | 0.012 | 0.287 | |
| generateExprVal.method.avgdiff | 0.122 | 0.016 | 0.138 | |
| list.celfiles | 0.000 | 0.000 | 0.001 | |
| maffy.subset | 0.01 | 0.00 | 0.01 | |
| mas5 | 16.684 | 0.248 | 16.932 | |
| mas5calls | 1.014 | 0.044 | 1.058 | |
| mva.pairs | 0.076 | 0.004 | 0.080 | |
| normalize-methods | 0.236 | 0.000 | 0.236 | |
| normalize.loess | 0.009 | 0.000 | 0.009 | |
| plot.ProbeSet | 0.012 | 0.000 | 0.012 | |
| plot.density | 0.435 | 0.040 | 0.474 | |
| plotLocation | 1.219 | 0.000 | 1.220 | |
| pmcorrect | 0.23 | 0.00 | 0.23 | |
| ppsetApply | 0 | 0 | 0 | |
| read.affybatch | 1.600 | 0.029 | 1.629 | |
| rma | 1.524 | 0.023 | 1.548 | |
| setAffyOptions | 0 | 0 | 0 | |
| xy2indices | 1.683 | 0.048 | 1.731 | |