| Back to Multiple platform build/check report for BioC 3.13 |
|
This page was generated on 2021-10-15 15:06:09 -0400 (Fri, 15 Oct 2021).
|
To the developers/maintainers of the isobar package: - Please allow up to 24 hours (and sometimes 48 hours) for your latest push to git@git.bioconductor.org:packages/isobar.git to reflect on this report. See How and When does the builder pull? When will my changes propagate? here for more information. - Make sure to use the following settings in order to reproduce any error or warning you see on this page. |
| Package 948/2041 | Hostname | OS / Arch | INSTALL | BUILD | CHECK | BUILD BIN | ||||||||
| isobar 1.38.0 (landing page) Florian P Breitwieser
| nebbiolo1 | Linux (Ubuntu 20.04.2 LTS) / x86_64 | OK | OK | WARNINGS | |||||||||
| tokay2 | Windows Server 2012 R2 Standard / x64 | OK | OK | WARNINGS | OK | |||||||||
| machv2 | macOS 10.14.6 Mojave / x86_64 | OK | OK | WARNINGS | OK | |||||||||
| Package: isobar |
| Version: 1.38.0 |
| Command: C:\Users\biocbuild\bbs-3.13-bioc\R\bin\R.exe CMD check --force-multiarch --install=check:isobar.install-out.txt --library=C:\Users\biocbuild\bbs-3.13-bioc\R\library --no-vignettes --timings isobar_1.38.0.tar.gz |
| StartedAt: 2021-10-15 00:55:42 -0400 (Fri, 15 Oct 2021) |
| EndedAt: 2021-10-15 01:00:41 -0400 (Fri, 15 Oct 2021) |
| EllapsedTime: 299.0 seconds |
| RetCode: 0 |
| Status: WARNINGS |
| CheckDir: isobar.Rcheck |
| Warnings: 3 |
##############################################################################
##############################################################################
###
### Running command:
###
### C:\Users\biocbuild\bbs-3.13-bioc\R\bin\R.exe CMD check --force-multiarch --install=check:isobar.install-out.txt --library=C:\Users\biocbuild\bbs-3.13-bioc\R\library --no-vignettes --timings isobar_1.38.0.tar.gz
###
##############################################################################
##############################################################################
* using log directory 'C:/Users/biocbuild/bbs-3.13-bioc/meat/isobar.Rcheck'
* using R version 4.1.1 (2021-08-10)
* using platform: x86_64-w64-mingw32 (64-bit)
* using session charset: ISO8859-1
* using option '--no-vignettes'
* checking for file 'isobar/DESCRIPTION' ... OK
* this is package 'isobar' version '1.38.0'
* checking package namespace information ... OK
* checking package dependencies ... OK
* checking if this is a source package ... OK
* checking if there is a namespace ... OK
* checking for hidden files and directories ... OK
* checking for portable file names ... OK
* checking whether package 'isobar' can be installed ... WARNING
Found the following significant warnings:
Note: possible error in 'png(sprintf("pairwise_correlation_%s.png", ': unused argument (title = "Pairwise Correlation plot")
See 'C:/Users/biocbuild/bbs-3.13-bioc/meat/isobar.Rcheck/00install.out' for details.
Information on the location(s) of code generating the 'Note's can be
obtained by re-running with environment variable R_KEEP_PKG_SOURCE set
to 'yes'.
* checking installed package size ... OK
* checking package directory ... OK
* checking 'build' directory ... OK
* checking DESCRIPTION meta-information ... OK
* checking top-level files ... OK
* checking for left-over files ... OK
* checking index information ... OK
* checking package subdirectories ... OK
* checking R files for non-ASCII characters ... OK
* checking R files for syntax errors ... OK
* loading checks for arch 'i386'
** checking whether the package can be loaded ... OK
** checking whether the package can be loaded with stated dependencies ... OK
** checking whether the package can be unloaded cleanly ... OK
** checking whether the namespace can be loaded with stated dependencies ... OK
** checking whether the namespace can be unloaded cleanly ... OK
* loading checks for arch 'x64'
** checking whether the package can be loaded ... OK
** checking whether the package can be loaded with stated dependencies ... OK
** checking whether the package can be unloaded cleanly ... OK
** checking whether the namespace can be loaded with stated dependencies ... OK
** checking whether the namespace can be unloaded cleanly ... OK
* checking dependencies in R code ... NOTE
There are ::: calls to the package's namespace in its code. A package
almost never needs to use ::: for its own objects:
'.as.matrix' '.as.vect' '.convertPeptideModif'
'.proteinGroupAsConciseDataFrame' '.read.idfile' '.sum.bool'
* checking S3 generic/method consistency ... WARNING
sequence:
function(nvec, ...)
sequence.coverage:
function(protein.group, protein.g, specificity, simplify, ...)
See section 'Generic functions and methods' in the 'Writing R
Extensions' manual.
Found the following apparent S3 methods exported but not registered:
as.data.frame.IBSpectra as.data.frame.ProteinGroup plot.NoiseModel
sequence.coverage summary.ProteinGroup
See section 'Registering S3 methods' in the 'Writing R Extensions'
manual.
* checking replacement functions ... OK
* checking foreign function calls ... OK
* checking R code for possible problems ... NOTE
.calcProbXGreaterThanY.orig: no visible global function definition for
'd'
.plot.pairs: possible error in
png(sprintf("pairwise_correlation_%s.png", name), title = "Pairwise
Correlation plot", width = 1000, height = 1000, pointsize = 14):
unused argument (title = "Pairwise Correlation plot")
.read.peaklist: no visible binding for global variable 'type'
.round.distr: no visible global function definition for 'param'
.write.summarized.table: no visible binding for global variable 'name'
distrprint: no visible global function definition for 'param'
distrprint : <anonymous>: no visible global function definition for
'param'
shared.ratios.sign: no visible binding for global variable 'ratio'
shared.ratios.sign: no visible binding for global variable 'g'
spectra.count2: no visible binding for global variable 'peptide'
twodistr.plot: no visible global function definition for 'd'
ProteinGroup,data.frame-missing: no visible binding for global variable
'peptide'
coerce,IBSpectra-MSnSet: no visible global function definition for 'mz'
coerce,IBSpectra-MSnSet: no visible binding for global variable 'o'
coerce,MSnSet-IBSpectra: no visible global function definition for
'qual'
df,Tlsd: no visible global function definition for 'param'
estimateRatio,IBSpectra-ANY-missing-missing-character-missing: no
visible binding for global variable 'i'
estimateRatio,IBSpectra-ANY-missing-missing-missing-character: no
visible binding for global variable 'i'
estimateRatioNumeric,numeric-numeric-NoiseModel: no visible binding for
global variable 'center.var'
location,Tlsd: no visible global function definition for 'param'
plotRatio,IBSpectra-character-character-character: no visible binding
for global variable 'pch'
plotRatio,IBSpectra-character-character-character: no visible binding
for global variable 'noise.model.col'
plotRatio,IBSpectra-character-character-character: no visible binding
for global variable 'pch.p'
scale,Tlsd: no visible global function definition for 'param'
Undefined global functions or variables:
center.var d g i mz name noise.model.col o param pch pch.p peptide
qual ratio type
* checking Rd files ... OK
* checking Rd metadata ... OK
* checking Rd cross-references ... WARNING
Missing link or links in documentation object 'IBSpectra-class.Rd':
'[MSnbase]{MSnbase}'
See section 'Cross-references' in the 'Writing R Extensions' manual.
* checking for missing documentation entries ... OK
* checking for code/documentation mismatches ... OK
* checking Rd \usage sections ... NOTE
S3 methods shown with full name in documentation object 'peptide.count':
'sequence.coverage'
The \usage entries for S3 methods should use the \method markup and not
their full name.
See chapter 'Writing R documentation files' in the 'Writing R
Extensions' manual.
* checking Rd contents ... OK
* checking for unstated dependencies in examples ... OK
* checking contents of 'data' directory ... OK
* checking data for non-ASCII characters ... OK
* checking data for ASCII and uncompressed saves ... OK
* checking files in 'vignettes' ... OK
* checking examples ...
** running examples for arch 'i386' ... OK
Examples with CPU (user + system) or elapsed time > 5s
user system elapsed
NoiseModel-class 8.81 0.37 9.19
** running examples for arch 'x64' ... OK
Examples with CPU (user + system) or elapsed time > 5s
user system elapsed
NoiseModel-class 10.28 0.07 10.36
* checking for unstated dependencies in vignettes ... OK
* checking package vignettes in 'inst/doc' ... OK
* checking running R code from vignettes ... SKIPPED
* checking re-building of vignette outputs ... SKIPPED
* checking PDF version of manual ... OK
* DONE
Status: 3 WARNINGs, 3 NOTEs
See
'C:/Users/biocbuild/bbs-3.13-bioc/meat/isobar.Rcheck/00check.log'
for details.
isobar.Rcheck/00install.out
##############################################################################
##############################################################################
###
### Running command:
###
### C:\cygwin\bin\curl.exe -O http://155.52.207.165/BBS/3.13/bioc/src/contrib/isobar_1.38.0.tar.gz && rm -rf isobar.buildbin-libdir && mkdir isobar.buildbin-libdir && C:\Users\biocbuild\bbs-3.13-bioc\R\bin\R.exe CMD INSTALL --merge-multiarch --build --library=isobar.buildbin-libdir isobar_1.38.0.tar.gz && C:\Users\biocbuild\bbs-3.13-bioc\R\bin\R.exe CMD INSTALL isobar_1.38.0.zip && rm isobar_1.38.0.tar.gz isobar_1.38.0.zip
###
##############################################################################
##############################################################################
% Total % Received % Xferd Average Speed Time Time Time Current
Dload Upload Total Spent Left Speed
0 0 0 0 0 0 0 0 --:--:-- --:--:-- --:--:-- 0
45 2185k 45 990k 0 0 1130k 0 0:00:01 --:--:-- 0:00:01 1130k
100 2185k 100 2185k 0 0 1478k 0 0:00:01 0:00:01 --:--:-- 1479k
install for i386
* installing *source* package 'isobar' ...
** using staged installation
** R
** data
** inst
** byte-compile and prepare package for lazy loading
in method for 'coerce' with signature '"MSnSet","IBSpectra"': no definition for class "MSnSet"
in method for 'coerce' with signature '"IBSpectra","MSnSet"': no definition for class "MSnSet"
Note: possible error in 'png(sprintf("pairwise_correlation_%s.png", ': unused argument (title = "Pairwise Correlation plot")
** help
*** installing help indices
converting help for package 'isobar'
finding HTML links ... done
IBSpectra-class html
finding level-2 HTML links ... done
NoiseModel-class html
ProteinGroup-class html
REDIRECT:topic Previous alias or file overwritten by alias: C:/Users/biocbuild/bbs-3.13-bioc/meat/isobar.buildbin-libdir/00LOCK-isobar/00new/isobar/help/ProteinGroup.html
TlsParameter-class html
Tlsd-class html
calc.delta.score html
calc.startpos html
calculate-pvalues html
calculate.dNSAF html
calculate.emPAI html
correct.peptide.ratios html
distr-methods html
fit-distr html
getPeptideModifContext html
getPhosphoRSProbabilities html
getPtmInfo html
groupMemberPeptides html
human.protein.names html
isobar-analysis html
isobar-data html
isobar-import html
isobar-log html
isobar-package html
isobar-plots html
isobar-preprocessing html
isobar-reports html
maplot.protein html
number.ranges html
observedKnownSites html
peptide.count html
proteinInfo-methods html
proteinNameAndDescription html
ratio-summ html
ratiosReshapeWide html
reporter.protein-methods html
sanitize html
shared.ratios html
shared.ratios.sign html
specificities html
REDIRECT:topic Previous alias or file overwritten by alias: C:/Users/biocbuild/bbs-3.13-bioc/meat/isobar.buildbin-libdir/00LOCK-isobar/00new/isobar/help/UNSPECIFIC.html
REDIRECT:topic Previous alias or file overwritten by alias: C:/Users/biocbuild/bbs-3.13-bioc/meat/isobar.buildbin-libdir/00LOCK-isobar/00new/isobar/help/SPECIFICITIES.html
spectra.count2 html
subsetIBSpectra html
utils html
writeHscoreData html
writeIBSpectra html
** building package indices
** installing vignettes
** testing if installed package can be loaded from temporary location
** testing if installed package can be loaded from final location
** testing if installed package keeps a record of temporary installation path
install for x64
* installing *source* package 'isobar' ...
** testing if installed package can be loaded
* MD5 sums
packaged installation of 'isobar' as isobar_1.38.0.zip
* DONE (isobar)
* installing to library 'C:/Users/biocbuild/bbs-3.13-bioc/R/library'
package 'isobar' successfully unpacked and MD5 sums checked
|
isobar.Rcheck/examples_i386/isobar-Ex.timings
|
isobar.Rcheck/examples_x64/isobar-Ex.timings
|