| Back to Multiple platform build/check report for BioC 3.13 |
|
This page was generated on 2021-10-15 15:05:43 -0400 (Fri, 15 Oct 2021).
|
To the developers/maintainers of the isobar package: - Please allow up to 24 hours (and sometimes 48 hours) for your latest push to git@git.bioconductor.org:packages/isobar.git to reflect on this report. See How and When does the builder pull? When will my changes propagate? here for more information. - Make sure to use the following settings in order to reproduce any error or warning you see on this page. |
| Package 948/2041 | Hostname | OS / Arch | INSTALL | BUILD | CHECK | BUILD BIN | ||||||||
| isobar 1.38.0 (landing page) Florian P Breitwieser
| nebbiolo1 | Linux (Ubuntu 20.04.2 LTS) / x86_64 | OK | OK | WARNINGS | |||||||||
| tokay2 | Windows Server 2012 R2 Standard / x64 | OK | OK | WARNINGS | OK | |||||||||
| machv2 | macOS 10.14.6 Mojave / x86_64 | OK | OK | WARNINGS | OK | |||||||||
| Package: isobar |
| Version: 1.38.0 |
| Command: /home/biocbuild/bbs-3.13-bioc/R/bin/R CMD check --install=check:isobar.install-out.txt --library=/home/biocbuild/bbs-3.13-bioc/R/library --no-vignettes --timings isobar_1.38.0.tar.gz |
| StartedAt: 2021-10-14 10:19:46 -0400 (Thu, 14 Oct 2021) |
| EndedAt: 2021-10-14 10:22:36 -0400 (Thu, 14 Oct 2021) |
| EllapsedTime: 170.3 seconds |
| RetCode: 0 |
| Status: WARNINGS |
| CheckDir: isobar.Rcheck |
| Warnings: 2 |
##############################################################################
##############################################################################
###
### Running command:
###
### /home/biocbuild/bbs-3.13-bioc/R/bin/R CMD check --install=check:isobar.install-out.txt --library=/home/biocbuild/bbs-3.13-bioc/R/library --no-vignettes --timings isobar_1.38.0.tar.gz
###
##############################################################################
##############################################################################
* using log directory ‘/home/biocbuild/bbs-3.13-bioc/meat/isobar.Rcheck’
* using R version 4.1.1 (2021-08-10)
* using platform: x86_64-pc-linux-gnu (64-bit)
* using session charset: UTF-8
* using option ‘--no-vignettes’
* checking for file ‘isobar/DESCRIPTION’ ... OK
* this is package ‘isobar’ version ‘1.38.0’
* checking package namespace information ... OK
* checking package dependencies ... OK
* checking if this is a source package ... OK
* checking if there is a namespace ... OK
* checking for hidden files and directories ... OK
* checking for portable file names ... OK
* checking for sufficient/correct file permissions ... OK
* checking whether package ‘isobar’ can be installed ... OK
* checking installed package size ... OK
* checking package directory ... OK
* checking ‘build’ directory ... OK
* checking DESCRIPTION meta-information ... OK
* checking top-level files ... OK
* checking for left-over files ... OK
* checking index information ... OK
* checking package subdirectories ... OK
* checking R files for non-ASCII characters ... OK
* checking R files for syntax errors ... OK
* checking whether the package can be loaded ... OK
* checking whether the package can be loaded with stated dependencies ... OK
* checking whether the package can be unloaded cleanly ... OK
* checking whether the namespace can be loaded with stated dependencies ... OK
* checking whether the namespace can be unloaded cleanly ... OK
* checking dependencies in R code ... NOTE
There are ::: calls to the package's namespace in its code. A package
almost never needs to use ::: for its own objects:
‘.as.matrix’ ‘.as.vect’ ‘.convertPeptideModif’
‘.proteinGroupAsConciseDataFrame’ ‘.read.idfile’ ‘.sum.bool’
* checking S3 generic/method consistency ... WARNING
sequence:
function(nvec, ...)
sequence.coverage:
function(protein.group, protein.g, specificity, simplify, ...)
See section ‘Generic functions and methods’ in the ‘Writing R
Extensions’ manual.
Found the following apparent S3 methods exported but not registered:
as.data.frame.IBSpectra as.data.frame.ProteinGroup plot.NoiseModel
sequence.coverage summary.ProteinGroup
See section ‘Registering S3 methods’ in the ‘Writing R Extensions’
manual.
* checking replacement functions ... OK
* checking foreign function calls ... OK
* checking R code for possible problems ... NOTE
.calcProbXGreaterThanY.orig: no visible global function definition for
‘d’
.read.peaklist: no visible binding for global variable ‘type’
.round.distr: no visible global function definition for ‘param’
.write.summarized.table: no visible binding for global variable ‘name’
distrprint: no visible global function definition for ‘param’
distrprint : <anonymous>: no visible global function definition for
‘param’
shared.ratios.sign: no visible binding for global variable ‘ratio’
shared.ratios.sign: no visible binding for global variable ‘g’
spectra.count2: no visible binding for global variable ‘peptide’
twodistr.plot: no visible global function definition for ‘d’
ProteinGroup,data.frame-missing: no visible binding for global variable
‘peptide’
coerce,IBSpectra-MSnSet: no visible global function definition for ‘mz’
coerce,IBSpectra-MSnSet: no visible binding for global variable ‘o’
coerce,MSnSet-IBSpectra: no visible global function definition for
‘qual’
df,Tlsd: no visible global function definition for ‘param’
estimateRatio,IBSpectra-ANY-missing-missing-character-missing: no
visible binding for global variable ‘i’
estimateRatio,IBSpectra-ANY-missing-missing-missing-character: no
visible binding for global variable ‘i’
estimateRatioNumeric,numeric-numeric-NoiseModel: no visible binding for
global variable ‘center.var’
location,Tlsd: no visible global function definition for ‘param’
plotRatio,IBSpectra-character-character-character: no visible binding
for global variable ‘pch’
plotRatio,IBSpectra-character-character-character: no visible binding
for global variable ‘noise.model.col’
plotRatio,IBSpectra-character-character-character: no visible binding
for global variable ‘pch.p’
scale,Tlsd: no visible global function definition for ‘param’
Undefined global functions or variables:
center.var d g i mz name noise.model.col o param pch pch.p peptide
qual ratio type
* checking Rd files ... OK
* checking Rd metadata ... OK
* checking Rd cross-references ... WARNING
Missing link or links in documentation object 'IBSpectra-class.Rd':
‘[MSnbase]{MSnbase}’
See section 'Cross-references' in the 'Writing R Extensions' manual.
* checking for missing documentation entries ... OK
* checking for code/documentation mismatches ... OK
* checking Rd \usage sections ... NOTE
S3 methods shown with full name in documentation object 'peptide.count':
‘sequence.coverage’
The \usage entries for S3 methods should use the \method markup and not
their full name.
See chapter ‘Writing R documentation files’ in the ‘Writing R
Extensions’ manual.
* checking Rd contents ... OK
* checking for unstated dependencies in examples ... OK
* checking contents of ‘data’ directory ... OK
* checking data for non-ASCII characters ... OK
* checking data for ASCII and uncompressed saves ... OK
* checking files in ‘vignettes’ ... OK
* checking examples ... OK
Examples with CPU (user + system) or elapsed time > 5s
user system elapsed
NoiseModel-class 8.687 0.147 8.835
* checking for unstated dependencies in vignettes ... OK
* checking package vignettes in ‘inst/doc’ ... OK
* checking running R code from vignettes ... SKIPPED
* checking re-building of vignette outputs ... SKIPPED
* checking PDF version of manual ... OK
* DONE
Status: 2 WARNINGs, 3 NOTEs
See
‘/home/biocbuild/bbs-3.13-bioc/meat/isobar.Rcheck/00check.log’
for details.
isobar.Rcheck/00install.out
############################################################################## ############################################################################## ### ### Running command: ### ### /home/biocbuild/bbs-3.13-bioc/R/bin/R CMD INSTALL isobar ### ############################################################################## ############################################################################## * installing to library ‘/home/biocbuild/bbs-3.13-bioc/R/library’ * installing *source* package ‘isobar’ ... ** using staged installation ** R ** data ** inst ** byte-compile and prepare package for lazy loading in method for ‘coerce’ with signature ‘"MSnSet","IBSpectra"’: no definition for class “MSnSet” in method for ‘coerce’ with signature ‘"IBSpectra","MSnSet"’: no definition for class “MSnSet” ** help *** installing help indices ** building package indices ** installing vignettes ** testing if installed package can be loaded from temporary location ** testing if installed package can be loaded from final location ** testing if installed package keeps a record of temporary installation path * DONE (isobar)
isobar.Rcheck/isobar-Ex.timings
| name | user | system | elapsed | |
| IBSpectra-class | 0.279 | 0.044 | 0.322 | |
| NoiseModel-class | 8.687 | 0.147 | 8.835 | |
| ProteinGroup-class | 0.230 | 0.004 | 0.233 | |
| TlsParameter-class | 0.001 | 0.000 | 0.001 | |
| Tlsd-class | 0.001 | 0.001 | 0.001 | |
| calculate-pvalues | 0.017 | 0.006 | 0.023 | |
| calculate.dNSAF | 2.271 | 0.005 | 2.275 | |
| calculate.emPAI | 0.210 | 0.007 | 0.218 | |
| distr-methods | 0.040 | 0.001 | 0.041 | |
| fit-distr | 4.096 | 0.084 | 4.181 | |
| getPtmInfo | 0.000 | 0.000 | 0.001 | |
| groupMemberPeptides | 0.209 | 0.020 | 0.229 | |
| isobar-analysis | 0.195 | 0.016 | 0.212 | |
| isobar-data | 0.174 | 0.016 | 0.190 | |
| isobar-import | 0.626 | 0.056 | 0.682 | |
| isobar-log | 0.633 | 0.018 | 0.652 | |
| isobar-plots | 1.005 | 0.036 | 1.042 | |
| isobar-preprocessing | 1.099 | 0.023 | 1.123 | |
| number.ranges | 0.000 | 0.000 | 0.001 | |
| observedKnownSites | 0.191 | 0.004 | 0.195 | |
| peptide.count | 1.986 | 0.016 | 2.003 | |
| proteinInfo-methods | 0.182 | 0.000 | 0.182 | |
| proteinNameAndDescription | 0.240 | 0.008 | 0.247 | |
| ratio-summ | 0.255 | 0.011 | 0.266 | |
| sanitize | 0 | 0 | 0 | |
| spectra.count2 | 0.238 | 0.012 | 0.250 | |
| subsetIBSpectra | 1.318 | 0.003 | 1.322 | |
| utils | 0 | 0 | 0 | |