| Back to Multiple platform build/check report for BioC 3.13 |
|
This page was generated on 2021-10-15 15:06:35 -0400 (Fri, 15 Oct 2021).
|
To the developers/maintainers of the ENVISIONQuery package: - Please allow up to 24 hours (and sometimes 48 hours) for your latest push to git@git.bioconductor.org:packages/ENVISIONQuery.git to reflect on this report. See How and When does the builder pull? When will my changes propagate? here for more information. - Make sure to use the following settings in order to reproduce any error or warning you see on this page. |
| Package 578/2041 | Hostname | OS / Arch | INSTALL | BUILD | CHECK | BUILD BIN | ||||||||
| ENVISIONQuery 1.40.0 (landing page) Alex Lisovich
| nebbiolo1 | Linux (Ubuntu 20.04.2 LTS) / x86_64 | OK | ERROR | skipped | |||||||||
| tokay2 | Windows Server 2012 R2 Standard / x64 | OK | OK | OK | OK | |||||||||
| machv2 | macOS 10.14.6 Mojave / x86_64 | OK | ERROR | skipped | skipped | |||||||||
| Package: ENVISIONQuery |
| Version: 1.40.0 |
| Command: /Library/Frameworks/R.framework/Versions/Current/Resources/bin/R CMD build --keep-empty-dirs --no-resave-data ENVISIONQuery |
| StartedAt: 2021-10-14 11:55:18 -0400 (Thu, 14 Oct 2021) |
| EndedAt: 2021-10-14 11:55:26 -0400 (Thu, 14 Oct 2021) |
| EllapsedTime: 8.3 seconds |
| RetCode: 1 |
| Status: ERROR |
| PackageFile: None |
| PackageFileSize: NA |
##############################################################################
##############################################################################
###
### Running command:
###
### /Library/Frameworks/R.framework/Versions/Current/Resources/bin/R CMD build --keep-empty-dirs --no-resave-data ENVISIONQuery
###
##############################################################################
##############################################################################
* checking for file ‘ENVISIONQuery/DESCRIPTION’ ... OK
* preparing ‘ENVISIONQuery’:
* checking DESCRIPTION meta-information ... OK
* installing the package to build vignettes
* creating vignettes ... ERROR
--- re-building ‘ENVISIONQuery.Rnw’ using Sweave
Loading required package: rJava
Loading required package: XML
Warning in getService("ID Conversion") :
ENVISIONQuery: Invalid service name
Warning in getService("Reactome") : ENVISIONQuery: Invalid service name
Error: processing vignette 'ENVISIONQuery.Rnw' failed with diagnostics:
chunk 1 (label = chunk1)
Error in if (!(toolName %in% toolNames)) { : argument is of length zero
--- failed re-building ‘ENVISIONQuery.Rnw’
SUMMARY: processing the following file failed:
‘ENVISIONQuery.Rnw’
Error: Vignette re-building failed.
Execution halted