| Back to Multiple platform build/check report for BioC 3.13 |
|
This page was generated on 2021-10-15 15:06:34 -0400 (Fri, 15 Oct 2021).
|
To the developers/maintainers of the DiffLogo package: - Please allow up to 24 hours (and sometimes 48 hours) for your latest push to git@git.bioconductor.org:packages/DiffLogo.git to reflect on this report. See How and When does the builder pull? When will my changes propagate? here for more information. - Make sure to use the following settings in order to reproduce any error or warning you see on this page. |
| Package 500/2041 | Hostname | OS / Arch | INSTALL | BUILD | CHECK | BUILD BIN | ||||||||
| DiffLogo 2.16.0 (landing page) Hendrik Treutler
| nebbiolo1 | Linux (Ubuntu 20.04.2 LTS) / x86_64 | OK | OK | WARNINGS | |||||||||
| tokay2 | Windows Server 2012 R2 Standard / x64 | OK | OK | WARNINGS | OK | |||||||||
| machv2 | macOS 10.14.6 Mojave / x86_64 | OK | OK | WARNINGS | OK | |||||||||
| Package: DiffLogo |
| Version: 2.16.0 |
| Command: /Library/Frameworks/R.framework/Versions/Current/Resources/bin/R CMD check --install=check:DiffLogo.install-out.txt --library=/Library/Frameworks/R.framework/Versions/Current/Resources/library --no-vignettes --timings DiffLogo_2.16.0.tar.gz |
| StartedAt: 2021-10-14 18:24:12 -0400 (Thu, 14 Oct 2021) |
| EndedAt: 2021-10-14 18:25:02 -0400 (Thu, 14 Oct 2021) |
| EllapsedTime: 49.1 seconds |
| RetCode: 0 |
| Status: WARNINGS |
| CheckDir: DiffLogo.Rcheck |
| Warnings: 1 |
##############################################################################
##############################################################################
###
### Running command:
###
### /Library/Frameworks/R.framework/Versions/Current/Resources/bin/R CMD check --install=check:DiffLogo.install-out.txt --library=/Library/Frameworks/R.framework/Versions/Current/Resources/library --no-vignettes --timings DiffLogo_2.16.0.tar.gz
###
##############################################################################
##############################################################################
* using log directory ‘/Users/biocbuild/bbs-3.13-bioc/meat/DiffLogo.Rcheck’
* using R version 4.1.1 (2021-08-10)
* using platform: x86_64-apple-darwin17.0 (64-bit)
* using session charset: UTF-8
* using option ‘--no-vignettes’
* checking for file ‘DiffLogo/DESCRIPTION’ ... OK
* checking extension type ... Package
* this is package ‘DiffLogo’ version ‘2.16.0’
* checking package namespace information ... OK
* checking package dependencies ... OK
* checking if this is a source package ... OK
* checking if there is a namespace ... OK
* checking for hidden files and directories ... NOTE
Found the following hidden files and directories:
.git_fetch_output.txt
.git_merge_output.txt
These were most likely included in error. See section ‘Package
structure’ in the ‘Writing R Extensions’ manual.
* checking for portable file names ... OK
* checking for sufficient/correct file permissions ... OK
* checking whether package ‘DiffLogo’ can be installed ... OK
* checking installed package size ... OK
* checking package directory ... OK
* checking ‘build’ directory ... OK
* checking DESCRIPTION meta-information ... OK
* checking top-level files ... OK
* checking for left-over files ... OK
* checking index information ... OK
* checking package subdirectories ... OK
* checking R files for non-ASCII characters ... OK
* checking R files for syntax errors ... OK
* checking whether the package can be loaded ... OK
* checking whether the package can be loaded with stated dependencies ... OK
* checking whether the package can be unloaded cleanly ... OK
* checking whether the namespace can be loaded with stated dependencies ... WARNING
Warning: S4 exports specified in 'NAMESPACE' but not defined in package ‘DiffLogo’
* checking whether the namespace can be unloaded cleanly ... OK
* checking dependencies in R code ... OK
* checking S3 generic/method consistency ... OK
* checking replacement functions ... OK
* checking foreign function calls ... OK
* checking R code for possible problems ... NOTE
diffLogo: no visible global function definition for ‘is’
preconditionTransformPWM: no visible global function definition for
‘is’
Undefined global functions or variables:
is
Consider adding
importFrom("methods", "is")
to your NAMESPACE file (and ensure that your DESCRIPTION Imports field
contains 'methods').
* checking Rd files ... OK
* checking Rd metadata ... OK
* checking Rd cross-references ... OK
* checking for missing documentation entries ... OK
* checking for code/documentation mismatches ... OK
* checking Rd \usage sections ... OK
* checking Rd contents ... OK
* checking for unstated dependencies in examples ... OK
* checking sizes of PDF files under ‘inst/doc’ ... OK
* checking files in ‘vignettes’ ... OK
* checking examples ... OK
Examples with CPU (user + system) or elapsed time > 5s
user system elapsed
enrichDiffLogoTableWithPvalues 4.905 0.145 5.058
* checking for unstated dependencies in ‘tests’ ... OK
* checking tests ...
Running ‘testthat.R’
OK
* checking for unstated dependencies in vignettes ... OK
* checking package vignettes in ‘inst/doc’ ... OK
* checking running R code from vignettes ... SKIPPED
* checking re-building of vignette outputs ... SKIPPED
* checking PDF version of manual ... OK
* DONE
Status: 1 WARNING, 2 NOTEs
See
‘/Users/biocbuild/bbs-3.13-bioc/meat/DiffLogo.Rcheck/00check.log’
for details.
DiffLogo.Rcheck/00install.out
############################################################################## ############################################################################## ### ### Running command: ### ### /Library/Frameworks/R.framework/Versions/Current/Resources/bin/R CMD INSTALL DiffLogo ### ############################################################################## ############################################################################## * installing to library ‘/Library/Frameworks/R.framework/Versions/4.1/Resources/library’ * installing *source* package ‘DiffLogo’ ... ** using staged installation ** R ** inst ** byte-compile and prepare package for lazy loading ** help *** installing help indices ** building package indices ** installing vignettes ** testing if installed package can be loaded from temporary location ** testing if installed package can be loaded from final location ** testing if installed package keeps a record of temporary installation path * DONE (DiffLogo)
DiffLogo.Rcheck/tests/testthat.Rout
R version 4.1.1 (2021-08-10) -- "Kick Things" Copyright (C) 2021 The R Foundation for Statistical Computing Platform: x86_64-apple-darwin17.0 (64-bit) R is free software and comes with ABSOLUTELY NO WARRANTY. You are welcome to redistribute it under certain conditions. Type 'license()' or 'licence()' for distribution details. R is a collaborative project with many contributors. Type 'contributors()' for more information and 'citation()' on how to cite R or R packages in publications. Type 'demo()' for some demos, 'help()' for on-line help, or 'help.start()' for an HTML browser interface to help. Type 'q()' to quit R. > > proc.time() user system elapsed 0.303 0.074 0.349
DiffLogo.Rcheck/DiffLogo-Ex.timings
| name | user | system | elapsed | |
| ASN | 0.001 | 0.001 | 0.002 | |
| Alphabet | 0.001 | 0.001 | 0.000 | |
| DNA | 0.000 | 0.000 | 0.001 | |
| FULL_ALPHABET | 0.001 | 0.001 | 0.001 | |
| RNA | 0.000 | 0.001 | 0.001 | |
| calculatePvalue | 0.023 | 0.001 | 0.024 | |
| createDiffLogoObject | 0.073 | 0.007 | 0.081 | |
| diffLogo | 0.066 | 0.007 | 0.073 | |
| diffLogoFromPwm | 0.068 | 0.008 | 0.075 | |
| diffLogoTable | 1.741 | 0.081 | 1.824 | |
| diffLogoTableConfiguration | 0.001 | 0.002 | 0.002 | |
| differenceOfICs | 0.382 | 0.018 | 0.402 | |
| drawDiffLogoTable | 1.673 | 0.096 | 1.771 | |
| enrichDiffLogoObjectWithPvalues | 0.287 | 0.024 | 0.311 | |
| enrichDiffLogoTableWithPvalues | 4.905 | 0.145 | 5.058 | |
| extendPwmsFromAlignmentVector | 0.069 | 0.003 | 0.071 | |
| getAlphabetFromCharacters | 0.001 | 0.000 | 0.001 | |
| getAlphabetFromSequences | 0.000 | 0.001 | 0.001 | |
| getPwmFromAlignment | 0.497 | 0.081 | 0.579 | |
| getPwmFromAlignmentFile | 0.011 | 0.000 | 0.012 | |
| getPwmFromFastaFile | 0.023 | 0.001 | 0.024 | |
| getPwmFromFile | 0.003 | 0.001 | 0.003 | |
| getPwmFromHomerFile | 0.002 | 0.001 | 0.003 | |
| getPwmFromPfmOrJasparFile | 0.004 | 0.000 | 0.005 | |
| getPwmFromPwmFile | 0.004 | 0.000 | 0.005 | |
| getSequencesFromAlignmentFile | 0.002 | 0.001 | 0.002 | |
| getSequencesFromFastaFile | 0.002 | 0.001 | 0.002 | |
| informationContent | 0.084 | 0.003 | 0.087 | |
| lossOfAbsICDifferences | 0.063 | 0.014 | 0.078 | |
| multipleLocalPwmsAlignment | 0.049 | 0.002 | 0.050 | |
| normalizePWM | 0.000 | 0.000 | 0.001 | |
| normalizedDifferenceOfProbabilities | 0.064 | 0.004 | 0.067 | |
| prepareDiffLogoTable | 1.319 | 0.041 | 1.360 | |
| probabilities | 0.056 | 0.004 | 0.061 | |
| seqLogo | 0.056 | 0.012 | 0.068 | |
| shannonDivergence | 0.080 | 0.005 | 0.085 | |
| sumOfAbsICDifferences | 0.076 | 0.005 | 0.081 | |
| sumOfAbsProbabilityDifferences | 0.080 | 0.006 | 0.085 | |
| sumProbabilities | 0.059 | 0.007 | 0.066 | |