| Back to Multiple platform build/check report for BioC 3.12 |
|
This page was generated on 2021-05-06 12:28:24 -0400 (Thu, 06 May 2021).
|
To the developers/maintainers of the netReg package: Please make sure to use the following settings in order to reproduce any error or warning you see on this page. |
| Package 1220/1974 | Hostname | OS / Arch | INSTALL | BUILD | CHECK | BUILD BIN | ||||||||
Simon Dirmeier
| malbec1 | Linux (Ubuntu 18.04.5 LTS) / x86_64 | OK | OK | WARNINGS | |||||||||
| tokay1 | Windows Server 2012 R2 Standard / x64 | OK | ERROR | skipped | skipped | |||||||||
| merida1 | macOS 10.14.6 Mojave / x86_64 | OK | ERROR | skipped | skipped | |||||||||
| Package: netReg |
| Version: 1.14.0 |
| Command: /home/biocbuild/bbs-3.12-bioc/R/bin/R CMD check --install=check:netReg.install-out.txt --library=/home/biocbuild/bbs-3.12-bioc/R/library --no-vignettes --timings netReg_1.14.0.tar.gz |
| StartedAt: 2021-05-06 04:00:40 -0400 (Thu, 06 May 2021) |
| EndedAt: 2021-05-06 04:05:04 -0400 (Thu, 06 May 2021) |
| EllapsedTime: 264.5 seconds |
| RetCode: 0 |
| Status: WARNINGS |
| CheckDir: netReg.Rcheck |
| Warnings: 1 |
##############################################################################
##############################################################################
###
### Running command:
###
### /home/biocbuild/bbs-3.12-bioc/R/bin/R CMD check --install=check:netReg.install-out.txt --library=/home/biocbuild/bbs-3.12-bioc/R/library --no-vignettes --timings netReg_1.14.0.tar.gz
###
##############################################################################
##############################################################################
* using log directory ‘/home/biocbuild/bbs-3.12-bioc/meat/netReg.Rcheck’
* using R version 4.0.5 (2021-03-31)
* using platform: x86_64-pc-linux-gnu (64-bit)
* using session charset: UTF-8
* using option ‘--no-vignettes’
* checking for file ‘netReg/DESCRIPTION’ ... OK
* checking extension type ... Package
* this is package ‘netReg’ version ‘1.14.0’
* package encoding: UTF-8
* checking package namespace information ... OK
* checking package dependencies ... OK
* checking if this is a source package ... OK
* checking if there is a namespace ... OK
* checking for hidden files and directories ... OK
* checking for portable file names ... OK
* checking for sufficient/correct file permissions ... OK
* checking whether package ‘netReg’ can be installed ... WARNING
Found the following significant warnings:
Warning: Package 'netReg' is deprecated and will be removed from Bioconductor
See ‘/home/biocbuild/bbs-3.12-bioc/meat/netReg.Rcheck/00install.out’ for details.
* checking installed package size ... OK
* checking package directory ... OK
* checking DESCRIPTION meta-information ... OK
* checking top-level files ... OK
* checking for left-over files ... OK
* checking index information ... OK
* checking package subdirectories ... OK
* checking R files for non-ASCII characters ... OK
* checking R files for syntax errors ... OK
* checking whether the package can be loaded ... OK
* checking whether the package can be loaded with stated dependencies ... OK
* checking whether the package can be unloaded cleanly ... OK
* checking whether the namespace can be loaded with stated dependencies ... OK
* checking whether the namespace can be unloaded cleanly ... OK
* checking dependencies in R code ... NOTE
Namespace in Imports field not imported from: ‘methods’
All declared Imports should be used.
* checking S3 generic/method consistency ... OK
* checking replacement functions ... OK
* checking foreign function calls ... OK
* checking R code for possible problems ... OK
* checking Rd files ... OK
* checking Rd metadata ... OK
* checking Rd cross-references ... OK
* checking for missing documentation entries ... OK
* checking for code/documentation mismatches ... OK
* checking Rd \usage sections ... OK
* checking Rd contents ... OK
* checking for unstated dependencies in examples ... OK
* checking contents of ‘data’ directory ... OK
* checking data for non-ASCII characters ... OK
* checking data for ASCII and uncompressed saves ... OK
* checking line endings in C/C++/Fortran sources/headers ... OK
* checking use of PKG_*FLAGS in Makefiles ... OK
* checking compiled code ... NOTE
Note: information on .o files is not available
* checking files in ‘vignettes’ ... OK
* checking examples ... OK
Examples with CPU (user + system) or elapsed time > 5s
user system elapsed
cvedgenet-methods 12.96 0.184 13.974
* checking for unstated dependencies in ‘tests’ ... OK
* checking tests ...
Running ‘testthat.R’
OK
* checking for unstated dependencies in vignettes ... OK
* checking package vignettes in ‘inst/doc’ ... OK
* checking running R code from vignettes ... SKIPPED
* checking re-building of vignette outputs ... SKIPPED
* checking PDF version of manual ... OK
* DONE
Status: 1 WARNING, 2 NOTEs
See
‘/home/biocbuild/bbs-3.12-bioc/meat/netReg.Rcheck/00check.log’
for details.
netReg.Rcheck/00install.out
##############################################################################
##############################################################################
###
### Running command:
###
### /home/biocbuild/bbs-3.12-bioc/R/bin/R CMD INSTALL netReg
###
##############################################################################
##############################################################################
* installing to library ‘/home/biocbuild/bbs-3.12-bioc/R/library’
* installing *source* package ‘netReg’ ...
** using staged installation
** libs
g++ -std=gnu++11 -I"/home/biocbuild/bbs-3.12-bioc/R/include" -DNDEBUG -I'/home/biocbuild/bbs-3.12-bioc/R/library/Rcpp/include' -I'/home/biocbuild/bbs-3.12-bioc/R/library/RcppArmadillo/include' -I/usr/local/include -fpic -g -O2 -Wall -c RcppExports.cpp -o RcppExports.o
g++ -std=gnu++11 -I"/home/biocbuild/bbs-3.12-bioc/R/include" -DNDEBUG -I'/home/biocbuild/bbs-3.12-bioc/R/library/Rcpp/include' -I'/home/biocbuild/bbs-3.12-bioc/R/library/RcppArmadillo/include' -I/usr/local/include -fpic -g -O2 -Wall -c graph_utility.cpp -o graph_utility.o
graph_utility.cpp:45:0: warning: ignoring #pragma omp parallel [-Wunknown-pragmas]
#pragma omp parallel for
graph_utility.cpp:69:0: warning: ignoring #pragma omp parallel [-Wunknown-pragmas]
#pragma omp parallel for
g++ -std=gnu++11 -I"/home/biocbuild/bbs-3.12-bioc/R/include" -DNDEBUG -I'/home/biocbuild/bbs-3.12-bioc/R/library/Rcpp/include' -I'/home/biocbuild/bbs-3.12-bioc/R/library/RcppArmadillo/include' -I/usr/local/include -fpic -g -O2 -Wall -c stat_functions.cpp -o stat_functions.o
g++ -std=gnu++11 -shared -L/home/biocbuild/bbs-3.12-bioc/R/lib -L/usr/local/lib -o netReg.so RcppExports.o graph_utility.o stat_functions.o -L/home/biocbuild/bbs-3.12-bioc/R/lib -lR
installing to /home/biocbuild/bbs-3.12-bioc/R/library/00LOCK-netReg/00new/netReg/libs
** R
** data
** inst
** byte-compile and prepare package for lazy loading
** help
*** installing help indices
** building package indices
** installing vignettes
** testing if installed package can be loaded from temporary location
Warning: Package 'netReg' is deprecated and will be removed from Bioconductor
version 3.13
** checking absolute paths in shared objects and dynamic libraries
** testing if installed package can be loaded from final location
Warning: Package 'netReg' is deprecated and will be removed from Bioconductor
version 3.13
** testing if installed package keeps a record of temporary installation path
* DONE (netReg)
netReg.Rcheck/tests/testthat.Rout
R version 4.0.5 (2021-03-31) -- "Shake and Throw"
Copyright (C) 2021 The R Foundation for Statistical Computing
Platform: x86_64-pc-linux-gnu (64-bit)
R is free software and comes with ABSOLUTELY NO WARRANTY.
You are welcome to redistribute it under certain conditions.
Type 'license()' or 'licence()' for distribution details.
R is a collaborative project with many contributors.
Type 'contributors()' for more information and
'citation()' on how to cite R or R packages in publications.
Type 'demo()' for some demos, 'help()' for on-line help, or
'help.start()' for an HTML browser interface to help.
Type 'q()' to quit R.
> library(testthat)
> library(tensorflow)
> library(tfprobability)
> library(LaplacesDemon)
> library(netReg)
Attaching package: 'netReg'
The following objects are masked from 'package:stats':
binomial, family, gaussian, inverse.gaussian, poisson
The following objects are masked from 'package:base':
beta, gamma
Warning message:
Package 'netReg' is deprecated and will be removed from Bioconductor
version 3.13
>
> test_check("netReg")
Lambda: 0 nr.var: 6
══ Skipped tests ═══════════════════════════════════════════════════════════════
• empty test (1)
[ FAIL 0 | WARN 0 | SKIP 1 | PASS 73 ]
>
> proc.time()
user system elapsed
141.820 4.296 138.952
netReg.Rcheck/netReg-Ex.timings
| name | user | system | elapsed | |
| cvedgenet-methods | 12.960 | 0.184 | 13.974 | |
| edgenet-methods | 1.720 | 0.020 | 1.722 | |
| family-methods | 0.060 | 0.000 | 0.061 | |
| grouplasso-methods | 0.468 | 0.008 | 0.491 | |