| Back to Multiple platform build/check report for BioC 3.12 |
|
This page was generated on 2021-05-06 12:27:39 -0400 (Thu, 06 May 2021).
|
To the developers/maintainers of the funtooNorm package: Please make sure to use the following settings in order to reproduce any error or warning you see on this page. |
| Package 655/1974 | Hostname | OS / Arch | INSTALL | BUILD | CHECK | BUILD BIN | ||||||||
| funtooNorm 1.14.0 (landing page) Kathleen Klein
| malbec1 | Linux (Ubuntu 18.04.5 LTS) / x86_64 | OK | OK | WARNINGS | |||||||||
| tokay1 | Windows Server 2012 R2 Standard / x64 | OK | OK | WARNINGS | OK | |||||||||
| merida1 | macOS 10.14.6 Mojave / x86_64 | OK | OK | WARNINGS | OK | |||||||||
| Package: funtooNorm |
| Version: 1.14.0 |
| Command: /home/biocbuild/bbs-3.12-bioc/R/bin/R CMD check --install=check:funtooNorm.install-out.txt --library=/home/biocbuild/bbs-3.12-bioc/R/library --no-vignettes --timings funtooNorm_1.14.0.tar.gz |
| StartedAt: 2021-05-06 01:41:18 -0400 (Thu, 06 May 2021) |
| EndedAt: 2021-05-06 01:48:40 -0400 (Thu, 06 May 2021) |
| EllapsedTime: 442.7 seconds |
| RetCode: 0 |
| Status: WARNINGS |
| CheckDir: funtooNorm.Rcheck |
| Warnings: 1 |
##############################################################################
##############################################################################
###
### Running command:
###
### /home/biocbuild/bbs-3.12-bioc/R/bin/R CMD check --install=check:funtooNorm.install-out.txt --library=/home/biocbuild/bbs-3.12-bioc/R/library --no-vignettes --timings funtooNorm_1.14.0.tar.gz
###
##############################################################################
##############################################################################
* using log directory ‘/home/biocbuild/bbs-3.12-bioc/meat/funtooNorm.Rcheck’
* using R version 4.0.5 (2021-03-31)
* using platform: x86_64-pc-linux-gnu (64-bit)
* using session charset: UTF-8
* using option ‘--no-vignettes’
* checking for file ‘funtooNorm/DESCRIPTION’ ... OK
* checking extension type ... Package
* this is package ‘funtooNorm’ version ‘1.14.0’
* checking package namespace information ... OK
* checking package dependencies ... OK
* checking if this is a source package ... OK
* checking if there is a namespace ... OK
* checking for hidden files and directories ... OK
* checking for portable file names ... OK
* checking for sufficient/correct file permissions ... OK
* checking whether package ‘funtooNorm’ can be installed ... OK
* checking installed package size ... OK
* checking package directory ... OK
* checking ‘build’ directory ... OK
* checking DESCRIPTION meta-information ... OK
* checking top-level files ... OK
* checking for left-over files ... OK
* checking index information ... OK
* checking package subdirectories ... OK
* checking R files for non-ASCII characters ... OK
* checking R files for syntax errors ... OK
* checking whether the package can be loaded ... OK
* checking whether the package can be loaded with stated dependencies ... OK
* checking whether the package can be unloaded cleanly ... OK
* checking whether the namespace can be loaded with stated dependencies ... OK
* checking whether the namespace can be unloaded cleanly ... OK
* checking dependencies in R code ... OK
* checking S3 generic/method consistency ... OK
* checking replacement functions ... OK
* checking foreign function calls ... OK
* checking R code for possible problems ... OK
* checking Rd files ... OK
* checking Rd metadata ... OK
* checking Rd cross-references ... OK
* checking for missing documentation entries ... OK
* checking for code/documentation mismatches ... OK
* checking Rd \usage sections ... WARNING
Documented arguments not in \usage in documentation object 'show,SampleSet-method':
‘...’
Functions with \usage entries need to have the appropriate \alias
entries, and all their arguments documented.
The \usage entries must correspond to syntactically valid R code.
See chapter ‘Writing R documentation files’ in the ‘Writing R
Extensions’ manual.
* checking Rd contents ... OK
* checking for unstated dependencies in examples ... OK
* checking R/sysdata.rda ... OK
* checking files in ‘vignettes’ ... OK
* checking examples ... OK
Examples with CPU (user + system) or elapsed time > 5s
user system elapsed
plotValidationGraph 24.940 0.120 25.108
getSnpM 17.964 0.096 18.088
getNormM 17.724 0.044 17.807
getNormBeta 16.356 0.092 16.490
funtooNorm 15.968 0.160 16.160
fromRGChannelSet 12.736 0.480 14.251
* checking for unstated dependencies in vignettes ... OK
* checking package vignettes in ‘inst/doc’ ... OK
* checking running R code from vignettes ... SKIPPED
* checking re-building of vignette outputs ... SKIPPED
* checking PDF version of manual ... OK
* DONE
Status: 1 WARNING
See
‘/home/biocbuild/bbs-3.12-bioc/meat/funtooNorm.Rcheck/00check.log’
for details.
funtooNorm.Rcheck/00install.out
############################################################################## ############################################################################## ### ### Running command: ### ### /home/biocbuild/bbs-3.12-bioc/R/bin/R CMD INSTALL funtooNorm ### ############################################################################## ############################################################################## * installing to library ‘/home/biocbuild/bbs-3.12-bioc/R/library’ * installing *source* package ‘funtooNorm’ ... ** using staged installation ** R ** inst ** byte-compile and prepare package for lazy loading ** help *** installing help indices ** building package indices ** installing vignettes ** testing if installed package can be loaded from temporary location ** testing if installed package can be loaded from final location ** testing if installed package keeps a record of temporary installation path * DONE (funtooNorm)
funtooNorm.Rcheck/funtooNorm-Ex.timings
| name | user | system | elapsed | |
| SampleSet-class | 0.004 | 0.000 | 0.002 | |
| agreement | 0.004 | 0.000 | 0.003 | |
| fromRGChannelSet | 12.736 | 0.480 | 14.251 | |
| funtooNorm | 15.968 | 0.160 | 16.160 | |
| getGRanges | 4.756 | 0.012 | 4.782 | |
| getNormBeta | 16.356 | 0.092 | 16.490 | |
| getNormM | 17.724 | 0.044 | 17.807 | |
| getRawBeta | 4.076 | 0.040 | 4.120 | |
| getSnpM | 17.964 | 0.096 | 18.088 | |
| plotValidationGraph | 24.940 | 0.120 | 25.108 | |
| show-SampleSet-method | 4.764 | 0.004 | 4.776 | |