| Back to Multiple platform build/check report for BioC 3.12 |
|
This page was generated on 2021-05-06 12:35:00 -0400 (Thu, 06 May 2021).
|
To the developers/maintainers of the flowSpy package: Please make sure to use the following settings in order to reproduce any error or warning you see on this page. |
| Package 633/1974 | Hostname | OS / Arch | INSTALL | BUILD | CHECK | BUILD BIN | ||||||||
Yuting Dai
| malbec1 | Linux (Ubuntu 18.04.5 LTS) / x86_64 | OK | OK | WARNINGS | |||||||||
| tokay1 | Windows Server 2012 R2 Standard / x64 | OK | OK | WARNINGS | OK | |||||||||
| merida1 | macOS 10.14.6 Mojave / x86_64 | OK | OK | WARNINGS | OK | |||||||||
| Package: flowSpy |
| Version: 1.4.0 |
| Command: /Library/Frameworks/R.framework/Versions/Current/Resources/bin/R CMD check --install=check:flowSpy.install-out.txt --library=/Library/Frameworks/R.framework/Versions/Current/Resources/library --no-vignettes --timings flowSpy_1.4.0.tar.gz |
| StartedAt: 2021-05-06 01:50:34 -0400 (Thu, 06 May 2021) |
| EndedAt: 2021-05-06 01:56:32 -0400 (Thu, 06 May 2021) |
| EllapsedTime: 358.3 seconds |
| RetCode: 0 |
| Status: WARNINGS |
| CheckDir: flowSpy.Rcheck |
| Warnings: 1 |
############################################################################## ############################################################################## ### ### Running command: ### ### /Library/Frameworks/R.framework/Versions/Current/Resources/bin/R CMD check --install=check:flowSpy.install-out.txt --library=/Library/Frameworks/R.framework/Versions/Current/Resources/library --no-vignettes --timings flowSpy_1.4.0.tar.gz ### ############################################################################## ############################################################################## * using log directory ‘/Users/biocbuild/bbs-3.12-bioc/meat/flowSpy.Rcheck’ * using R version 4.0.5 (2021-03-31) * using platform: x86_64-apple-darwin17.0 (64-bit) * using session charset: UTF-8 * using option ‘--no-vignettes’ * checking for file ‘flowSpy/DESCRIPTION’ ... OK * checking extension type ... Package * this is package ‘flowSpy’ version ‘1.4.0’ * package encoding: UTF-8 * checking package namespace information ... OK * checking package dependencies ... OK * checking if this is a source package ... OK * checking if there is a namespace ... OK * checking for hidden files and directories ... OK * checking for portable file names ... OK * checking for sufficient/correct file permissions ... OK * checking whether package ‘flowSpy’ can be installed ... WARNING Found the following significant warnings: Warning: Package 'flowSpy' is deprecated and will be removed from Bioconductor See ‘/Users/biocbuild/bbs-3.12-bioc/meat/flowSpy.Rcheck/00install.out’ for details. * checking installed package size ... OK * checking package directory ... OK * checking ‘build’ directory ... OK * checking DESCRIPTION meta-information ... OK * checking top-level files ... OK * checking for left-over files ... OK * checking index information ... OK * checking package subdirectories ... OK * checking R files for non-ASCII characters ... OK * checking R files for syntax errors ... OK * checking whether the package can be loaded ... OK * checking whether the package can be loaded with stated dependencies ... OK * checking whether the package can be unloaded cleanly ... OK * checking whether the namespace can be loaded with stated dependencies ... OK * checking whether the namespace can be unloaded cleanly ... OK * checking dependencies in R code ... OK * checking S3 generic/method consistency ... OK * checking replacement functions ... OK * checking foreign function calls ... OK * checking R code for possible problems ... OK * checking Rd files ... OK * checking Rd metadata ... OK * checking Rd cross-references ... OK * checking for missing documentation entries ... OK * checking for code/documentation mismatches ... OK * checking Rd \usage sections ... OK * checking Rd contents ... OK * checking for unstated dependencies in examples ... OK * checking line endings in C/C++/Fortran sources/headers ... OK * checking compiled code ... NOTE Note: information on .o files is not available * checking installed files from ‘inst/doc’ ... OK * checking files in ‘vignettes’ ... OK * checking examples ... OK * checking for unstated dependencies in vignettes ... OK * checking package vignettes in ‘inst/doc’ ... OK * checking running R code from vignettes ... SKIPPED * checking re-building of vignette outputs ... SKIPPED * checking PDF version of manual ... OK * DONE Status: 1 WARNING, 1 NOTE See ‘/Users/biocbuild/bbs-3.12-bioc/meat/flowSpy.Rcheck/00check.log’ for details.
flowSpy.Rcheck/00install.out
##############################################################################
##############################################################################
###
### Running command:
###
### /Library/Frameworks/R.framework/Versions/Current/Resources/bin/R CMD INSTALL flowSpy
###
##############################################################################
##############################################################################
* installing to library ‘/Library/Frameworks/R.framework/Versions/4.0/Resources/library’
* installing *source* package ‘flowSpy’ ...
** using staged installation
** libs
clang++ -mmacosx-version-min=10.13 -std=gnu++11 -I"/Library/Frameworks/R.framework/Resources/include" -DNDEBUG -I'/Library/Frameworks/R.framework/Versions/4.0/Resources/library/Rcpp/include' -I/usr/local/include -fPIC -Wall -g -O2 -c RcppExports.cpp -o RcppExports.o
In file included from RcppExports.cpp:4:
In file included from /Library/Frameworks/R.framework/Versions/4.0/Resources/library/Rcpp/include/Rcpp.h:57:
/Library/Frameworks/R.framework/Versions/4.0/Resources/library/Rcpp/include/Rcpp/DataFrame.h:136:18: warning: unused variable 'data' [-Wunused-variable]
SEXP data = Parent::get__();
^
1 warning generated.
clang++ -mmacosx-version-min=10.13 -std=gnu++11 -I"/Library/Frameworks/R.framework/Resources/include" -DNDEBUG -I'/Library/Frameworks/R.framework/Versions/4.0/Resources/library/Rcpp/include' -I/usr/local/include -fPIC -Wall -g -O2 -c jaccard_coeff.cpp -o jaccard_coeff.o
In file included from jaccard_coeff.cpp:1:
In file included from /Library/Frameworks/R.framework/Versions/4.0/Resources/library/Rcpp/include/Rcpp.h:57:
/Library/Frameworks/R.framework/Versions/4.0/Resources/library/Rcpp/include/Rcpp/DataFrame.h:136:18: warning: unused variable 'data' [-Wunused-variable]
SEXP data = Parent::get__();
^
1 warning generated.
clang++ -mmacosx-version-min=10.13 -std=gnu++11 -dynamiclib -Wl,-headerpad_max_install_names -undefined dynamic_lookup -single_module -multiply_defined suppress -L/Library/Frameworks/R.framework/Resources/lib -L/usr/local/lib -o flowSpy.so RcppExports.o jaccard_coeff.o -F/Library/Frameworks/R.framework/.. -framework R -Wl,-framework -Wl,CoreFoundation
installing to /Library/Frameworks/R.framework/Versions/4.0/Resources/library/00LOCK-flowSpy/00new/flowSpy/libs
** R
** inst
** byte-compile and prepare package for lazy loading
No methods found in package ‘flowCore’ for requests: ‘action’, ‘assign’, ‘Data’, ‘gate’, ‘tree’ when loading ‘flowUtils’
** help
*** installing help indices
** building package indices
** installing vignettes
‘Quick_start.Rmd’ using ‘UTF-8’
** testing if installed package can be loaded from temporary location
No methods found in package ‘flowCore’ for requests: ‘action’, ‘assign’, ‘Data’, ‘gate’, ‘tree’ when loading ‘flowUtils’
Warning: Package 'flowSpy' is deprecated and will be removed from Bioconductor
version 3.13
** checking absolute paths in shared objects and dynamic libraries
** testing if installed package can be loaded from final location
No methods found in package ‘flowCore’ for requests: ‘action’, ‘assign’, ‘Data’, ‘gate’, ‘tree’ when loading ‘flowUtils’
Warning: Package 'flowSpy' is deprecated and will be removed from Bioconductor
version 3.13
** testing if installed package keeps a record of temporary installation path
* DONE (flowSpy)
flowSpy.Rcheck/flowSpy-Ex.timings
| name | user | system | elapsed | |
| Rphenograph | 3.373 | 0.013 | 3.389 | |
| buildTree | 0.001 | 0.001 | 0.001 | |
| constraintMatrix | 0.060 | 0.001 | 0.061 | |
| correctBatchFSPY | 0.001 | 0.000 | 0.001 | |
| createFSPY | 0.001 | 0.000 | 0.001 | |
| defLeafCells | 0.001 | 0.001 | 0.001 | |
| defRootCells | 0.001 | 0.000 | 0.001 | |
| fetchCell | 0.001 | 0.000 | 0.001 | |
| fetchClustMeta | 0.000 | 0.000 | 0.001 | |
| fetchPlotMeta | 0.001 | 0.000 | 0.001 | |
| find_neighbors | 0.001 | 0.000 | 0.002 | |
| flowSpy-package | 0.000 | 0.000 | 0.001 | |
| gatingMatrix | 0.022 | 0.002 | 0.022 | |
| plot2D | 0.029 | 0.002 | 0.031 | |
| plot3D | 0.000 | 0.000 | 0.001 | |
| plotBranchHeatmap | 0.001 | 0.000 | 0.001 | |
| plotCluster | 0.002 | 0.000 | 0.001 | |
| plotClusterHeatmap | 0.000 | 0.001 | 0.000 | |
| plotHeatmap | 0.001 | 0.000 | 0.001 | |
| plotMarkerDensity | 0 | 0 | 0 | |
| plotPieCluster | 0.001 | 0.001 | 0.002 | |
| plotPieTree | 0.000 | 0.000 | 0.001 | |
| plotPseudotimeDensity | 0.000 | 0.001 | 0.001 | |
| plotPseudotimeTraj | 0.001 | 0.001 | 0.002 | |
| plotTrajHeatmap | 0.001 | 0.001 | 0.002 | |
| plotTree | 0.001 | 0.000 | 0.002 | |
| plotViolin | 0.000 | 0.000 | 0.001 | |
| processingCluster | 0.001 | 0.001 | 0.001 | |
| runClara | 0.000 | 0.000 | 0.001 | |
| runCluster | 0.003 | 0.001 | 0.004 | |
| runDiff | 0.001 | 0.000 | 0.000 | |
| runDiffusionMap | 0 | 0 | 0 | |
| runExprsExtract | 0.002 | 0.001 | 0.002 | |
| runExprsMerge | 0.001 | 0.001 | 0.001 | |
| runFastPCA | 0.001 | 0.000 | 0.001 | |
| runKNN | 0.001 | 0.000 | 0.000 | |
| runKmeans | 0 | 0 | 0 | |
| runMclust | 0.000 | 0.000 | 0.001 | |
| runPhenograph | 0 | 0 | 0 | |
| runPseudotime | 0.004 | 0.000 | 0.005 | |
| runSOM | 0 | 0 | 0 | |
| runTSNE | 0.000 | 0.000 | 0.001 | |
| runUMAP | 0.000 | 0.000 | 0.001 | |
| runWalk | 0 | 0 | 0 | |
| show-FSPY-method | 0 | 0 | 0 | |
| subsetFSPY | 0 | 0 | 0 | |
| updateClustMeta | 0.000 | 0.000 | 0.001 | |
| updatePlotMeta | 0.001 | 0.000 | 0.000 | |