| Back to Multiple platform build/check report for BioC 3.12 |
|
This page was generated on 2021-05-06 12:37:12 -0400 (Thu, 06 May 2021).
|
To the developers/maintainers of the TimeSeriesExperiment package: Please make sure to use the following settings in order to reproduce any error or warning you see on this page. |
| Package 1864/1974 | Hostname | OS / Arch | INSTALL | BUILD | CHECK | BUILD BIN | ||||||||
| TimeSeriesExperiment 1.8.0 (landing page) Lan Huong Nguyen
| malbec1 | Linux (Ubuntu 18.04.5 LTS) / x86_64 | OK | OK | WARNINGS | |||||||||
| tokay1 | Windows Server 2012 R2 Standard / x64 | OK | OK | WARNINGS | OK | |||||||||
| merida1 | macOS 10.14.6 Mojave / x86_64 | OK | OK | WARNINGS | OK | |||||||||
| Package: TimeSeriesExperiment |
| Version: 1.8.0 |
| Command: /Library/Frameworks/R.framework/Versions/Current/Resources/bin/R CMD check --install=check:TimeSeriesExperiment.install-out.txt --library=/Library/Frameworks/R.framework/Versions/Current/Resources/library --no-vignettes --timings TimeSeriesExperiment_1.8.0.tar.gz |
| StartedAt: 2021-05-06 06:54:22 -0400 (Thu, 06 May 2021) |
| EndedAt: 2021-05-06 06:58:58 -0400 (Thu, 06 May 2021) |
| EllapsedTime: 275.5 seconds |
| RetCode: 0 |
| Status: WARNINGS |
| CheckDir: TimeSeriesExperiment.Rcheck |
| Warnings: 1 |
##############################################################################
##############################################################################
###
### Running command:
###
### /Library/Frameworks/R.framework/Versions/Current/Resources/bin/R CMD check --install=check:TimeSeriesExperiment.install-out.txt --library=/Library/Frameworks/R.framework/Versions/Current/Resources/library --no-vignettes --timings TimeSeriesExperiment_1.8.0.tar.gz
###
##############################################################################
##############################################################################
* using log directory ‘/Users/biocbuild/bbs-3.12-bioc/meat/TimeSeriesExperiment.Rcheck’
* using R version 4.0.5 (2021-03-31)
* using platform: x86_64-apple-darwin17.0 (64-bit)
* using session charset: UTF-8
* using option ‘--no-vignettes’
* checking for file ‘TimeSeriesExperiment/DESCRIPTION’ ... OK
* checking extension type ... Package
* this is package ‘TimeSeriesExperiment’ version ‘1.8.0’
* package encoding: UTF-8
* checking package namespace information ... OK
* checking package dependencies ... OK
* checking if this is a source package ... OK
* checking if there is a namespace ... OK
* checking for hidden files and directories ... OK
* checking for portable file names ... OK
* checking for sufficient/correct file permissions ... OK
* checking whether package ‘TimeSeriesExperiment’ can be installed ... OK
* checking installed package size ... OK
* checking package directory ... OK
* checking ‘build’ directory ... OK
* checking DESCRIPTION meta-information ... OK
* checking top-level files ... OK
* checking for left-over files ... OK
* checking index information ... OK
* checking package subdirectories ... OK
* checking R files for non-ASCII characters ... OK
* checking R files for syntax errors ... OK
* checking whether the package can be loaded ... OK
* checking whether the package can be loaded with stated dependencies ... OK
* checking whether the package can be unloaded cleanly ... OK
* checking whether the namespace can be loaded with stated dependencies ... OK
* checking whether the namespace can be unloaded cleanly ... OK
* checking dependencies in R code ... NOTE
Unexported object imported by a ':::' call: ‘S4Vectors:::selectSome’
See the note in ?`:::` about the use of this operator.
* checking S3 generic/method consistency ... OK
* checking replacement functions ... OK
* checking foreign function calls ... OK
* checking R code for possible problems ... NOTE
clusterTimeSeries: no visible binding for global variable ‘freq’
clusterTimeSeries: no visible binding for global variable ‘.’
Undefined global functions or variables:
. freq
* checking Rd files ... OK
* checking Rd metadata ... OK
* checking Rd cross-references ... OK
* checking for missing documentation entries ... OK
* checking for code/documentation mismatches ... OK
* checking Rd \usage sections ... WARNING
Documented arguments not in \usage in documentation object 'plotHeatmap':
‘...’
Functions with \usage entries need to have the appropriate \alias
entries, and all their arguments documented.
The \usage entries must correspond to syntactically valid R code.
See chapter ‘Writing R documentation files’ in the ‘Writing R
Extensions’ manual.
* checking Rd contents ... OK
* checking for unstated dependencies in examples ... OK
* checking contents of ‘data’ directory ... OK
* checking data for non-ASCII characters ... OK
* checking data for ASCII and uncompressed saves ... OK
* checking files in ‘vignettes’ ... OK
* checking examples ... OK
Examples with CPU (user + system) or elapsed time > 5s
user system elapsed
differentialExpression 14.861 0.354 15.231
* checking for unstated dependencies in vignettes ... OK
* checking package vignettes in ‘inst/doc’ ... OK
* checking running R code from vignettes ... SKIPPED
* checking re-building of vignette outputs ... SKIPPED
* checking PDF version of manual ... OK
* DONE
Status: 1 WARNING, 2 NOTEs
See
‘/Users/biocbuild/bbs-3.12-bioc/meat/TimeSeriesExperiment.Rcheck/00check.log’
for details.
TimeSeriesExperiment.Rcheck/00install.out
############################################################################## ############################################################################## ### ### Running command: ### ### /Library/Frameworks/R.framework/Versions/Current/Resources/bin/R CMD INSTALL TimeSeriesExperiment ### ############################################################################## ############################################################################## * installing to library ‘/Library/Frameworks/R.framework/Versions/4.0/Resources/library’ * installing *source* package ‘TimeSeriesExperiment’ ... ** using staged installation ** R ** data ** inst ** byte-compile and prepare package for lazy loading ** help *** installing help indices ** building package indices ** installing vignettes ** testing if installed package can be loaded from temporary location ** testing if installed package can be loaded from final location ** testing if installed package keeps a record of temporary installation path * DONE (TimeSeriesExperiment)
TimeSeriesExperiment.Rcheck/TimeSeriesExperiment-Ex.timings
| name | user | system | elapsed | |
| TimeSeriesExperiment | 0.238 | 0.005 | 0.244 | |
| addLags | 1.226 | 0.027 | 1.254 | |
| clusterAssignment | 0.642 | 0.022 | 0.665 | |
| clusterData | 0.139 | 0.005 | 0.144 | |
| clusterTimeSeries | 0.576 | 0.024 | 0.600 | |
| colData | 0.066 | 0.004 | 0.070 | |
| collapseReplicates | 0.155 | 0.004 | 0.159 | |
| collapsed-data | 0.360 | 0.044 | 0.501 | |
| dataToTimeSeries | 0.043 | 0.002 | 0.044 | |
| differentialExpression | 14.861 | 0.354 | 15.231 | |
| dimensionReduction | 0.080 | 0.004 | 0.084 | |
| filterFeatures | 0.067 | 0.003 | 0.070 | |
| groups | 0.024 | 0.002 | 0.026 | |
| makeTimeSeries | 0.246 | 0.015 | 0.260 | |
| makeTimeSeriesExperimentFromExpressionSet | 0.002 | 0.000 | 0.002 | |
| makeTimeSeriesExperimentFromSummarizedExperiment | 0.221 | 0.002 | 0.225 | |
| meltMatrix | 0.011 | 0.001 | 0.011 | |
| normalizeData | 0.041 | 0.003 | 0.044 | |
| pathwayEnrichment | 0.742 | 0.051 | 0.796 | |
| pipe | 0.000 | 0.001 | 0.001 | |
| plotEnrichment | 0.726 | 0.018 | 0.745 | |
| plotHeatmap | 0.044 | 0.002 | 0.046 | |
| plotSamplePCA | 0.352 | 0.006 | 0.361 | |
| plotTimeSeries | 1.455 | 0.036 | 1.493 | |
| plotTimeSeriesClusters | 2.020 | 0.031 | 2.054 | |
| plotTimeSeriesPCA | 4.428 | 0.492 | 4.925 | |
| replicates | 0.020 | 0.002 | 0.021 | |
| rowData | 0.037 | 0.002 | 0.040 | |
| row_and_colnames | 0.012 | 0.001 | 0.013 | |
| runPCA | 0.059 | 0.002 | 0.061 | |
| timeSeries | 0.746 | 0.440 | 1.247 | |
| timepointDE | 0.125 | 0.004 | 0.130 | |
| timepoints | 0.046 | 0.002 | 0.047 | |
| trajectoryDE | 0.231 | 0.016 | 0.248 | |
| varianceStabilization | 0.005 | 0.002 | 0.007 | |