| Back to Multiple platform build/check report for BioC 3.12 |
|
This page was generated on 2021-05-06 12:29:27 -0400 (Thu, 06 May 2021).
|
To the developers/maintainers of the TimeSeriesExperiment package: Please make sure to use the following settings in order to reproduce any error or warning you see on this page. |
| Package 1864/1974 | Hostname | OS / Arch | INSTALL | BUILD | CHECK | BUILD BIN | ||||||||
| TimeSeriesExperiment 1.8.0 (landing page) Lan Huong Nguyen
| malbec1 | Linux (Ubuntu 18.04.5 LTS) / x86_64 | OK | OK | WARNINGS | |||||||||
| tokay1 | Windows Server 2012 R2 Standard / x64 | OK | OK | WARNINGS | OK | |||||||||
| merida1 | macOS 10.14.6 Mojave / x86_64 | OK | OK | WARNINGS | OK | |||||||||
| Package: TimeSeriesExperiment |
| Version: 1.8.0 |
| Command: /home/biocbuild/bbs-3.12-bioc/R/bin/R CMD check --install=check:TimeSeriesExperiment.install-out.txt --library=/home/biocbuild/bbs-3.12-bioc/R/library --no-vignettes --timings TimeSeriesExperiment_1.8.0.tar.gz |
| StartedAt: 2021-05-06 06:41:18 -0400 (Thu, 06 May 2021) |
| EndedAt: 2021-05-06 06:45:36 -0400 (Thu, 06 May 2021) |
| EllapsedTime: 258.1 seconds |
| RetCode: 0 |
| Status: WARNINGS |
| CheckDir: TimeSeriesExperiment.Rcheck |
| Warnings: 1 |
##############################################################################
##############################################################################
###
### Running command:
###
### /home/biocbuild/bbs-3.12-bioc/R/bin/R CMD check --install=check:TimeSeriesExperiment.install-out.txt --library=/home/biocbuild/bbs-3.12-bioc/R/library --no-vignettes --timings TimeSeriesExperiment_1.8.0.tar.gz
###
##############################################################################
##############################################################################
* using log directory ‘/home/biocbuild/bbs-3.12-bioc/meat/TimeSeriesExperiment.Rcheck’
* using R version 4.0.5 (2021-03-31)
* using platform: x86_64-pc-linux-gnu (64-bit)
* using session charset: UTF-8
* using option ‘--no-vignettes’
* checking for file ‘TimeSeriesExperiment/DESCRIPTION’ ... OK
* checking extension type ... Package
* this is package ‘TimeSeriesExperiment’ version ‘1.8.0’
* package encoding: UTF-8
* checking package namespace information ... OK
* checking package dependencies ... OK
* checking if this is a source package ... OK
* checking if there is a namespace ... OK
* checking for hidden files and directories ... OK
* checking for portable file names ... OK
* checking for sufficient/correct file permissions ... OK
* checking whether package ‘TimeSeriesExperiment’ can be installed ... OK
* checking installed package size ... OK
* checking package directory ... OK
* checking ‘build’ directory ... OK
* checking DESCRIPTION meta-information ... OK
* checking top-level files ... OK
* checking for left-over files ... OK
* checking index information ... OK
* checking package subdirectories ... OK
* checking R files for non-ASCII characters ... OK
* checking R files for syntax errors ... OK
* checking whether the package can be loaded ... OK
* checking whether the package can be loaded with stated dependencies ... OK
* checking whether the package can be unloaded cleanly ... OK
* checking whether the namespace can be loaded with stated dependencies ... OK
* checking whether the namespace can be unloaded cleanly ... OK
* checking dependencies in R code ... NOTE
Unexported object imported by a ':::' call: ‘S4Vectors:::selectSome’
See the note in ?`:::` about the use of this operator.
* checking S3 generic/method consistency ... OK
* checking replacement functions ... OK
* checking foreign function calls ... OK
* checking R code for possible problems ... NOTE
clusterTimeSeries: no visible binding for global variable ‘freq’
clusterTimeSeries: no visible binding for global variable ‘.’
Undefined global functions or variables:
. freq
* checking Rd files ... OK
* checking Rd metadata ... OK
* checking Rd cross-references ... OK
* checking for missing documentation entries ... OK
* checking for code/documentation mismatches ... OK
* checking Rd \usage sections ... WARNING
Documented arguments not in \usage in documentation object 'plotHeatmap':
‘...’
Functions with \usage entries need to have the appropriate \alias
entries, and all their arguments documented.
The \usage entries must correspond to syntactically valid R code.
See chapter ‘Writing R documentation files’ in the ‘Writing R
Extensions’ manual.
* checking Rd contents ... OK
* checking for unstated dependencies in examples ... OK
* checking contents of ‘data’ directory ... OK
* checking data for non-ASCII characters ... OK
* checking data for ASCII and uncompressed saves ... OK
* checking files in ‘vignettes’ ... OK
* checking examples ... OK
Examples with CPU (user + system) or elapsed time > 5s
user system elapsed
differentialExpression 14.312 0.004 14.346
plotTimeSeriesPCA 5.420 0.100 5.545
* checking for unstated dependencies in vignettes ... OK
* checking package vignettes in ‘inst/doc’ ... OK
* checking running R code from vignettes ... SKIPPED
* checking re-building of vignette outputs ... SKIPPED
* checking PDF version of manual ... OK
* DONE
Status: 1 WARNING, 2 NOTEs
See
‘/home/biocbuild/bbs-3.12-bioc/meat/TimeSeriesExperiment.Rcheck/00check.log’
for details.
TimeSeriesExperiment.Rcheck/00install.out
############################################################################## ############################################################################## ### ### Running command: ### ### /home/biocbuild/bbs-3.12-bioc/R/bin/R CMD INSTALL TimeSeriesExperiment ### ############################################################################## ############################################################################## * installing to library ‘/home/biocbuild/bbs-3.12-bioc/R/library’ * installing *source* package ‘TimeSeriesExperiment’ ... ** using staged installation ** R ** data ** inst ** byte-compile and prepare package for lazy loading ** help *** installing help indices ** building package indices ** installing vignettes ** testing if installed package can be loaded from temporary location ** testing if installed package can be loaded from final location ** testing if installed package keeps a record of temporary installation path * DONE (TimeSeriesExperiment)
TimeSeriesExperiment.Rcheck/TimeSeriesExperiment-Ex.timings
| name | user | system | elapsed | |
| TimeSeriesExperiment | 0.264 | 0.000 | 0.261 | |
| addLags | 1.400 | 0.004 | 1.407 | |
| clusterAssignment | 0.628 | 0.000 | 0.632 | |
| clusterData | 0.156 | 0.004 | 0.158 | |
| clusterTimeSeries | 0.404 | 0.000 | 0.405 | |
| colData | 0.044 | 0.000 | 0.044 | |
| collapseReplicates | 0.144 | 0.000 | 0.144 | |
| collapsed-data | 0.368 | 0.028 | 0.399 | |
| dataToTimeSeries | 0.052 | 0.000 | 0.051 | |
| differentialExpression | 14.312 | 0.004 | 14.346 | |
| dimensionReduction | 0.052 | 0.000 | 0.051 | |
| filterFeatures | 0.084 | 0.000 | 0.085 | |
| groups | 0.028 | 0.000 | 0.029 | |
| makeTimeSeries | 0.240 | 0.008 | 0.249 | |
| makeTimeSeriesExperimentFromExpressionSet | 0.000 | 0.000 | 0.003 | |
| makeTimeSeriesExperimentFromSummarizedExperiment | 0.256 | 0.024 | 0.279 | |
| meltMatrix | 0.016 | 0.000 | 0.015 | |
| normalizeData | 0.056 | 0.004 | 0.061 | |
| pathwayEnrichment | 0.756 | 0.036 | 0.869 | |
| pipe | 0 | 0 | 0 | |
| plotEnrichment | 0.612 | 0.004 | 0.613 | |
| plotHeatmap | 0.028 | 0.000 | 0.028 | |
| plotSamplePCA | 0.244 | 0.000 | 0.244 | |
| plotTimeSeries | 1.520 | 0.008 | 1.528 | |
| plotTimeSeriesClusters | 1.796 | 0.020 | 1.817 | |
| plotTimeSeriesPCA | 5.420 | 0.100 | 5.545 | |
| replicates | 0.028 | 0.004 | 0.032 | |
| rowData | 0.024 | 0.000 | 0.026 | |
| row_and_colnames | 0.012 | 0.004 | 0.018 | |
| runPCA | 0.048 | 0.000 | 0.050 | |
| timeSeries | 0.320 | 0.124 | 0.442 | |
| timepointDE | 0.084 | 0.004 | 0.087 | |
| timepoints | 0.032 | 0.000 | 0.034 | |
| trajectoryDE | 0.144 | 0.004 | 0.146 | |
| varianceStabilization | 0.004 | 0.000 | 0.003 | |