| Back to Multiple platform build/check report for BioC 3.12 |
|
This page was generated on 2021-05-06 12:29:02 -0400 (Thu, 06 May 2021).
|
To the developers/maintainers of the SCOPE package: Please make sure to use the following settings in order to reproduce any error or warning you see on this page. |
| Package 1652/1974 | Hostname | OS / Arch | INSTALL | BUILD | CHECK | BUILD BIN | ||||||||
| SCOPE 1.2.0 (landing page) Rujin Wang
| malbec1 | Linux (Ubuntu 18.04.5 LTS) / x86_64 | OK | OK | WARNINGS | |||||||||
| tokay1 | Windows Server 2012 R2 Standard / x64 | OK | OK | WARNINGS | OK | |||||||||
| merida1 | macOS 10.14.6 Mojave / x86_64 | OK | OK | WARNINGS | OK | |||||||||
| Package: SCOPE |
| Version: 1.2.0 |
| Command: /home/biocbuild/bbs-3.12-bioc/R/bin/R CMD check --install=check:SCOPE.install-out.txt --library=/home/biocbuild/bbs-3.12-bioc/R/library --no-vignettes --timings SCOPE_1.2.0.tar.gz |
| StartedAt: 2021-05-06 05:48:30 -0400 (Thu, 06 May 2021) |
| EndedAt: 2021-05-06 05:54:44 -0400 (Thu, 06 May 2021) |
| EllapsedTime: 374.2 seconds |
| RetCode: 0 |
| Status: WARNINGS |
| CheckDir: SCOPE.Rcheck |
| Warnings: 1 |
##############################################################################
##############################################################################
###
### Running command:
###
### /home/biocbuild/bbs-3.12-bioc/R/bin/R CMD check --install=check:SCOPE.install-out.txt --library=/home/biocbuild/bbs-3.12-bioc/R/library --no-vignettes --timings SCOPE_1.2.0.tar.gz
###
##############################################################################
##############################################################################
* using log directory ‘/home/biocbuild/bbs-3.12-bioc/meat/SCOPE.Rcheck’
* using R version 4.0.5 (2021-03-31)
* using platform: x86_64-pc-linux-gnu (64-bit)
* using session charset: UTF-8
* using option ‘--no-vignettes’
* checking for file ‘SCOPE/DESCRIPTION’ ... OK
* checking extension type ... Package
* this is package ‘SCOPE’ version ‘1.2.0’
* package encoding: UTF-8
* checking package namespace information ... OK
* checking package dependencies ... OK
* checking if this is a source package ... OK
* checking if there is a namespace ... OK
* checking for hidden files and directories ... OK
* checking for portable file names ... OK
* checking for sufficient/correct file permissions ... OK
* checking whether package ‘SCOPE’ can be installed ... WARNING
Found the following significant warnings:
Warning: replacing previous import ‘DescTools::%:%’ by ‘foreach::%:%’ when loading ‘SCOPE’
See ‘/home/biocbuild/bbs-3.12-bioc/meat/SCOPE.Rcheck/00install.out’ for details.
* checking installed package size ... OK
* checking package directory ... OK
* checking ‘build’ directory ... OK
* checking DESCRIPTION meta-information ... OK
* checking top-level files ... OK
* checking for left-over files ... OK
* checking index information ... OK
* checking package subdirectories ... OK
* checking R files for non-ASCII characters ... OK
* checking R files for syntax errors ... OK
* checking whether the package can be loaded ... OK
* checking whether the package can be loaded with stated dependencies ... OK
* checking whether the package can be unloaded cleanly ... OK
* checking whether the namespace can be loaded with stated dependencies ... OK
* checking whether the namespace can be unloaded cleanly ... OK
* checking dependencies in R code ... OK
* checking S3 generic/method consistency ... OK
* checking replacement functions ... OK
* checking foreign function calls ... OK
* checking R code for possible problems ... OK
* checking Rd files ... OK
* checking Rd metadata ... OK
* checking Rd cross-references ... OK
* checking for missing documentation entries ... OK
* checking for code/documentation mismatches ... OK
* checking Rd \usage sections ... OK
* checking Rd contents ... OK
* checking for unstated dependencies in examples ... OK
* checking contents of ‘data’ directory ... OK
* checking data for non-ASCII characters ... OK
* checking data for ASCII and uncompressed saves ... OK
* checking files in ‘vignettes’ ... OK
* checking examples ... OK
Examples with CPU (user + system) or elapsed time > 5s
user system elapsed
plot_EM_fit 24.272 0.592 24.929
normalize_scope 22.248 0.536 22.995
normalize_scope_group 20.808 0.532 21.388
normalize_scope_foreach 19.416 1.436 15.120
get_coverage_scDNA 7.600 0.168 8.434
* checking for unstated dependencies in ‘tests’ ... OK
* checking tests ...
Running ‘testthat.R’
OK
* checking for unstated dependencies in vignettes ... OK
* checking package vignettes in ‘inst/doc’ ... OK
* checking running R code from vignettes ... SKIPPED
* checking re-building of vignette outputs ... SKIPPED
* checking PDF version of manual ... OK
* DONE
Status: 1 WARNING
See
‘/home/biocbuild/bbs-3.12-bioc/meat/SCOPE.Rcheck/00check.log’
for details.
SCOPE.Rcheck/00install.out
############################################################################## ############################################################################## ### ### Running command: ### ### /home/biocbuild/bbs-3.12-bioc/R/bin/R CMD INSTALL SCOPE ### ############################################################################## ############################################################################## * installing to library ‘/home/biocbuild/bbs-3.12-bioc/R/library’ * installing *source* package ‘SCOPE’ ... ** using staged installation ** R ** data *** moving datasets to lazyload DB ** inst ** byte-compile and prepare package for lazy loading Warning: replacing previous import ‘DescTools::%:%’ by ‘foreach::%:%’ when loading ‘SCOPE’ ** help *** installing help indices ** building package indices ** installing vignettes ** testing if installed package can be loaded from temporary location Warning: replacing previous import ‘DescTools::%:%’ by ‘foreach::%:%’ when loading ‘SCOPE’ ** testing if installed package can be loaded from final location Warning: replacing previous import ‘DescTools::%:%’ by ‘foreach::%:%’ when loading ‘SCOPE’ ** testing if installed package keeps a record of temporary installation path * DONE (SCOPE)
SCOPE.Rcheck/tests/testthat.Rout
R version 4.0.5 (2021-03-31) -- "Shake and Throw"
Copyright (C) 2021 The R Foundation for Statistical Computing
Platform: x86_64-pc-linux-gnu (64-bit)
R is free software and comes with ABSOLUTELY NO WARRANTY.
You are welcome to redistribute it under certain conditions.
Type 'license()' or 'licence()' for distribution details.
R is a collaborative project with many contributors.
Type 'contributors()' for more information and
'citation()' on how to cite R or R packages in publications.
Type 'demo()' for some demos, 'help()' for on-line help, or
'help.start()' for an HTML browser interface to help.
Type 'q()' to quit R.
> library(testthat)
> library(SCOPE)
Loading required package: GenomicRanges
Loading required package: stats4
Loading required package: BiocGenerics
Loading required package: parallel
Attaching package: 'BiocGenerics'
The following objects are masked from 'package:parallel':
clusterApply, clusterApplyLB, clusterCall, clusterEvalQ,
clusterExport, clusterMap, parApply, parCapply, parLapply,
parLapplyLB, parRapply, parSapply, parSapplyLB
The following objects are masked from 'package:stats':
IQR, mad, sd, var, xtabs
The following objects are masked from 'package:base':
Filter, Find, Map, Position, Reduce, anyDuplicated, append,
as.data.frame, basename, cbind, colnames, dirname, do.call,
duplicated, eval, evalq, get, grep, grepl, intersect, is.unsorted,
lapply, mapply, match, mget, order, paste, pmax, pmax.int, pmin,
pmin.int, rank, rbind, rownames, sapply, setdiff, sort, table,
tapply, union, unique, unsplit, which.max, which.min
Loading required package: S4Vectors
Attaching package: 'S4Vectors'
The following object is masked from 'package:base':
expand.grid
Loading required package: IRanges
Loading required package: GenomeInfoDb
Loading required package: Rsamtools
Loading required package: Biostrings
Loading required package: XVector
Attaching package: 'Biostrings'
The following object is masked from 'package:base':
strsplit
Loading required package: BSgenome.Hsapiens.UCSC.hg19
Loading required package: BSgenome
Loading required package: rtracklayer
Warning message:
replacing previous import 'DescTools::%:%' by 'foreach::%:%' when loading 'SCOPE'
>
> test_check("SCOPE")
1 1 [ FAIL 0 | WARN 0 | SKIP 0 | PASS 7 ]
>
> proc.time()
user system elapsed
23.996 0.400 24.425
SCOPE.Rcheck/SCOPE-Ex.timings
| name | user | system | elapsed | |
| get_bam_bed | 0.240 | 0.008 | 0.282 | |
| get_coverage_scDNA | 7.600 | 0.168 | 8.434 | |
| get_gc | 0 | 0 | 0 | |
| get_gini | 0.084 | 0.000 | 0.086 | |
| get_mapp | 0 | 0 | 0 | |
| get_samp_QC | 4.472 | 0.088 | 4.579 | |
| initialize_ploidy | 0.712 | 0.004 | 0.718 | |
| initialize_ploidy_group | 0.684 | 0.004 | 0.691 | |
| normalize_codex2_ns_noK | 0.236 | 0.000 | 0.236 | |
| normalize_scope | 22.248 | 0.536 | 22.995 | |
| normalize_scope_foreach | 19.416 | 1.436 | 15.120 | |
| normalize_scope_group | 20.808 | 0.532 | 21.388 | |
| perform_qc | 0.108 | 0.004 | 0.113 | |
| plot_EM_fit | 24.272 | 0.592 | 24.929 | |
| plot_iCN | 0.608 | 0.004 | 0.611 | |
| segment_CBScs | 0.388 | 0.000 | 0.389 | |