| Back to Multiple platform build/check report for BioC 3.12 | 
 | 
This page was generated on 2021-05-06 12:27:25 -0400 (Thu, 06 May 2021).
| To the developers/maintainers of the DRIMSeq package: Please make sure to use the following settings in order to reproduce any error or warning you see on this page. | 
| Package 509/1974 | Hostname | OS / Arch | INSTALL | BUILD | CHECK | BUILD BIN | ||||||||
| DRIMSeq 1.18.0  (landing page) Malgorzata Nowicka 
 | malbec1 | Linux (Ubuntu 18.04.5 LTS) / x86_64 | OK | OK | WARNINGS |  | ||||||||
| tokay1 | Windows Server 2012 R2 Standard / x64 | OK | OK | WARNINGS | OK |  | ||||||||
| merida1 | macOS 10.14.6 Mojave / x86_64 | OK | OK | WARNINGS | OK |  | ||||||||
| Package: DRIMSeq | 
| Version: 1.18.0 | 
| Command: /home/biocbuild/bbs-3.12-bioc/R/bin/R CMD check --install=check:DRIMSeq.install-out.txt --library=/home/biocbuild/bbs-3.12-bioc/R/library --no-vignettes --timings DRIMSeq_1.18.0.tar.gz | 
| StartedAt: 2021-05-06 01:06:59 -0400 (Thu, 06 May 2021) | 
| EndedAt: 2021-05-06 01:13:03 -0400 (Thu, 06 May 2021) | 
| EllapsedTime: 363.5 seconds | 
| RetCode: 0 | 
| Status: WARNINGS | 
| CheckDir: DRIMSeq.Rcheck | 
| Warnings: 1 | 
##############################################################################
##############################################################################
###
### Running command:
###
###   /home/biocbuild/bbs-3.12-bioc/R/bin/R CMD check --install=check:DRIMSeq.install-out.txt --library=/home/biocbuild/bbs-3.12-bioc/R/library --no-vignettes --timings DRIMSeq_1.18.0.tar.gz
###
##############################################################################
##############################################################################
* using log directory ‘/home/biocbuild/bbs-3.12-bioc/meat/DRIMSeq.Rcheck’
* using R version 4.0.5 (2021-03-31)
* using platform: x86_64-pc-linux-gnu (64-bit)
* using session charset: UTF-8
* using option ‘--no-vignettes’
* checking for file ‘DRIMSeq/DESCRIPTION’ ... OK
* checking extension type ... Package
* this is package ‘DRIMSeq’ version ‘1.18.0’
* checking package namespace information ... OK
* checking package dependencies ... OK
* checking if this is a source package ... OK
* checking if there is a namespace ... OK
* checking for hidden files and directories ... OK
* checking for portable file names ... OK
* checking for sufficient/correct file permissions ... OK
* checking whether package ‘DRIMSeq’ can be installed ... OK
* checking installed package size ... OK
* checking package directory ... OK
* checking ‘build’ directory ... OK
* checking DESCRIPTION meta-information ... OK
* checking top-level files ... OK
* checking for left-over files ... OK
* checking index information ... OK
* checking package subdirectories ... OK
* checking R files for non-ASCII characters ... OK
* checking R files for syntax errors ... OK
* checking whether the package can be loaded ... OK
* checking whether the package can be loaded with stated dependencies ... OK
* checking whether the package can be unloaded cleanly ... OK
* checking whether the namespace can be loaded with stated dependencies ... OK
* checking whether the namespace can be unloaded cleanly ... OK
* checking dependencies in R code ... OK
* checking S3 generic/method consistency ... OK
* checking replacement functions ... OK
* checking foreign function calls ... OK
* checking R code for possible problems ... OK
* checking Rd files ... OK
* checking Rd metadata ... OK
* checking Rd cross-references ... OK
* checking for missing documentation entries ... OK
* checking for code/documentation mismatches ... OK
* checking Rd \usage sections ... WARNING
Documented arguments not in \usage in documentation object 'dmSQTLtest-class':
  ‘...’
Functions with \usage entries need to have the appropriate \alias
entries, and all their arguments documented.
The \usage entries must correspond to syntactically valid R code.
See chapter ‘Writing R documentation files’ in the ‘Writing R
Extensions’ manual.
* checking Rd contents ... OK
* checking for unstated dependencies in examples ... OK
* checking files in ‘vignettes’ ... OK
* checking examples ... OK
Examples with CPU (user + system) or elapsed time > 5s
                    user system elapsed
dmSQTLtest-class 199.124  1.556 201.067
dmDStest-class    26.736  0.168  26.978
* checking for unstated dependencies in ‘tests’ ... OK
* checking tests ...
  Running ‘testthat.R’
 OK
* checking for unstated dependencies in vignettes ... OK
* checking package vignettes in ‘inst/doc’ ... OK
* checking running R code from vignettes ... SKIPPED
* checking re-building of vignette outputs ... SKIPPED
* checking PDF version of manual ... OK
* DONE
Status: 1 WARNING
See
  ‘/home/biocbuild/bbs-3.12-bioc/meat/DRIMSeq.Rcheck/00check.log’
for details.
DRIMSeq.Rcheck/00install.out
############################################################################## ############################################################################## ### ### Running command: ### ### /home/biocbuild/bbs-3.12-bioc/R/bin/R CMD INSTALL DRIMSeq ### ############################################################################## ############################################################################## * installing to library ‘/home/biocbuild/bbs-3.12-bioc/R/library’ * installing *source* package ‘DRIMSeq’ ... ** using staged installation ** R ** inst ** preparing package for lazy loading Creating a new generic function for ‘proportions’ in package ‘DRIMSeq’ ** help *** installing help indices ** building package indices ** installing vignettes ** testing if installed package can be loaded from temporary location ** testing if installed package can be loaded from final location ** testing if installed package keeps a record of temporary installation path * DONE (DRIMSeq)
DRIMSeq.Rcheck/tests/testthat.Rout
R version 4.0.5 (2021-03-31) -- "Shake and Throw"
Copyright (C) 2021 The R Foundation for Statistical Computing
Platform: x86_64-pc-linux-gnu (64-bit)
R is free software and comes with ABSOLUTELY NO WARRANTY.
You are welcome to redistribute it under certain conditions.
Type 'license()' or 'licence()' for distribution details.
R is a collaborative project with many contributors.
Type 'contributors()' for more information and
'citation()' on how to cite R or R packages in publications.
Type 'demo()' for some demos, 'help()' for on-line help, or
'help.start()' for an HTML browser interface to help.
Type 'q()' to quit R.
> library(testthat)
> library(DRIMSeq)
Attaching package: 'DRIMSeq'
The following object is masked from 'package:base':
    proportions
> 
> test_check("DRIMSeq")
[ FAIL 0 | WARN 0 | SKIP 0 | PASS 21 ]
> 
> proc.time()
   user  system elapsed 
 16.384   0.280  16.690 
DRIMSeq.Rcheck/DRIMSeq-Ex.timings
| name | user | system | elapsed | |
| dmDSdata-class | 0.012 | 0.004 | 0.043 | |
| dmDSdata | 0.016 | 0.000 | 0.015 | |
| dmDSfit-class | 0.012 | 0.000 | 0.012 | |
| dmDSprecision-class | 0.016 | 0.000 | 0.015 | |
| dmDStest-class | 26.736 | 0.168 | 26.978 | |
| dmFilter | 0.024 | 0.004 | 0.289 | |
| dmFit | 0.016 | 0.000 | 0.015 | |
| dmPrecision | 0.016 | 0.000 | 0.014 | |
| dmSQTLdata-class | 0.016 | 0.000 | 0.014 | |
| dmSQTLdata | 0.016 | 0.000 | 0.015 | |
| dmSQTLfit-class | 0.016 | 0.000 | 0.015 | |
| dmSQTLprecision-class | 0.012 | 0.000 | 0.014 | |
| dmSQTLtest-class | 199.124 | 1.556 | 201.067 | |
| dmTest | 0.004 | 0.004 | 0.008 | |
| plotData | 0.012 | 0.000 | 0.015 | |
| plotPValues | 0.008 | 0.000 | 0.008 | |
| plotPrecision | 0.008 | 0.000 | 0.008 | |
| plotProportions | 0.008 | 0.000 | 0.008 | |