| Back to Multiple platform build/check report for BioC 3.12 |
|
This page was generated on 2021-05-06 12:34:30 -0400 (Thu, 06 May 2021).
|
To the developers/maintainers of the CEMiTool package: Please make sure to use the following settings in order to reproduce any error or warning you see on this page. |
| Package 261/1974 | Hostname | OS / Arch | INSTALL | BUILD | CHECK | BUILD BIN | ||||||||
| CEMiTool 1.14.1 (landing page) Helder Nakaya
| malbec1 | Linux (Ubuntu 18.04.5 LTS) / x86_64 | OK | OK | WARNINGS | |||||||||
| tokay1 | Windows Server 2012 R2 Standard / x64 | OK | OK | WARNINGS | OK | |||||||||
| merida1 | macOS 10.14.6 Mojave / x86_64 | OK | OK | WARNINGS | OK | |||||||||
| Package: CEMiTool |
| Version: 1.14.1 |
| Command: /Library/Frameworks/R.framework/Versions/Current/Resources/bin/R CMD check --install=check:CEMiTool.install-out.txt --library=/Library/Frameworks/R.framework/Versions/Current/Resources/library --no-vignettes --timings CEMiTool_1.14.1.tar.gz |
| StartedAt: 2021-05-06 00:04:26 -0400 (Thu, 06 May 2021) |
| EndedAt: 2021-05-06 00:09:23 -0400 (Thu, 06 May 2021) |
| EllapsedTime: 296.7 seconds |
| RetCode: 0 |
| Status: WARNINGS |
| CheckDir: CEMiTool.Rcheck |
| Warnings: 1 |
##############################################################################
##############################################################################
###
### Running command:
###
### /Library/Frameworks/R.framework/Versions/Current/Resources/bin/R CMD check --install=check:CEMiTool.install-out.txt --library=/Library/Frameworks/R.framework/Versions/Current/Resources/library --no-vignettes --timings CEMiTool_1.14.1.tar.gz
###
##############################################################################
##############################################################################
* using log directory ‘/Users/biocbuild/bbs-3.12-bioc/meat/CEMiTool.Rcheck’
* using R version 4.0.5 (2021-03-31)
* using platform: x86_64-apple-darwin17.0 (64-bit)
* using session charset: UTF-8
* using option ‘--no-vignettes’
* checking for file ‘CEMiTool/DESCRIPTION’ ... OK
* this is package ‘CEMiTool’ version ‘1.14.1’
* package encoding: UTF-8
* checking package namespace information ... OK
* checking package dependencies ... OK
* checking if this is a source package ... OK
* checking if there is a namespace ... OK
* checking for hidden files and directories ... OK
* checking for portable file names ... OK
* checking for sufficient/correct file permissions ... OK
* checking whether package ‘CEMiTool’ can be installed ... WARNING
Found the following significant warnings:
Warning: replacing previous import ‘ggplot2::annotate’ by ‘ggpmisc::annotate’ when loading ‘CEMiTool’
See ‘/Users/biocbuild/bbs-3.12-bioc/meat/CEMiTool.Rcheck/00install.out’ for details.
* checking installed package size ... NOTE
installed size is 6.5Mb
sub-directories of 1Mb or more:
data 3.1Mb
extdata 2.8Mb
* checking package directory ... OK
* checking ‘build’ directory ... OK
* checking DESCRIPTION meta-information ... OK
* checking top-level files ... OK
* checking for left-over files ... OK
* checking index information ... OK
* checking package subdirectories ... OK
* checking R files for non-ASCII characters ... OK
* checking R files for syntax errors ... OK
* checking whether the package can be loaded ... OK
* checking whether the package can be loaded with stated dependencies ... OK
* checking whether the package can be unloaded cleanly ... OK
* checking whether the namespace can be loaded with stated dependencies ... OK
* checking whether the namespace can be unloaded cleanly ... OK
* checking dependencies in R code ... OK
* checking S3 generic/method consistency ... OK
* checking replacement functions ... OK
* checking foreign function calls ... OK
* checking R code for possible problems ... NOTE
flip_vector: no visible global function definition for ‘setNames’
select_genes: no visible global function definition for ‘var’
get_hubs,CEMiTool : <anonymous>: no visible global function definition
for ‘head’
get_merged_mods,CEMiTool: no visible global function definition for
‘as.dist’
get_mods,CEMiTool: no visible global function definition for ‘as.dist’
get_phi,CEMiTool: no visible global function definition for ‘tail’
get_phi,CEMiTool: no visible global function definition for ‘head’
mod_gene_num,CEMiTool: no visible binding for global variable ‘modules’
mod_gene_num,CEMiTool: no visible binding for global variable
‘num_genes’
mod_summary,CEMiTool: no visible global function definition for ‘:=’
plot_gsea,CEMiTool: no visible global function definition for ‘dist’
plot_mean_var,CEMiTool: no visible binding for global variable ‘var’
plot_mean_var,CEMiTool: no visible binding for global variable ‘Mean’
plot_mean_var,CEMiTool: no visible binding for global variable
‘Variance’
plot_mean_var,CEMiTool: no visible binding for global variable
‘..eq.label..’
plot_mean_var,CEMiTool: no visible binding for global variable
‘..rr.label..’
plot_ora,CEMiTool : <anonymous>: no visible global function definition
for ‘head’
plot_qq,CEMiTool: no visible binding for global variable ‘data’
plot_sample_tree,CEMiTool: no visible global function definition for
‘dist’
plot_sample_tree,CEMiTool: no visible global function definition for
‘dev.off’
save_plots,CEMiTool : <anonymous>: no visible global function
definition for ‘dev.off’
save_plots,CEMiTool: no visible global function definition for
‘dev.off’
Undefined global functions or variables:
..eq.label.. ..rr.label.. := Mean Variance as.dist data dev.off dist
head modules num_genes setNames tail var
Consider adding
importFrom("grDevices", "dev.off")
importFrom("stats", "as.dist", "dist", "setNames", "var")
importFrom("utils", "data", "head", "tail")
to your NAMESPACE file.
* checking Rd files ... OK
* checking Rd metadata ... OK
* checking Rd cross-references ... OK
* checking for missing documentation entries ... OK
* checking for code/documentation mismatches ... OK
* checking Rd \usage sections ... OK
* checking Rd contents ... OK
* checking for unstated dependencies in examples ... OK
* checking contents of ‘data’ directory ... OK
* checking data for non-ASCII characters ... OK
* checking data for ASCII and uncompressed saves ... OK
* checking files in ‘vignettes’ ... OK
* checking examples ... OK
Examples with CPU (user + system) or elapsed time > 5s
user system elapsed
cemitool 12.639 0.285 12.941
plot_interactions 8.915 0.163 9.093
* checking for unstated dependencies in ‘tests’ ... OK
* checking tests ...
Running ‘testthat.R’
OK
* checking for unstated dependencies in vignettes ... OK
* checking package vignettes in ‘inst/doc’ ... OK
* checking running R code from vignettes ... SKIPPED
* checking re-building of vignette outputs ... SKIPPED
* checking PDF version of manual ... OK
* DONE
Status: 1 WARNING, 2 NOTEs
See
‘/Users/biocbuild/bbs-3.12-bioc/meat/CEMiTool.Rcheck/00check.log’
for details.
CEMiTool.Rcheck/00install.out
############################################################################## ############################################################################## ### ### Running command: ### ### /Library/Frameworks/R.framework/Versions/Current/Resources/bin/R CMD INSTALL CEMiTool ### ############################################################################## ############################################################################## * installing to library ‘/Library/Frameworks/R.framework/Versions/4.0/Resources/library’ * installing *source* package ‘CEMiTool’ ... ** using staged installation ** R ** data *** moving datasets to lazyload DB ** exec ** inst ** byte-compile and prepare package for lazy loading Warning: replacing previous import ‘ggplot2::annotate’ by ‘ggpmisc::annotate’ when loading ‘CEMiTool’ ** help *** installing help indices ** building package indices ** installing vignettes ** testing if installed package can be loaded from temporary location Warning: replacing previous import ‘ggplot2::annotate’ by ‘ggpmisc::annotate’ when loading ‘CEMiTool’ ** testing if installed package can be loaded from final location Warning: replacing previous import ‘ggplot2::annotate’ by ‘ggpmisc::annotate’ when loading ‘CEMiTool’ ** testing if installed package keeps a record of temporary installation path * DONE (CEMiTool)
CEMiTool.Rcheck/tests/testthat.Rout
R version 4.0.5 (2021-03-31) -- "Shake and Throw"
Copyright (C) 2021 The R Foundation for Statistical Computing
Platform: x86_64-apple-darwin17.0 (64-bit)
R is free software and comes with ABSOLUTELY NO WARRANTY.
You are welcome to redistribute it under certain conditions.
Type 'license()' or 'licence()' for distribution details.
R is a collaborative project with many contributors.
Type 'contributors()' for more information and
'citation()' on how to cite R or R packages in publications.
Type 'demo()' for some demos, 'help()' for on-line help, or
'help.start()' for an HTML browser interface to help.
Type 'q()' to quit R.
> library(testthat)
> library(CEMiTool)
Warning message:
replacing previous import 'ggplot2::annotate' by 'ggpmisc::annotate' when loading 'CEMiTool'
> test_check('CEMiTool')
[ FAIL 0 | WARN 17 | SKIP 0 | PASS 105 ]
>
> proc.time()
user system elapsed
31.533 0.887 32.595
CEMiTool.Rcheck/CEMiTool-Ex.timings
| name | user | system | elapsed | |
| CEMiTool-class | 0.023 | 0.008 | 0.032 | |
| adj_data | 0.475 | 0.029 | 0.506 | |
| cem | 0.032 | 0.005 | 0.038 | |
| cemitool | 12.639 | 0.285 | 12.941 | |
| expr0 | 0.002 | 0.001 | 0.003 | |
| expr_data | 0.220 | 0.004 | 0.226 | |
| filter_expr | 0.276 | 0.009 | 0.301 | |
| find_modules | 1.880 | 0.018 | 1.901 | |
| fit_data | 2.160 | 0.026 | 2.188 | |
| generate_report | 0.000 | 0.001 | 0.000 | |
| get_adj | 0.180 | 0.006 | 0.186 | |
| get_beta_data | 0.685 | 0.009 | 0.694 | |
| get_cemitool_r2_beta | 1.982 | 0.019 | 2.004 | |
| get_connectivity | 1.893 | 0.022 | 1.920 | |
| get_hubs | 0.025 | 0.001 | 0.025 | |
| get_merged_mods | 1.050 | 0.011 | 1.062 | |
| get_mods | 0.915 | 0.009 | 0.926 | |
| get_phi | 2.078 | 0.019 | 2.101 | |
| gsea_data | 3.523 | 0.035 | 3.567 | |
| interactions_data | 0.340 | 0.019 | 0.359 | |
| mod_colors | 0.028 | 0.002 | 0.031 | |
| mod_gene_num | 0.143 | 0.006 | 0.149 | |
| mod_gsea | 2.262 | 0.013 | 2.278 | |
| mod_names | 0.027 | 0.002 | 0.030 | |
| mod_ora | 3.152 | 0.075 | 3.231 | |
| mod_summary | 0.175 | 0.001 | 0.178 | |
| module_genes | 0.042 | 0.010 | 0.052 | |
| new_cem | 0.018 | 0.002 | 0.020 | |
| nmodules | 0.022 | 0.001 | 0.023 | |
| ora_data | 3.153 | 0.072 | 3.227 | |
| plot_beta_r2 | 0.187 | 0.004 | 0.191 | |
| plot_gsea | 2.516 | 0.026 | 2.547 | |
| plot_hist | 0.436 | 0.003 | 0.440 | |
| plot_interactions | 8.915 | 0.163 | 9.093 | |
| plot_mean_k | 0.211 | 0.004 | 0.217 | |
| plot_mean_var | 0.444 | 0.015 | 0.460 | |
| plot_ora | 4.698 | 0.117 | 4.821 | |
| plot_profile | 2.022 | 0.021 | 2.046 | |
| plot_qq | 0.517 | 0.018 | 0.537 | |
| plot_sample_tree | 0.952 | 0.017 | 0.972 | |
| read_gmt | 0.914 | 0.003 | 0.918 | |
| sample_annot | 0.003 | 0.003 | 0.006 | |
| sample_annotation | 0.022 | 0.003 | 0.025 | |
| save_plots | 0.038 | 0.001 | 0.039 | |
| select_genes | 0.281 | 0.012 | 0.294 | |
| show_plot | 0.189 | 0.003 | 0.192 | |
| write_files | 0.759 | 0.018 | 0.778 | |