Back to the "Multiple platform build/check report"
| Package 68/234 | Hostname | OS | Arch | BUILD | CHECK | BUILD BIN | 
| explorase 1.2.0 Michael Lawrence Last Changed Date: 2007-10-02 17:41:09 -0700 Last Changed Rev: 27709  | lamb1 | Linux (SUSE 10.1) | x86_64 | OK | OK | |
| wellington | Linux (SUSE 9.2) | i686 | N O T S U P P O R T E D | |||
| liverpool | Windows Server 2003 R2 (32-bit) | x64 | ERROR | skipped | skipped | |
| pitt | Mac OS X (10.4.10) | i386 | OK | [ WARNINGS ] | OK | |
| Package: explorase | 
| Version: 1.2.0 | 
| Command: /Library/Frameworks/R.framework/Resources/bin/R CMD check explorase_1.2.0.tar.gz | 
| RetCode: 0 | 
| Time: 56.4 seconds | 
| Status: WARNINGS | 
| CheckDir: explorase.Rcheck | 
| Warnings: 1 | 
* checking for working latex ... OK * using log directory '/Users/biocbuild/bbs-2.1-bioc/meat/explorase.Rcheck' * using R version 2.6.0 (2007-10-03) * checking for file 'explorase/DESCRIPTION' ... OK * this is package 'explorase' version '1.2.0' * checking package name space information ... OK * checking package dependencies ... OK * checking if this is a source package ... OK * checking whether package 'explorase' can be installed ... WARNING Found the following significant warnings: Warning: Your rggobi (2.1.7) is newer than your ggobi version (2.1.6). Please try to update your ggobi. See '/Users/biocbuild/bbs-2.1-bioc/meat/explorase.Rcheck/00install.out' for details. * checking package directory ... OK * checking for portable file names ... OK * checking for sufficient/correct file permissions ... OK * checking DESCRIPTION meta-information ... OK * checking top-level files ... OK * checking index information ... OK * checking package subdirectories ... OK * checking R files for non-ASCII characters ... OK * checking R files for syntax errors ... OK * checking whether the package can be loaded ... OK * checking whether the package can be loaded with stated dependencies ... OK * checking whether the name space can be loaded with stated dependencies ... OK * checking for unstated dependencies in R code ... OK * checking S3 generic/method consistency ... OK * checking replacement functions ... OK * checking foreign function calls ... OK * checking R code for possible problems ... OK * checking Rd files ... OK * checking Rd cross-references ... OK * checking for missing documentation entries ... OK * checking for code/documentation mismatches ... OK * checking Rd \usage sections ... OK * creating explorase-Ex.R ... OK * checking examples ... OK * checking package vignettes in 'inst/doc' ... OK * creating explorase-manual.tex ... OK * checking explorase-manual.tex ... OK WARNING: There was 1 warning, see /Users/biocbuild/bbs-2.1-bioc/meat/explorase.Rcheck/00check.log for details
explorase.Rcheck/00install.out:
* Installing *source* package 'explorase' ...
** R
** inst
** preparing package for lazy loading
Loading required package: rggobi
Loading required package: RGtk2
Warning: Your rggobi (2.1.7) is newer than your ggobi version (2.1.6). Please try to update your ggobi.
Loading required package: limma
** help
 >>> Building/Updating help pages for package 'explorase'
     Formats: text html latex example 
  exp-addEntityType-vx              text    html    latex   example
  exp-addFilterRule-rn              text    html    latex   example
  exp-calcAngleDist-31              text    html    latex   example
  exp-calcCanberraDist              text    html    latex   example
  exp-calcCorrelationDist-45        text    html    latex   example
  exp-calcDiff-y4                   text    html    latex   example
  exp-calcEuclideanDist-dn          text    html    latex   example
  exp-calcMahalanobisDist-r1        text    html    latex   example
  exp-calcResiduals-ps              text    html    latex   example
  exp-calcZeroCorDist-by            text    html    latex   example
  exp-close                         text    html    latex
  exp-colorEntities-1h              text    html    latex   example
  exp-dataset-6l                    text    html    latex   example
  exp-designFactors-72              text    html    latex   example
  exp-designFrame-d0                text    html    latex   example
  exp-designSelection-5s            text    html    latex   example
  exp-entitiesInList-df             text    html    latex   example
  exp-entityFrame-4j                text    html    latex   example
  exp-entitySelection-11            text    html    latex   example
  exp-entityType-69                 text    html    latex   example
  exp-entityTypes-9e                text    html    latex   example
  exp-filterRules-vt                text    html    latex   example
  exp-findPatterns-yw               text    html    latex   example
  exp-ggobi-69                      text    html    latex   example
  exp-isRunning-fo                  text    html    latex   example
  exp-listFrame-gp                  text    html    latex   example
  exp-listSelection                 text    html    latex   example
  exp-loadData-bo                   text    html    latex   example
  exp-loadDesign-35                 text    html    latex   example
  exp-loadFiles-1w                  text    html    latex   example
  exp-loadInfo-gk                   text    html    latex   example
  exp-loadLists-pr                  text    html    latex   example
  exp-loadProject-1g                text    html    latex   example
  exp-newList-bs                    text    html    latex   example
  exp-removeFilterRules-1i          text    html    latex   example
  exp-showClustering-b7             text    html    latex   example
  exp-showPatterns-bh               text    html    latex   example
  exp-showResults-sk                text    html    latex   example
  exp-toggleFilterRules-ts          text    html    latex   example
  explorase                         text    html    latex
** building package indices ...
* DONE (explorase)