Back to the "Multiple platform build/check report"
| Package 108/214 | Hostname | OS | Arch | BUILD | CHECK | BUILD BIN |
LMGene1.6.0John TillinghastLast Changed Date: 2007-04-24 11:21:48 -0700 Last Changed Rev: 24214 | lamb1 | Linux (SUSE 10.1) | x86_64 | OK | WARNINGS | |
| wellington | Linux (SUSE 9.2) | i686 | OK | WARNINGS | ||
| churchill | Solaris 2.9 | sparc | OK | WARNINGS | ||
| lemming | Windows Server 2003 (32-bit) | x64 | OK | [ WARNINGS ] | OK | |
| liverpool | Windows Server 2003 R2 (32-bit) | x64 | OK | WARNINGS | OK | |
| derby | Mac OS X (10.4.9) | i686 | OK | WARNINGS |
| Package: LMGene |
| Version: 1.6.0 |
| Command: D:\biocbld\bbs-2.0-bioc\R\bin\R.exe CMD check LMGene_1.6.0.tar.gz |
| RetCode: 0 |
| Time: 508.4 seconds |
| Status: WARNINGS |
| CheckDir: LMGene.Rcheck |
| Warnings: 1 |
* checking for working latex ... OK * using log directory 'D:/biocbld/bbs-2.0-bioc/meat/LMGene.Rcheck' * using R version 2.5.0 (2007-04-23) * checking for file 'LMGene/DESCRIPTION' ... OK * this is package 'LMGene' version '1.6.0' * checking package dependencies ... OK * checking if this is a source package ... OK * checking whether package 'LMGene' can be installed ... OK * checking package directory ... OK * checking for portable file names ... OK * checking DESCRIPTION meta-information ... OK * checking top-level files ... OK * checking index information ... OK * checking package subdirectories ... OK * checking R files for non-ASCII characters ... OK * checking R files for syntax errors ... OK * checking whether the package can be loaded ... OK * checking whether the package can be loaded with stated dependencies ... OK * checking for unstated dependencies in R code ... OK * checking S3 generic/method consistency ... OK * checking replacement functions ... OK * checking foreign function calls ... OK * checking R code for possible problems ... OK * checking Rd files ... OK * checking Rd cross-references ... OK * checking for missing documentation entries ... WARNING Undocumented code objects: GetLMObj lnormeS msecalcmult tranestmult transeS Undocumented data sets: sample.eS sample.ind sample.mat All user-level objects in a package should have documentation entries. See the chapter 'Writing R documentation files' in manual 'Writing R Extensions'. * checking for code/documentation mismatches ... OK * checking Rd \usage sections ... OK * checking data for non-ASCII characters ... OK * creating LMGene-Ex.R ... OK * checking examples ... OK * checking package vignettes in 'inst/doc' ... OK * creating LMGene-manual.tex ... OK * checking LMGene-manual.tex ... OK WARNING: There was 1 warning, see D:/biocbld/bbs-2.0-bioc/meat/LMGene.Rcheck/00check.log for details
LMGene.Rcheck/00install.out:
installing R.css in D:/biocbld/bbs-2.0-bioc/meat/LMGene.Rcheck
---------- Making package LMGene ------------
adding build stamp to DESCRIPTION
installing R files
installing inst files
installing data files
installing man source files
installing indices
not zipping data
installing help
>>> Building/Updating help pages for package 'LMGene'
Formats: text html latex example chm
LMGene text html latex example chm
genediff text html latex example chm
glog text html latex example chm
jggrad2 text html latex example chm
jglog text html latex example chm
lnorm text html latex example chm
mlm2lm text html latex example chm
msa text html latex example chm
msecalc text html latex example chm
neweS text html latex example chm
norm text html latex example chm
pvadjust text html latex example chm
rowaov text html latex example chm
rowlist text html latex example chm
tranest text html latex example chm
tranest2 text html latex example chm
vlist text html latex example chm
Microsoft HTML Help Compiler 4.74.8702
Compiling d:\biocbld\bbs-2.0-bioc\meat\LMGene.Rcheck\00_pkg_src\LMGene\chm\LMGene.chm
Compile time: 0 minutes, 0 seconds
18 Topics
74 Local links
16 Internet links
1 Graphic
Created d:\biocbld\bbs-2.0-bioc\meat\LMGene.Rcheck\00_pkg_src\LMGene\chm\LMGene.chm, 31,903 bytes
Compression decreased file by 23,544 bytes.
adding MD5 sums
* DONE (LMGene)