Back to Long Tests report for BioC 3.22

This page was generated on 2025-11-22 23:55 -0500 (Sat, 22 Nov 2025).

HostnameOSArch (*)R versionInstalled pkgs
nebbiolo2Linux (Ubuntu 24.04.3 LTS)x86_644.5.2 (2025-10-31) -- "[Not] Part in a Rumble" 4873
merida1macOS 12.7.6 Montereyx86_644.5.2 Patched (2025-11-05 r88990) -- "[Not] Part in a Rumble" 4654
Click on any hostname to see more info about the system (e.g. compilers)      (*) as reported by 'uname -p', except on Windows and Mac OS X

Package 26/31HostnameOS / ArchCHECK
MungeSumstats 1.18.0  (landing page)
Alan Murphy
Snapshot Date: 2025-11-22 09:55 -0500 (Sat, 22 Nov 2025)
git_url: https://git.bioconductor.org/packages/MungeSumstats
git_branch: RELEASE_3_22
git_last_commit: e2c1431
git_last_commit_date: 2025-10-29 11:08:14 -0500 (Wed, 29 Oct 2025)
nebbiolo2Linux (Ubuntu 24.04.3 LTS) / x86_64  ERROR  
merida1macOS 12.7.6 Monterey / x86_64  ERROR  


CHECK results for MungeSumstats on nebbiolo2

To the developers/maintainers of the MungeSumstats package:
- Use the following Renviron settings to reproduce errors and warnings.
- If 'R CMD check' started to fail recently on the Linux builder(s) over a missing dependency, add the missing dependency to 'Suggests:' in your DESCRIPTION file. See Renviron.bioc for more information.

raw results


Summary

Package: MungeSumstats
Version: 1.18.0
Command: /home/biocbuild/bbs-3.22-bioc/R/bin/R CMD check --test-dir=longtests --no-stop-on-test-error --no-codoc --no-examples --no-manual --ignore-vignettes --check-subdirs=no MungeSumstats_1.18.0.tar.gz
StartedAt: 2025-11-22 16:21:44 -0500 (Sat, 22 Nov 2025)
EndedAt: 2025-11-22 16:21:50 -0500 (Sat, 22 Nov 2025)
EllapsedTime: 6.0 seconds
RetCode: 1
Status:   ERROR  
CheckDir: MungeSumstats.Rcheck
Warnings: NA

Tests output


'R CMD check' output

##############################################################################
##############################################################################
###
### Running command:
###
###   /home/biocbuild/bbs-3.22-bioc/R/bin/R CMD check --test-dir=longtests --no-stop-on-test-error --no-codoc --no-examples --no-manual --ignore-vignettes --check-subdirs=no MungeSumstats_1.18.0.tar.gz
###
##############################################################################
##############################################################################


* using log directory ‘/home/biocbuild/bbs-3.22-bioc-longtests/meat/MungeSumstats.Rcheck’
* using R version 4.5.2 (2025-10-31)
* using platform: x86_64-pc-linux-gnu
* R was compiled by
    gcc (Ubuntu 13.3.0-6ubuntu2~24.04) 13.3.0
    GNU Fortran (Ubuntu 13.3.0-6ubuntu2~24.04) 13.3.0
* running under: Ubuntu 24.04.3 LTS
* using session charset: UTF-8
* using options ‘--no-codoc --no-examples --no-manual --ignore-vignettes --no-stop-on-test-error’
* checking for file ‘MungeSumstats/DESCRIPTION’ ... OK
* checking extension type ... Package
* this is package ‘MungeSumstats’ version ‘1.18.0’
* package encoding: UTF-8
* checking package namespace information ... OK
* checking package dependencies ... ERROR
Packages suggested but not available:
  'SNPlocs.Hsapiens.dbSNP155.GRCh37',
  'SNPlocs.Hsapiens.dbSNP155.GRCh38'

The suggested packages are required for a complete check.
Checking can be attempted without them by setting the environment
variable _R_CHECK_FORCE_SUGGESTS_ to a false value.

See section ‘The DESCRIPTION file’ in the ‘Writing R Extensions’
manual.
* DONE

Status: 1 ERROR
See
  ‘/home/biocbuild/bbs-3.22-bioc-longtests/meat/MungeSumstats.Rcheck/00check.log’
for details.


Installation output