| Back to Multiple platform build/check report for BioC 3.21: simplified long |
|
This page was generated on 2025-04-22 13:17 -0400 (Tue, 22 Apr 2025).
| Hostname | OS | Arch (*) | R version | Installed pkgs |
|---|---|---|---|---|
| nebbiolo1 | Linux (Ubuntu 24.04.1 LTS) | x86_64 | 4.5.0 RC (2025-04-04 r88126) -- "How About a Twenty-Six" | 4831 |
| palomino7 | Windows Server 2022 Datacenter | x64 | 4.5.0 RC (2025-04-04 r88126 ucrt) -- "How About a Twenty-Six" | 4573 |
| lconway | macOS 12.7.1 Monterey | x86_64 | 4.5.0 RC (2025-04-04 r88126) -- "How About a Twenty-Six" | 4599 |
| kjohnson3 | macOS 13.7.1 Ventura | arm64 | 4.5.0 RC (2025-04-04 r88126) -- "How About a Twenty-Six" | 4553 |
| kunpeng2 | Linux (openEuler 24.03 LTS) | aarch64 | R Under development (unstable) (2025-02-19 r87757) -- "Unsuffered Consequences" | 4570 |
| Click on any hostname to see more info about the system (e.g. compilers) (*) as reported by 'uname -p', except on Windows and Mac OS X | ||||
| Package 2275/2341 | Hostname | OS / Arch | INSTALL | BUILD | CHECK | BUILD BIN | ||||||||
| universalmotif 1.26.1 (landing page) Benjamin Jean-Marie Tremblay
| nebbiolo1 | Linux (Ubuntu 24.04.1 LTS) / x86_64 | OK | ERROR | skipped | |||||||||
| palomino7 | Windows Server 2022 Datacenter / x64 | OK | ERROR | skipped | skipped | |||||||||
| lconway | macOS 12.7.1 Monterey / x86_64 | OK | ERROR | skipped | skipped | |||||||||
| kjohnson3 | macOS 13.7.1 Ventura / arm64 | OK | ERROR | skipped | skipped | |||||||||
| kunpeng2 | Linux (openEuler 24.03 LTS) / aarch64 | OK | ERROR | skipped | ||||||||||
|
To the developers/maintainers of the universalmotif package: - Allow up to 24 hours (and sometimes 48 hours) for your latest push to git@git.bioconductor.org:packages/universalmotif.git to reflect on this report. See Troubleshooting Build Report for more information. - Use the following Renviron settings to reproduce errors and warnings. - If 'R CMD check' started to fail recently on the Linux builder(s) over a missing dependency, add the missing dependency to 'Suggests:' in your DESCRIPTION file. See Renviron.bioc for more information. |
| Package: universalmotif |
| Version: 1.26.1 |
| Command: /Library/Frameworks/R.framework/Resources/bin/R CMD build --keep-empty-dirs --no-resave-data universalmotif |
| StartedAt: 2025-04-21 18:48:28 -0400 (Mon, 21 Apr 2025) |
| EndedAt: 2025-04-21 18:51:54 -0400 (Mon, 21 Apr 2025) |
| EllapsedTime: 206.5 seconds |
| RetCode: 1 |
| Status: ERROR |
| PackageFile: None |
| PackageFileSize: NA |
##############################################################################
##############################################################################
###
### Running command:
###
### /Library/Frameworks/R.framework/Resources/bin/R CMD build --keep-empty-dirs --no-resave-data universalmotif
###
##############################################################################
##############################################################################
* checking for file ‘universalmotif/DESCRIPTION’ ... OK
* preparing ‘universalmotif’:
* checking DESCRIPTION meta-information ... OK
* cleaning src
* installing the package to build vignettes
* creating vignettes ... ERROR
--- re-building ‘Introduction.Rmd’ using rmarkdown
--- finished re-building ‘Introduction.Rmd’
--- re-building ‘IntroductionToSequenceMotifs.Rmd’ using rmarkdown
--- finished re-building ‘IntroductionToSequenceMotifs.Rmd’
--- re-building ‘MotifComparisonAndPvalues.Rmd’ using rmarkdown
Quitting from MotifComparisonAndPvalues.Rmd:239-271 [unnamed-chunk-4]
~~~~~~~~~~~~~~~~~~~~~~~~~~~~~~~~~~~~~~~~~~~~~~~~~~~~~~~~~~~~~~~~~~~~~~~~~~~~~~~~
<error/rlang_error>
Error in `view_motifs_prep()`:
! unused argument (flip.neg = flip.neg)
---
Backtrace:
x
1. \-universalmotif::view_motifs(motifs)
~~~~~~~~~~~~~~~~~~~~~~~~~~~~~~~~~~~~~~~~~~~~~~~~~~~~~~~~~~~~~~~~~~~~~~~~~~~~~~~~
Error: processing vignette 'MotifComparisonAndPvalues.Rmd' failed with diagnostics:
unused argument (flip.neg = flip.neg)
--- failed re-building ‘MotifComparisonAndPvalues.Rmd’
--- re-building ‘MotifManipulation.Rmd’ using rmarkdown
Quitting from MotifManipulation.Rmd:199-208 [unnamed-chunk-10]
~~~~~~~~~~~~~~~~~~~~~~~~~~~~~~~~~~~~~~~~~~~~~~~~~~~~~~~~~~~~~~~~~~~~~~~~~~~~~~~~
<error/rlang_error>
Error in `view_motifs_prep()`:
! unused argument (flip.neg = flip.neg)
---
Backtrace:
x
1. \-universalmotif::view_motifs(...)
~~~~~~~~~~~~~~~~~~~~~~~~~~~~~~~~~~~~~~~~~~~~~~~~~~~~~~~~~~~~~~~~~~~~~~~~~~~~~~~~
Error: processing vignette 'MotifManipulation.Rmd' failed with diagnostics:
unused argument (flip.neg = flip.neg)
--- failed re-building ‘MotifManipulation.Rmd’
--- re-building ‘SequenceSearches.Rmd’ using rmarkdown
--- finished re-building ‘SequenceSearches.Rmd’
SUMMARY: processing the following files failed:
‘MotifComparisonAndPvalues.Rmd’ ‘MotifManipulation.Rmd’
Error: Vignette re-building failed.
Execution halted