Back to Multiple platform build/check report for BioC 3.22:   simplified   long
ABCDEFGHIJKLMNOPQRS[T]UVWXYZ

This page was generated on 2025-11-20 12:07 -0500 (Thu, 20 Nov 2025).

HostnameOSArch (*)R versionInstalled pkgs
nebbiolo2Linux (Ubuntu 24.04.3 LTS)x86_644.5.2 (2025-10-31) -- "[Not] Part in a Rumble" 4615
merida1macOS 12.7.6 Montereyx86_644.5.2 Patched (2025-11-05 r88990) -- "[Not] Part in a Rumble" 4610
kjohnson1macOS 13.7.5 Venturaarm644.5.2 Patched (2025-11-04 r88984) -- "[Not] Part in a Rumble" 4598
taishanLinux (openEuler 24.03 LTS)aarch644.5.0 (2025-04-11) -- "How About a Twenty-Six" 4668
Click on any hostname to see more info about the system (e.g. compilers)      (*) as reported by 'uname -p', except on Windows and Mac OS X

Package 2244/2361HostnameOS / ArchINSTALLBUILDCHECKBUILD BIN
tradeSeq 1.24.0  (landing page)
Hector Roux de Bezieux
Snapshot Date: 2025-11-17 13:45 -0500 (Mon, 17 Nov 2025)
git_url: https://git.bioconductor.org/packages/tradeSeq
git_branch: RELEASE_3_22
git_last_commit: 7eea99e
git_last_commit_date: 2025-10-29 10:55:42 -0500 (Wed, 29 Oct 2025)
nebbiolo2Linux (Ubuntu 24.04.3 LTS) / x86_64  OK    OK    OK  UNNEEDED, same version is already published
merida1macOS 12.7.6 Monterey / x86_64  OK    OK    OK    OK  UNNEEDED, same version is already published
kjohnson1macOS 13.7.5 Ventura / arm64  OK    ERROR  skippedskipped
taishanLinux (openEuler 24.03 LTS) / aarch64  OK    OK    NA  


BUILD results for tradeSeq on kjohnson1

To the developers/maintainers of the tradeSeq package:
- Allow up to 24 hours (and sometimes 48 hours) for your latest push to git@git.bioconductor.org:packages/tradeSeq.git to reflect on this report. See Troubleshooting Build Report for more information.
- Use the following Renviron settings to reproduce errors and warnings.
- If 'R CMD check' started to fail recently on the Linux builder(s) over a missing dependency, add the missing dependency to 'Suggests:' in your DESCRIPTION file. See Renviron.bioc for more information.

raw results


Summary

Package: tradeSeq
Version: 1.24.0
Command: /Library/Frameworks/R.framework/Resources/bin/R CMD build --keep-empty-dirs --no-resave-data tradeSeq
StartedAt: 2025-11-18 01:55:26 -0500 (Tue, 18 Nov 2025)
EndedAt: 2025-11-18 01:58:03 -0500 (Tue, 18 Nov 2025)
EllapsedTime: 156.3 seconds
RetCode: 1
Status:   ERROR  
PackageFile: None
PackageFileSize: NA

Command output

##############################################################################
##############################################################################
###
### Running command:
###
###   /Library/Frameworks/R.framework/Resources/bin/R CMD build --keep-empty-dirs --no-resave-data tradeSeq
###
##############################################################################
##############################################################################


* checking for file ‘tradeSeq/DESCRIPTION’ ... OK
* preparing ‘tradeSeq’:
* checking DESCRIPTION meta-information ... OK
* installing the package to build vignettes
* creating vignettes ... ERROR
--- re-building ‘Monocle.Rmd’ using rmarkdown
--- finished re-building ‘Monocle.Rmd’

--- re-building ‘fitGAM.Rmd’ using rmarkdown
2025-11-18 01:55:48.343 R[3504:5581950] XType: Using static font registry.

Quitting from fitGAM.Rmd:152-159 [unnamed-chunk-8]
~~~~~~~~~~~~~~~~~~~~~~~~~~~~~~~~~~~~~~~~~~~~~~~~~~~~~~~~~~~~~~~~~~~~~~~~~~~~~~~~
<error/rlang_error>
Error in `reducer$value.cache[[as.character(idx)]] <- values`:
! wrong args for environment subassignment
---
Backtrace:
     ▆
  1. ├─tradeSeq::fitGAM(...)
  2. └─tradeSeq::fitGAM(...)
  3.   └─tradeSeq (local) .local(counts, ...)
  4.     └─tradeSeq:::.fitGAM(...)
  5.       ├─BiocParallel::bplapply(...)
  6.       └─BiocParallel::bplapply(...)
  7.         └─BiocParallel:::.bpinit(...)
  8.           ├─BiocParallel::bploop(...)
  9.           └─BiocParallel:::bploop.lapply(...)
 10.             └─BiocParallel:::.bploop_impl(...)
 11.               └─BiocParallel:::.collect_result(manager, reducer, progress, BPPARAM)
 12.                 ├─BiocParallel:::.reducer_add(reducer, njob, value)
 13.                 └─BiocParallel:::.reducer_add(reducer, njob, value)
~~~~~~~~~~~~~~~~~~~~~~~~~~~~~~~~~~~~~~~~~~~~~~~~~~~~~~~~~~~~~~~~~~~~~~~~~~~~~~~~

Error: processing vignette 'fitGAM.Rmd' failed with diagnostics:
wrong args for environment subassignment
--- failed re-building ‘fitGAM.Rmd’

--- re-building ‘multipleConditions.Rmd’ using rmarkdown
--- finished re-building ‘multipleConditions.Rmd’

--- re-building ‘tradeSeq.Rmd’ using rmarkdown
--- finished re-building ‘tradeSeq.Rmd’

SUMMARY: processing the following file failed:
  ‘fitGAM.Rmd’

Error: Vignette re-building failed.
Execution halted