| Back to Multiple platform build/check report for BioC 3.21: simplified long | 
 | 
This page was generated on 2025-10-16 11:38 -0400 (Thu, 16 Oct 2025).
| Hostname | OS | Arch (*) | R version | Installed pkgs | 
|---|---|---|---|---|
| nebbiolo1 | Linux (Ubuntu 24.04.3 LTS) | x86_64 | 4.5.1 (2025-06-13) -- "Great Square Root" | 4833 | 
| merida1 | macOS 12.7.6 Monterey | x86_64 | 4.5.1 RC (2025-06-05 r88288) -- "Great Square Root" | 4614 | 
| kjohnson1 | macOS 13.7.5 Ventura | arm64 | 4.5.1 Patched (2025-06-14 r88325) -- "Great Square Root" | 4555 | 
| kunpeng2 | Linux (openEuler 24.03 LTS) | aarch64 | R Under development (unstable) (2025-02-19 r87757) -- "Unsuffered Consequences" | 4586 | 
| Click on any hostname to see more info about the system (e.g. compilers) (*) as reported by 'uname -p', except on Windows and Mac OS X | ||||
| Package 2099/2341 | Hostname | OS / Arch | INSTALL | BUILD | CHECK | BUILD BIN | ||||||||
| srnadiff 1.28.0  (landing page) Zytnicki Matthias 
 | nebbiolo1 | Linux (Ubuntu 24.04.3 LTS) / x86_64 | OK | OK | WARNINGS |  | ||||||||
| merida1 | macOS 12.7.6 Monterey / x86_64 | OK | OK | WARNINGS | OK |  | ||||||||
| kjohnson1 | macOS 13.7.5 Ventura / arm64 | OK | OK | WARNINGS | OK |  | ||||||||
| kunpeng2 | Linux (openEuler 24.03 LTS) / aarch64 | OK | OK | WARNINGS | ||||||||||
| To the developers/maintainers of the srnadiff package: - Allow up to 24 hours (and sometimes 48 hours) for your latest push to git@git.bioconductor.org:packages/srnadiff.git to reflect on this report. See Troubleshooting Build Report for more information. - Use the following Renviron settings to reproduce errors and warnings. - If 'R CMD check' started to fail recently on the Linux builder(s) over a missing dependency, add the missing dependency to 'Suggests:' in your DESCRIPTION file. See Renviron.bioc for more information. | 
| Package: srnadiff | 
| Version: 1.28.0 | 
| Command: /home/biocbuild/bbs-3.21-bioc/R/bin/R CMD check --install=check:srnadiff.install-out.txt --library=/home/biocbuild/bbs-3.21-bioc/R/site-library --timings srnadiff_1.28.0.tar.gz | 
| StartedAt: 2025-10-16 04:06:22 -0400 (Thu, 16 Oct 2025) | 
| EndedAt: 2025-10-16 04:15:41 -0400 (Thu, 16 Oct 2025) | 
| EllapsedTime: 558.7 seconds | 
| RetCode: 0 | 
| Status: WARNINGS | 
| CheckDir: srnadiff.Rcheck | 
| Warnings: 1 | 
##############################################################################
##############################################################################
###
### Running command:
###
###   /home/biocbuild/bbs-3.21-bioc/R/bin/R CMD check --install=check:srnadiff.install-out.txt --library=/home/biocbuild/bbs-3.21-bioc/R/site-library --timings srnadiff_1.28.0.tar.gz
###
##############################################################################
##############################################################################
* using log directory ‘/home/biocbuild/bbs-3.21-bioc/meat/srnadiff.Rcheck’
* using R version 4.5.1 (2025-06-13)
* using platform: x86_64-pc-linux-gnu
* R was compiled by
    gcc (Ubuntu 13.3.0-6ubuntu2~24.04) 13.3.0
    GNU Fortran (Ubuntu 13.3.0-6ubuntu2~24.04) 13.3.0
* running under: Ubuntu 24.04.3 LTS
* using session charset: UTF-8
* checking for file ‘srnadiff/DESCRIPTION’ ... OK
* checking extension type ... Package
* this is package ‘srnadiff’ version ‘1.28.0’
* package encoding: UTF-8
* checking package namespace information ... OK
* checking package dependencies ... OK
* checking if this is a source package ... OK
* checking if there is a namespace ... OK
* checking for hidden files and directories ... OK
* checking for portable file names ... OK
* checking for sufficient/correct file permissions ... OK
* checking whether package ‘srnadiff’ can be installed ... WARNING
Found the following significant warnings:
  Warning: replacing previous import 'IRanges::window<-' by 'stats::window<-' when loading 'srnadiff'
  Warning: replacing previous import 'S4Vectors::cor' by 'stats::cor' when loading 'srnadiff'
  Warning: replacing previous import 'S4Vectors::cov' by 'stats::cov' when loading 'srnadiff'
  Warning: replacing previous import 'rtracklayer::start' by 'stats::start' when loading 'srnadiff'
  Warning: replacing previous import 'S4Vectors::window' by 'stats::window' when loading 'srnadiff'
  Warning: replacing previous import 'IRanges::quantile' by 'stats::quantile' when loading 'srnadiff'
  Warning: replacing previous import 'S4Vectors::complete.cases' by 'stats::complete.cases' when loading 'srnadiff'
  Warning: replacing previous import 'rtracklayer::offset' by 'stats::offset' when loading 'srnadiff'
  Warning: replacing previous import 'rtracklayer::end' by 'stats::end' when loading 'srnadiff'
  Warning: replacing previous import 'IRanges::IQR' by 'stats::IQR' when loading 'srnadiff'
  Warning: replacing previous import 'S4Vectors::var' by 'stats::var' when loading 'srnadiff'
  Warning: replacing previous import 'S4Vectors::xtabs' by 'stats::xtabs' when loading 'srnadiff'
  Warning: replacing previous import 'IRanges::median' by 'stats::median' when loading 'srnadiff'
  Warning: replacing previous import 'S4Vectors::aggregate' by 'stats::aggregate' when loading 'srnadiff'
  Warning: replacing previous import 'S4Vectors::na.omit' by 'stats::na.omit' when loading 'srnadiff'
  Warning: replacing previous import 'S4Vectors::sd' by 'stats::sd' when loading 'srnadiff'
  Warning: replacing previous import 'IRanges::smoothEnds' by 'stats::smoothEnds' when loading 'srnadiff'
  Warning: replacing previous import 'S4Vectors::na.exclude' by 'stats::na.exclude' when loading 'srnadiff'
  Warning: replacing previous import 'IRanges::runmed' by 'stats::runmed' when loading 'srnadiff'
  Warning: replacing previous import 'IRanges::mad' by 'stats::mad' when loading 'srnadiff'
  Warning: replacing previous import 'GenomicRanges::update' by 'stats::update' when loading 'srnadiff'
See ‘/home/biocbuild/bbs-3.21-bioc/meat/srnadiff.Rcheck/00install.out’ for details.
* used C compiler: ‘gcc (Ubuntu 13.3.0-6ubuntu2~24.04) 13.3.0’
* used C++ compiler: ‘g++ (Ubuntu 13.3.0-6ubuntu2~24.04) 13.3.0’
* checking C++ specification ... NOTE
  Specified C++11: please drop specification unless essential
* checking installed package size ... OK
* checking package directory ... OK
* checking ‘build’ directory ... OK
* checking DESCRIPTION meta-information ... NOTE
Packages listed in more than one of Depends, Imports, Suggests, Enhances:
  ‘BiocManager’ ‘BiocStyle’
A package should be listed in only one of these fields.
* checking top-level files ... OK
* checking for left-over files ... OK
* checking index information ... OK
* checking package subdirectories ... OK
* checking code files for non-ASCII characters ... OK
* checking R files for syntax errors ... OK
* checking whether the package can be loaded ... OK
* checking whether the package can be loaded with stated dependencies ... OK
* checking whether the package can be unloaded cleanly ... OK
* checking whether the namespace can be loaded with stated dependencies ... OK
* checking whether the namespace can be unloaded cleanly ... OK
* checking loading without being on the library search path ... OK
* checking dependencies in R code ... OK
* checking S3 generic/method consistency ... OK
* checking replacement functions ... OK
* checking foreign function calls ... OK
* checking R code for possible problems ... OK
* checking Rd files ... OK
* checking Rd metadata ... OK
* checking Rd cross-references ... NOTE
Found the following Rd file(s) with Rd \link{} targets missing package
anchors:
  plotRegions.Rd: GenomeAxisTrack, GeneRegionTrack, AnnotationTrack,
    DataTrack
Please provide package anchors for all Rd \link{} targets not in the
package itself and the base packages.
* checking for missing documentation entries ... OK
* checking for code/documentation mismatches ... OK
* checking Rd \usage sections ... OK
* checking Rd contents ... OK
* checking for unstated dependencies in examples ... OK
* checking line endings in C/C++/Fortran sources/headers ... OK
* checking compiled code ... NOTE
Note: information on .o files is not available
* checking files in ‘vignettes’ ... OK
* checking examples ... OK
Examples with CPU (user + system) or elapsed time > 5s
                            user system elapsed
plotRegions               12.511  2.332  13.820
countMatrix               11.485  1.539  12.200
parameters                10.245  2.130  10.567
regions                    5.071  1.097   5.285
srnadiff                   4.917  1.249   5.260
srnadiffDefaultParameters  4.745  1.284   5.183
* checking for unstated dependencies in ‘tests’ ... OK
* checking tests ...
  Running ‘testthat.R’
 OK
* checking for unstated dependencies in vignettes ... OK
* checking package vignettes ... OK
* checking re-building of vignette outputs ... OK
* checking PDF version of manual ... OK
* DONE
Status: 1 WARNING, 4 NOTEs
See
  ‘/home/biocbuild/bbs-3.21-bioc/meat/srnadiff.Rcheck/00check.log’
for details.
srnadiff.Rcheck/00install.out
############################################################################## ############################################################################## ### ### Running command: ### ### /home/biocbuild/bbs-3.21-bioc/R/bin/R CMD INSTALL srnadiff ### ############################################################################## ############################################################################## * installing to library ‘/home/biocbuild/bbs-3.21-bioc/R/site-library’ * installing *source* package ‘srnadiff’ ... ** this is package ‘srnadiff’ version ‘1.28.0’ ** using staged installation ** libs using C compiler: ‘gcc (Ubuntu 13.3.0-6ubuntu2~24.04) 13.3.0’ using C++ compiler: ‘g++ (Ubuntu 13.3.0-6ubuntu2~24.04) 13.3.0’ using C++11 g++ -std=gnu++11 -I"/home/biocbuild/bbs-3.21-bioc/R/include" -DNDEBUG -I'/home/biocbuild/bbs-3.21-bioc/R/site-library/Rcpp/include' -I/usr/local/include -fpic -g -O2 -Wall -Werror=format-security -c RcppExports.cpp -o RcppExports.o g++ -std=gnu++11 -I"/home/biocbuild/bbs-3.21-bioc/R/include" -DNDEBUG -I'/home/biocbuild/bbs-3.21-bioc/R/site-library/Rcpp/include' -I/usr/local/include -fpic -g -O2 -Wall -Werror=format-security -c rcpp_hmm.cpp -o rcpp_hmm.o g++ -std=gnu++11 -I"/home/biocbuild/bbs-3.21-bioc/R/include" -DNDEBUG -I'/home/biocbuild/bbs-3.21-bioc/R/site-library/Rcpp/include' -I/usr/local/include -fpic -g -O2 -Wall -Werror=format-security -c rcpp_ir.cpp -o rcpp_ir.o g++ -std=gnu++11 -I"/home/biocbuild/bbs-3.21-bioc/R/include" -DNDEBUG -I'/home/biocbuild/bbs-3.21-bioc/R/site-library/Rcpp/include' -I/usr/local/include -fpic -g -O2 -Wall -Werror=format-security -c rcpp_main.cpp -o rcpp_main.o g++ -std=gnu++11 -I"/home/biocbuild/bbs-3.21-bioc/R/include" -DNDEBUG -I'/home/biocbuild/bbs-3.21-bioc/R/site-library/Rcpp/include' -I/usr/local/include -fpic -g -O2 -Wall -Werror=format-security -c rcpp_utils.cpp -o rcpp_utils.o gcc -std=gnu2x -I"/home/biocbuild/bbs-3.21-bioc/R/include" -DNDEBUG -I'/home/biocbuild/bbs-3.21-bioc/R/site-library/Rcpp/include' -I/usr/local/include -fpic -g -O2 -Wall -Werror=format-security -c srnadiff_init.c -o srnadiff_init.o g++ -std=gnu++11 -shared -L/home/biocbuild/bbs-3.21-bioc/R/lib -L/usr/local/lib -o srnadiff.so RcppExports.o rcpp_hmm.o rcpp_ir.o rcpp_main.o rcpp_utils.o srnadiff_init.o -L/home/biocbuild/bbs-3.21-bioc/R/lib -lR installing to /home/biocbuild/bbs-3.21-bioc/R/site-library/00LOCK-srnadiff/00new/srnadiff/libs ** R ** inst ** byte-compile and prepare package for lazy loading Warning: replacing previous import 'IRanges::window<-' by 'stats::window<-' when loading 'srnadiff' Warning: replacing previous import 'S4Vectors::cor' by 'stats::cor' when loading 'srnadiff' Warning: replacing previous import 'S4Vectors::cov' by 'stats::cov' when loading 'srnadiff' Warning: replacing previous import 'rtracklayer::start' by 'stats::start' when loading 'srnadiff' Warning: replacing previous import 'S4Vectors::window' by 'stats::window' when loading 'srnadiff' Warning: replacing previous import 'IRanges::quantile' by 'stats::quantile' when loading 'srnadiff' Warning: replacing previous import 'S4Vectors::complete.cases' by 'stats::complete.cases' when loading 'srnadiff' Warning: replacing previous import 'rtracklayer::offset' by 'stats::offset' when loading 'srnadiff' Warning: replacing previous import 'rtracklayer::end' by 'stats::end' when loading 'srnadiff' Warning: replacing previous import 'IRanges::IQR' by 'stats::IQR' when loading 'srnadiff' Warning: replacing previous import 'S4Vectors::var' by 'stats::var' when loading 'srnadiff' Warning: replacing previous import 'S4Vectors::xtabs' by 'stats::xtabs' when loading 'srnadiff' Warning: replacing previous import 'IRanges::median' by 'stats::median' when loading 'srnadiff' Warning: replacing previous import 'S4Vectors::aggregate' by 'stats::aggregate' when loading 'srnadiff' Warning: replacing previous import 'S4Vectors::na.omit' by 'stats::na.omit' when loading 'srnadiff' Warning: replacing previous import 'S4Vectors::sd' by 'stats::sd' when loading 'srnadiff' Warning: replacing previous import 'IRanges::smoothEnds' by 'stats::smoothEnds' when loading 'srnadiff' Warning: replacing previous import 'S4Vectors::na.exclude' by 'stats::na.exclude' when loading 'srnadiff' Warning: replacing previous import 'IRanges::runmed' by 'stats::runmed' when loading 'srnadiff' Warning: replacing previous import 'IRanges::mad' by 'stats::mad' when loading 'srnadiff' Warning: replacing previous import 'GenomicRanges::update' by 'stats::update' when loading 'srnadiff' ** help *** installing help indices ** building package indices ** installing vignettes ** testing if installed package can be loaded from temporary location Warning: replacing previous import 'IRanges::window<-' by 'stats::window<-' when loading 'srnadiff' Warning: replacing previous import 'S4Vectors::cor' by 'stats::cor' when loading 'srnadiff' Warning: replacing previous import 'S4Vectors::cov' by 'stats::cov' when loading 'srnadiff' Warning: replacing previous import 'rtracklayer::start' by 'stats::start' when loading 'srnadiff' Warning: replacing previous import 'S4Vectors::window' by 'stats::window' when loading 'srnadiff' Warning: replacing previous import 'IRanges::quantile' by 'stats::quantile' when loading 'srnadiff' Warning: replacing previous import 'S4Vectors::complete.cases' by 'stats::complete.cases' when loading 'srnadiff' Warning: replacing previous import 'rtracklayer::offset' by 'stats::offset' when loading 'srnadiff' Warning: replacing previous import 'rtracklayer::end' by 'stats::end' when loading 'srnadiff' Warning: replacing previous import 'IRanges::IQR' by 'stats::IQR' when loading 'srnadiff' Warning: replacing previous import 'S4Vectors::var' by 'stats::var' when loading 'srnadiff' Warning: replacing previous import 'S4Vectors::xtabs' by 'stats::xtabs' when loading 'srnadiff' Warning: replacing previous import 'IRanges::median' by 'stats::median' when loading 'srnadiff' Warning: replacing previous import 'S4Vectors::aggregate' by 'stats::aggregate' when loading 'srnadiff' Warning: replacing previous import 'S4Vectors::na.omit' by 'stats::na.omit' when loading 'srnadiff' Warning: replacing previous import 'S4Vectors::sd' by 'stats::sd' when loading 'srnadiff' Warning: replacing previous import 'IRanges::smoothEnds' by 'stats::smoothEnds' when loading 'srnadiff' Warning: replacing previous import 'S4Vectors::na.exclude' by 'stats::na.exclude' when loading 'srnadiff' Warning: replacing previous import 'IRanges::runmed' by 'stats::runmed' when loading 'srnadiff' Warning: replacing previous import 'IRanges::mad' by 'stats::mad' when loading 'srnadiff' Warning: replacing previous import 'GenomicRanges::update' by 'stats::update' when loading 'srnadiff' ** checking absolute paths in shared objects and dynamic libraries ** testing if installed package can be loaded from final location Warning: replacing previous import 'IRanges::window<-' by 'stats::window<-' when loading 'srnadiff' Warning: replacing previous import 'S4Vectors::cor' by 'stats::cor' when loading 'srnadiff' Warning: replacing previous import 'S4Vectors::cov' by 'stats::cov' when loading 'srnadiff' Warning: replacing previous import 'rtracklayer::start' by 'stats::start' when loading 'srnadiff' Warning: replacing previous import 'S4Vectors::window' by 'stats::window' when loading 'srnadiff' Warning: replacing previous import 'IRanges::quantile' by 'stats::quantile' when loading 'srnadiff' Warning: replacing previous import 'S4Vectors::complete.cases' by 'stats::complete.cases' when loading 'srnadiff' Warning: replacing previous import 'rtracklayer::offset' by 'stats::offset' when loading 'srnadiff' Warning: replacing previous import 'rtracklayer::end' by 'stats::end' when loading 'srnadiff' Warning: replacing previous import 'IRanges::IQR' by 'stats::IQR' when loading 'srnadiff' Warning: replacing previous import 'S4Vectors::var' by 'stats::var' when loading 'srnadiff' Warning: replacing previous import 'S4Vectors::xtabs' by 'stats::xtabs' when loading 'srnadiff' Warning: replacing previous import 'IRanges::median' by 'stats::median' when loading 'srnadiff' Warning: replacing previous import 'S4Vectors::aggregate' by 'stats::aggregate' when loading 'srnadiff' Warning: replacing previous import 'S4Vectors::na.omit' by 'stats::na.omit' when loading 'srnadiff' Warning: replacing previous import 'S4Vectors::sd' by 'stats::sd' when loading 'srnadiff' Warning: replacing previous import 'IRanges::smoothEnds' by 'stats::smoothEnds' when loading 'srnadiff' Warning: replacing previous import 'S4Vectors::na.exclude' by 'stats::na.exclude' when loading 'srnadiff' Warning: replacing previous import 'IRanges::runmed' by 'stats::runmed' when loading 'srnadiff' Warning: replacing previous import 'IRanges::mad' by 'stats::mad' when loading 'srnadiff' Warning: replacing previous import 'GenomicRanges::update' by 'stats::update' when loading 'srnadiff' ** testing if installed package keeps a record of temporary installation path * DONE (srnadiff)
srnadiff.Rcheck/tests/testthat.Rout
R version 4.5.1 (2025-06-13) -- "Great Square Root"
Copyright (C) 2025 The R Foundation for Statistical Computing
Platform: x86_64-pc-linux-gnu
R is free software and comes with ABSOLUTELY NO WARRANTY.
You are welcome to redistribute it under certain conditions.
Type 'license()' or 'licence()' for distribution details.
R is a collaborative project with many contributors.
Type 'contributors()' for more information and
'citation()' on how to cite R or R packages in publications.
Type 'demo()' for some demos, 'help()' for on-line help, or
'help.start()' for an HTML browser interface to help.
Type 'q()' to quit R.
> library(Rcpp)
> library(testthat)
> library(srnadiff)
There were 21 warnings (use warnings() to see them)
> 
> test_check("srnadiff")
[ FAIL 0 | WARN 0 | SKIP 0 | PASS 33 ]
> 
> proc.time()
   user  system elapsed 
 99.554  17.578 105.108 
srnadiff.Rcheck/srnadiff-Ex.timings
| name | user | system | elapsed | |
| annotReg | 0.121 | 0.009 | 0.134 | |
| bamFiles | 0.181 | 0.018 | 0.199 | |
| chromosomeSizes | 0.043 | 0.000 | 0.043 | |
| countMatrix | 11.485 | 1.539 | 12.200 | |
| coverages | 0.075 | 0.001 | 0.076 | |
| normFactors | 0.040 | 0.001 | 0.040 | |
| parameters | 10.245 | 2.130 | 10.567 | |
| plotRegions | 12.511 | 2.332 | 13.820 | |
| readAnnotation | 1.083 | 0.072 | 1.156 | |
| regions | 5.071 | 1.097 | 5.285 | |
| sampleInfo | 0.040 | 0.009 | 0.050 | |
| srnadiff | 4.917 | 1.249 | 5.260 | |
| srnadiffDefaultParameters | 4.745 | 1.284 | 5.183 | |
| srnadiffExample | 0.044 | 0.004 | 0.049 | |
| srnadiffExp | 1.266 | 0.099 | 1.368 | |