| Back to Multiple platform build/check report for BioC 3.21: simplified long |
|
This page was generated on 2025-04-22 13:17 -0400 (Tue, 22 Apr 2025).
| Hostname | OS | Arch (*) | R version | Installed pkgs |
|---|---|---|---|---|
| nebbiolo1 | Linux (Ubuntu 24.04.1 LTS) | x86_64 | 4.5.0 RC (2025-04-04 r88126) -- "How About a Twenty-Six" | 4831 |
| palomino7 | Windows Server 2022 Datacenter | x64 | 4.5.0 RC (2025-04-04 r88126 ucrt) -- "How About a Twenty-Six" | 4573 |
| lconway | macOS 12.7.1 Monterey | x86_64 | 4.5.0 RC (2025-04-04 r88126) -- "How About a Twenty-Six" | 4599 |
| kjohnson3 | macOS 13.7.1 Ventura | arm64 | 4.5.0 RC (2025-04-04 r88126) -- "How About a Twenty-Six" | 4553 |
| kunpeng2 | Linux (openEuler 24.03 LTS) | aarch64 | R Under development (unstable) (2025-02-19 r87757) -- "Unsuffered Consequences" | 4570 |
| Click on any hostname to see more info about the system (e.g. compilers) (*) as reported by 'uname -p', except on Windows and Mac OS X | ||||
| Package 1961/2341 | Hostname | OS / Arch | INSTALL | BUILD | CHECK | BUILD BIN | ||||||||
| seqArchRplus 1.8.0 (landing page) Sarvesh Nikumbh
| nebbiolo1 | Linux (Ubuntu 24.04.1 LTS) / x86_64 | OK | OK | WARNINGS | |||||||||
| palomino7 | Windows Server 2022 Datacenter / x64 | OK | OK | WARNINGS | OK | |||||||||
| lconway | macOS 12.7.1 Monterey / x86_64 | OK | OK | WARNINGS | OK | |||||||||
| kjohnson3 | macOS 13.7.1 Ventura / arm64 | OK | OK | WARNINGS | OK | |||||||||
| kunpeng2 | Linux (openEuler 24.03 LTS) / aarch64 | OK | OK | WARNINGS | ||||||||||
|
To the developers/maintainers of the seqArchRplus package: - Allow up to 24 hours (and sometimes 48 hours) for your latest push to git@git.bioconductor.org:packages/seqArchRplus.git to reflect on this report. See Troubleshooting Build Report for more information. - Use the following Renviron settings to reproduce errors and warnings. - If 'R CMD check' started to fail recently on the Linux builder(s) over a missing dependency, add the missing dependency to 'Suggests:' in your DESCRIPTION file. See Renviron.bioc for more information. |
| Package: seqArchRplus |
| Version: 1.8.0 |
| Command: /Library/Frameworks/R.framework/Resources/bin/R CMD check --install=check:seqArchRplus.install-out.txt --library=/Library/Frameworks/R.framework/Resources/library --no-vignettes --timings seqArchRplus_1.8.0.tar.gz |
| StartedAt: 2025-04-21 23:30:22 -0400 (Mon, 21 Apr 2025) |
| EndedAt: 2025-04-21 23:35:47 -0400 (Mon, 21 Apr 2025) |
| EllapsedTime: 324.8 seconds |
| RetCode: 0 |
| Status: WARNINGS |
| CheckDir: seqArchRplus.Rcheck |
| Warnings: 1 |
##############################################################################
##############################################################################
###
### Running command:
###
### /Library/Frameworks/R.framework/Resources/bin/R CMD check --install=check:seqArchRplus.install-out.txt --library=/Library/Frameworks/R.framework/Resources/library --no-vignettes --timings seqArchRplus_1.8.0.tar.gz
###
##############################################################################
##############################################################################
* using log directory ‘/Users/biocbuild/bbs-3.21-bioc/meat/seqArchRplus.Rcheck’
* using R version 4.5.0 RC (2025-04-04 r88126)
* using platform: x86_64-apple-darwin20
* R was compiled by
Apple clang version 14.0.0 (clang-1400.0.29.202)
GNU Fortran (GCC) 14.2.0
* running under: macOS Monterey 12.7.6
* using session charset: UTF-8
* using option ‘--no-vignettes’
* checking for file ‘seqArchRplus/DESCRIPTION’ ... OK
* checking extension type ... Package
* this is package ‘seqArchRplus’ version ‘1.8.0’
* package encoding: UTF-8
* checking package namespace information ... OK
* checking package dependencies ... OK
* checking if this is a source package ... OK
* checking if there is a namespace ... OK
* checking for hidden files and directories ... OK
* checking for portable file names ... OK
* checking for sufficient/correct file permissions ... OK
* checking whether package ‘seqArchRplus’ can be installed ... OK
* checking installed package size ... OK
* checking package directory ... OK
* checking ‘build’ directory ... OK
* checking DESCRIPTION meta-information ... OK
* checking top-level files ... OK
* checking for left-over files ... OK
* checking index information ... OK
* checking package subdirectories ... OK
* checking code files for non-ASCII characters ... OK
* checking R files for syntax errors ... OK
* checking whether the package can be loaded ... OK
* checking whether the package can be loaded with stated dependencies ... OK
* checking whether the package can be unloaded cleanly ... OK
* checking whether the namespace can be loaded with stated dependencies ... OK
* checking whether the namespace can be unloaded cleanly ... OK
* checking whether startup messages can be suppressed ... OK
* checking dependencies in R code ... OK
* checking S3 generic/method consistency ... OK
* checking replacement functions ... OK
* checking foreign function calls ... OK
* checking R code for possible problems ... OK
* checking Rd files ... OK
* checking Rd metadata ... OK
* checking Rd cross-references ... WARNING
Missing link(s) in Rd file 'generate_all_plots.Rd':
‘[CAGEr]{clusterCTSS}’
Non-topic package-anchored link(s) in Rd file 'handle_tc_from_cage.Rd':
‘[CAGEr]{tagClusters}’
Non-topic package-anchored link(s) in Rd file 'per_cluster_annotations.Rd':
‘[CAGEr]{tagClusters}’
Non-topic package-anchored link(s) in Rd file 'per_cluster_go_term_enrichments.Rd':
‘[CAGEr]{tagClusters}’
See section 'Cross-references' in the 'Writing R Extensions' manual.
Found the following Rd file(s) with Rd \link{} targets missing package
anchors:
seqArchRplus.Rd: prepare_data_from_FASTA, get_one_hot_encoded_seqs,
plot_arch_for_clusters, plot_ggseqlogo_of_seqs, viz_bas_vec,
viz_seqs_acgt_mat, viz_pwm
Please provide package anchors for all Rd \link{} targets not in the
package itself and the base packages.
* checking for missing documentation entries ... OK
* checking for code/documentation mismatches ... OK
* checking Rd \usage sections ... OK
* checking Rd contents ... OK
* checking for unstated dependencies in examples ... OK
* checking files in ‘vignettes’ ... OK
* checking examples ... OK
Examples with CPU (user + system) or elapsed time > 5s
user system elapsed
per_cluster_go_term_enrichments 54.067 3.069 57.752
generate_all_plots 40.445 2.370 43.499
per_cluster_annotations 9.718 0.256 10.052
curate_clusters 8.275 0.267 8.596
plot_motif_heatmaps2 4.856 0.252 5.145
* checking for unstated dependencies in vignettes ... OK
* checking package vignettes ... OK
* checking running R code from vignettes ... SKIPPED
* checking re-building of vignette outputs ... SKIPPED
* checking PDF version of manual ... OK
* DONE
Status: 1 WARNING
See
‘/Users/biocbuild/bbs-3.21-bioc/meat/seqArchRplus.Rcheck/00check.log’
for details.
seqArchRplus.Rcheck/00install.out
############################################################################## ############################################################################## ### ### Running command: ### ### /Library/Frameworks/R.framework/Resources/bin/R CMD INSTALL seqArchRplus ### ############################################################################## ############################################################################## * installing to library ‘/Library/Frameworks/R.framework/Versions/4.5-x86_64/Resources/library’ * installing *source* package ‘seqArchRplus’ ... ** this is package ‘seqArchRplus’ version ‘1.8.0’ ** using staged installation ** R ** inst ** byte-compile and prepare package for lazy loading ** help *** installing help indices ** building package indices ** installing vignettes ** testing if installed package can be loaded from temporary location ** testing if installed package can be loaded from final location ** testing if installed package keeps a record of temporary installation path * DONE (seqArchRplus)
seqArchRplus.Rcheck/seqArchRplus-Ex.timings
| name | user | system | elapsed | |
| curate_clusters | 8.275 | 0.267 | 8.596 | |
| generate_all_plots | 40.445 | 2.370 | 43.499 | |
| generate_html_report | 0.011 | 0.001 | 0.011 | |
| handle_tc_from_cage | 0.765 | 0.157 | 0.989 | |
| iqw_tpm_plots | 0.541 | 0.037 | 0.582 | |
| order_clusters_iqw | 0.020 | 0.004 | 0.023 | |
| per_cluster_annotations | 9.718 | 0.256 | 10.052 | |
| per_cluster_go_term_enrichments | 54.067 | 3.069 | 57.752 | |
| per_cluster_seqlogos | 3.480 | 0.113 | 3.623 | |
| per_cluster_strand_dist | 0.907 | 0.013 | 0.925 | |
| plot_motif_heatmaps | 1.028 | 0.091 | 1.133 | |
| plot_motif_heatmaps2 | 4.856 | 0.252 | 5.145 | |
| seqs_acgt_image | 0.301 | 0.010 | 0.313 | |
| write_seqArchR_cluster_track_bed | 0.045 | 0.006 | 0.051 | |