Back to Multiple platform build/check report for BioC 3.21:   simplified   long
ABCDEFGHIJKLMNOPQR[S]TUVWXYZ

This page was generated on 2025-10-16 11:41 -0400 (Thu, 16 Oct 2025).

HostnameOSArch (*)R versionInstalled pkgs
nebbiolo1Linux (Ubuntu 24.04.3 LTS)x86_644.5.1 (2025-06-13) -- "Great Square Root" 4833
merida1macOS 12.7.6 Montereyx86_644.5.1 RC (2025-06-05 r88288) -- "Great Square Root" 4614
kjohnson1macOS 13.7.5 Venturaarm644.5.1 Patched (2025-06-14 r88325) -- "Great Square Root" 4555
kunpeng2Linux (openEuler 24.03 LTS)aarch64R Under development (unstable) (2025-02-19 r87757) -- "Unsuffered Consequences" 4586
Click on any hostname to see more info about the system (e.g. compilers)      (*) as reported by 'uname -p', except on Windows and Mac OS X

Package 1961/2341HostnameOS / ArchINSTALLBUILDCHECKBUILD BIN
seqArchRplus 1.8.0  (landing page)
Sarvesh Nikumbh
Snapshot Date: 2025-10-13 13:40 -0400 (Mon, 13 Oct 2025)
git_url: https://git.bioconductor.org/packages/seqArchRplus
git_branch: RELEASE_3_21
git_last_commit: 2d77bcc
git_last_commit_date: 2025-04-15 13:00:25 -0400 (Tue, 15 Apr 2025)
nebbiolo1Linux (Ubuntu 24.04.3 LTS) / x86_64  OK    OK    ERROR  
merida1macOS 12.7.6 Monterey / x86_64  OK    OK    ERROR    OK  
kjohnson1macOS 13.7.5 Ventura / arm64  OK    OK    ERROR    OK  
kunpeng2Linux (openEuler 24.03 LTS) / aarch64  OK    OK    WARNINGS  


CHECK results for seqArchRplus on kunpeng2

To the developers/maintainers of the seqArchRplus package:
- Allow up to 24 hours (and sometimes 48 hours) for your latest push to git@git.bioconductor.org:packages/seqArchRplus.git to reflect on this report. See Troubleshooting Build Report for more information.
- Use the following Renviron settings to reproduce errors and warnings.
- If 'R CMD check' started to fail recently on the Linux builder(s) over a missing dependency, add the missing dependency to 'Suggests:' in your DESCRIPTION file. See Renviron.bioc for more information.
- See Martin Grigorov's blog post for how to debug Linux ARM64 related issues on a x86_64 host.

raw results


Summary

Package: seqArchRplus
Version: 1.8.0
Command: /home/biocbuild/R/R/bin/R CMD check --install=check:seqArchRplus.install-out.txt --library=/home/biocbuild/R/R/site-library --no-vignettes --timings seqArchRplus_1.8.0.tar.gz
StartedAt: 2025-10-14 14:09:29 -0000 (Tue, 14 Oct 2025)
EndedAt: 2025-10-14 14:17:23 -0000 (Tue, 14 Oct 2025)
EllapsedTime: 473.7 seconds
RetCode: 0
Status:   WARNINGS  
CheckDir: seqArchRplus.Rcheck
Warnings: 1

Command output

##############################################################################
##############################################################################
###
### Running command:
###
###   /home/biocbuild/R/R/bin/R CMD check --install=check:seqArchRplus.install-out.txt --library=/home/biocbuild/R/R/site-library --no-vignettes --timings seqArchRplus_1.8.0.tar.gz
###
##############################################################################
##############################################################################


* using log directory ‘/home/biocbuild/bbs-3.21-bioc/meat/seqArchRplus.Rcheck’
* using R Under development (unstable) (2025-02-19 r87757)
* using platform: aarch64-unknown-linux-gnu
* R was compiled by
    aarch64-unknown-linux-gnu-gcc (GCC) 14.2.0
    GNU Fortran (GCC) 14.2.0
* running under: openEuler 24.03 (LTS-SP1)
* using session charset: UTF-8
* using option ‘--no-vignettes’
* checking for file ‘seqArchRplus/DESCRIPTION’ ... OK
* checking extension type ... Package
* this is package ‘seqArchRplus’ version ‘1.8.0’
* package encoding: UTF-8
* checking package namespace information ... OK
* checking package dependencies ... OK
* checking if this is a source package ... OK
* checking if there is a namespace ... OK
* checking for hidden files and directories ... OK
* checking for portable file names ... OK
* checking for sufficient/correct file permissions ... OK
* checking whether package ‘seqArchRplus’ can be installed ... OK
* checking installed package size ... OK
* checking package directory ... OK
* checking ‘build’ directory ... OK
* checking DESCRIPTION meta-information ... OK
* checking top-level files ... OK
* checking for left-over files ... OK
* checking index information ... OK
* checking package subdirectories ... OK
* checking code files for non-ASCII characters ... OK
* checking R files for syntax errors ... OK
* checking whether the package can be loaded ... OK
* checking whether the package can be loaded with stated dependencies ... OK
* checking whether the package can be unloaded cleanly ... OK
* checking whether the namespace can be loaded with stated dependencies ... OK
* checking whether the namespace can be unloaded cleanly ... OK
* checking loading without being on the library search path ... OK
* checking whether startup messages can be suppressed ... OK
* checking dependencies in R code ... OK
* checking S3 generic/method consistency ... OK
* checking replacement functions ... OK
* checking foreign function calls ... OK
* checking R code for possible problems ... OK
* checking Rd files ... OK
* checking Rd metadata ... OK
* checking Rd cross-references ... WARNING
Missing link(s) in Rd file 'generate_all_plots.Rd':
  ‘[CAGEr]{clusterCTSS}’

Non-topic package-anchored link(s) in Rd file 'handle_tc_from_cage.Rd':
  ‘[CAGEr]{tagClusters}’

Non-topic package-anchored link(s) in Rd file 'per_cluster_annotations.Rd':
  ‘[CAGEr]{tagClusters}’

Non-topic package-anchored link(s) in Rd file 'per_cluster_go_term_enrichments.Rd':
  ‘[CAGEr]{tagClusters}’

See section 'Cross-references' in the 'Writing R Extensions' manual.

Found the following Rd file(s) with Rd \link{} targets missing package
anchors:
  seqArchRplus.Rd: prepare_data_from_FASTA, get_one_hot_encoded_seqs,
    plot_arch_for_clusters, plot_ggseqlogo_of_seqs, viz_bas_vec,
    viz_seqs_acgt_mat, viz_pwm
Please provide package anchors for all Rd \link{} targets not in the
package itself and the base packages.
* checking for missing documentation entries ... OK
* checking for code/documentation mismatches ... OK
* checking Rd \usage sections ... OK
* checking Rd contents ... OK
* checking for unstated dependencies in examples ... OK
* checking files in ‘vignettes’ ... OK
* checking examples ... OK
Examples with CPU (user + system) or elapsed time > 5s
                                  user system elapsed
per_cluster_go_term_enrichments 65.287  0.787  77.660
generate_all_plots              59.787  1.168  71.506
curate_clusters                 15.990  0.455  18.186
per_cluster_annotations         12.385  0.086  14.791
plot_motif_heatmaps2             9.288  0.271  11.451
* checking for unstated dependencies in vignettes ... OK
* checking package vignettes ... OK
* checking running R code from vignettes ... SKIPPED
* checking re-building of vignette outputs ... SKIPPED
* checking PDF version of manual ... OK
* DONE

Status: 1 WARNING
See
  ‘/home/biocbuild/bbs-3.21-bioc/meat/seqArchRplus.Rcheck/00check.log’
for details.


Installation output

seqArchRplus.Rcheck/00install.out

##############################################################################
##############################################################################
###
### Running command:
###
###   /home/biocbuild/R/R/bin/R CMD INSTALL seqArchRplus
###
##############################################################################
##############################################################################


* installing to library ‘/home/biocbuild/R/R-devel_2025-02-19/site-library’
* installing *source* package ‘seqArchRplus’ ...
** this is package ‘seqArchRplus’ version ‘1.8.0’
** using staged installation
** R
** inst
** byte-compile and prepare package for lazy loading
** help
*** installing help indices
** building package indices
** installing vignettes
** testing if installed package can be loaded from temporary location
** testing if installed package can be loaded from final location
** testing if installed package keeps a record of temporary installation path
* DONE (seqArchRplus)

Tests output


Example timings

seqArchRplus.Rcheck/seqArchRplus-Ex.timings

nameusersystemelapsed
curate_clusters15.990 0.45518.186
generate_all_plots59.787 1.16871.506
generate_html_report0.0070.0000.014
handle_tc_from_cage0.9330.1153.249
iqw_tpm_plots1.1850.0361.271
order_clusters_iqw0.0210.0000.023
per_cluster_annotations12.385 0.08614.791
per_cluster_go_term_enrichments65.287 0.78777.660
per_cluster_seqlogos3.6860.0564.150
per_cluster_strand_dist2.1700.0032.464
plot_motif_heatmaps1.8810.0201.906
plot_motif_heatmaps2 9.288 0.27111.451
seqs_acgt_image0.3090.0040.313
write_seqArchR_cluster_track_bed0.0450.0040.050